{"id":14871,"date":"2019-05-29T01:14:29","date_gmt":"2019-05-29T04:14:29","guid":{"rendered":"https:\/\/adalgisaalmeida.com.br\/site\/?post_type=tribe_events&#038;p=14871"},"modified":"2020-01-05T14:50:36","modified_gmt":"2020-01-05T17:50:36","slug":"faca-e-venda-de-pascoa","status":"publish","type":"tribe_events","link":"https:\/\/adalgisaalmeida.com.br\/site\/event\/faca-e-venda-de-pascoa\/","title":{"rendered":"Curso de Confeitaria &#8211; Fa\u00e7a e Venda ou Presenteie nesta P\u00e1scoa"},"content":{"rendered":"<h1>Curso de Confeitaria &#8211; Fa\u00e7a e Venda ou Presenteie nesta P\u00e1scoa<\/h1>\n<p>Ana Costa profissional paulistana com 15 anos de experi\u00eancia na \u00e1rea de confeitaria preparou\u00a0pra voc\u00ea uma aula voltada para o Fa\u00e7a e Venda mais doce e lucrativo do ano para as<br \/>\nconfeiteiras que \u00e9 a P\u00e1scoa.<\/p>\n<p>CONTE\u00daDO:<br \/>\n.T\u00e9cnica de Preparo em massas;<br \/>\n.T\u00e9cnicas para preparo de recheios para que os mesmos durem mais sem a\u00e7\u00facar;<br \/>\n.Dicas de transporte, embalagens simples e personalizadas e c\u00e1lculo de pre\u00e7o.<br \/>\n.Receitas que ser\u00e3o ensinadas em sala de aula<\/p>\n<ul>\n<li style=\"text-align: left;\">P\u00e3o de Mel cl\u00e1ssico com recheio de Doce de leite e Damascos<\/li>\n<li style=\"text-align: left;\">Bem P\u00e1scoa (t\u00e9cnica do bem casado pingado com casquinha)<\/li>\n<li style=\"text-align: left;\">Ovo de Biscoito lindo para atender a\u00a0clientela que n\u00e3o gosta de chocolate<\/li>\n<li>Receita B\u00d4NUS: Bolo de Cenoura com Coelho embutido<\/li>\n<\/ul>\n<p>METODOLOGIA:<br \/>\nO curso ser\u00e1 demonstrativo de forma extremamente did\u00e1tica, para que todos os alunos tenham\u00a0o m\u00e1ximo de aproveitamento.<\/p>\n<p>Faremos todas as massas e recheios em sala de aula e todos os produtos que ser\u00e3o feitos em sala de aula, ser\u00e3o degustados ao final da aula.<\/p>\n<p>O curso inclui\u00a0apostila em cores e certificado.<\/p>\n<p>Requisito: idade m\u00ednima de 16 anos<br \/>\nCarga Hor\u00e1ria: 4 horas<br \/>\nN\u00famero de vagas: 18<br \/>\nP\u00fablico alvo: p\u00fablico geral interessado<br \/>\nProfessora: Ana Costa<br \/>\nRealiza\u00e7\u00e3o: 13 de Fevereiro de 2020, de 13:30 \u00e0s 17:30 horas<\/p>\n<p>INVESTIMENTO:<br \/>\n3 x R$55 ou quase 10% de desconto \u00e0 vista com pagamento por dep\u00f3sito ou transfer\u00eancia banc\u00e1ria R$150,00<\/p>\n<p>Para se inscrever, entre em contato conosco pelo e-mail\u00a0cursos@adalgisaalmeida.com.br<br \/>\nou pela central de inscri\u00e7\u00f5es no telefone (31)3344-8373 ou pelo Whatsapp (31)9 8878-0836<\/p>\n<p>&nbsp;<\/p>\n","protected":false},"excerpt":{"rendered":"<p>Curso de Confeitaria &#8211; Fa\u00e7a e Venda ou Presenteie nesta P\u00e1scoa Ana Costa profissional paulistana com 15 anos de experi\u00eancia na \u00e1rea de confeitaria preparou\u00a0pra voc\u00ea uma aula voltada para [&hellip;]<\/p>\n","protected":false},"author":4,"featured_media":15008,"comment_status":"closed","ping_status":"closed","template":"","meta":{"_tribe_events_status":"","_tribe_events_status_reason":"","footnotes":""},"tags":[],"tribe_events_cat":[],"class_list":["post-14871","tribe_events","type-tribe_events","status-publish","hentry"],"_links":{"self":[{"href":"https:\/\/adalgisaalmeida.com.br\/site\/wp-json\/wp\/v2\/tribe_events\/14871","targetHints":{"allow":["GET"]}}],"collection":[{"href":"https:\/\/adalgisaalmeida.com.br\/site\/wp-json\/wp\/v2\/tribe_events"}],"about":[{"href":"https:\/\/adalgisaalmeida.com.br\/site\/wp-json\/wp\/v2\/types\/tribe_events"}],"author":[{"embeddable":true,"href":"https:\/\/adalgisaalmeida.com.br\/site\/wp-json\/wp\/v2\/users\/4"}],"replies":[{"embeddable":true,"href":"https:\/\/adalgisaalmeida.com.br\/site\/wp-json\/wp\/v2\/comments?post=14871"}],"version-history":[{"count":6,"href":"https:\/\/adalgisaalmeida.com.br\/site\/wp-json\/wp\/v2\/tribe_events\/14871\/revisions"}],"predecessor-version":[{"id":15009,"href":"https:\/\/adalgisaalmeida.com.br\/site\/wp-json\/wp\/v2\/tribe_events\/14871\/revisions\/15009"}],"wp:featuredmedia":[{"embeddable":true,"href":"https:\/\/adalgisaalmeida.com.br\/site\/wp-json\/wp\/v2\/media\/15008"}],"wp:attachment":[{"href":"https:\/\/adalgisaalmeida.com.br\/site\/wp-json\/wp\/v2\/media?parent=14871"}],"wp:term":[{"taxonomy":"post_tag","embeddable":true,"href":"https:\/\/adalgisaalmeida.com.br\/site\/wp-json\/wp\/v2\/tags?post=14871"},{"taxonomy":"tribe_events_cat","embeddable":true,"href":"https:\/\/adalgisaalmeida.com.br\/site\/wp-json\/wp\/v2\/tribe_events_cat?post=14871"}],"curies":[{"name":"wp","href":"https:\/\/api.w.org\/{rel}","templated":true}]}}

Curso de Confeitaria &#8211; Faça e Venda ou Presenteie nesta Páscoa

<h1>Curso de Confeitaria &#8211; Faça e Venda ou Presenteie nesta Páscoa</h1>
<p>Ana Costa profissional paulistana com 15 anos de experiência na área de confeitaria preparou pra você uma aula voltada para o Faça e Venda mais doce e lucrativo do ano para as<br />
confeiteiras que é a Páscoa.</p>
<p>CONTEÚDO:<br />
.Técnica de Preparo em massas;<br />
.Técnicas para preparo de recheios para que os mesmos durem mais sem açúcar;<br />
.Dicas de transporte, embalagens simples e personalizadas e cálculo de preço.<br />
.Receitas que serão ensinadas em sala de aula</p>
<ul>
<li style="text-align: left;">Pão de Mel clássico com recheio de Doce de leite e Damascos</li>
<li style="text-align: left;">Bem Páscoa (técnica do bem casado pingado com casquinha)</li>
<li style="text-align: left;">Ovo de Biscoito lindo para atender a clientela que não gosta de chocolate</li>
<li>Receita BÔNUS: Bolo de Cenoura com Coelho embutido</li>
</ul>
<p>METODOLOGIA:<br />
O curso será demonstrativo de forma extremamente didática, para que todos os alunos tenham o máximo de aproveitamento.</p>
<p>Faremos todas as massas e recheios em sala de aula e todos os produtos que serão feitos em sala de aula, serão degustados ao final da aula.</p>
<p>O curso inclui apostila em cores e certificado.</p>
<p>Requisito: idade mínima de 16 anos<br />
Carga Horária: 4 horas<br />
Número de vagas: 18<br />
Público alvo: público geral interessado<br />
Professora: Ana Costa<br />
Realização: 13 de Fevereiro de 2020, de 13:30 às 17:30 horas</p>
<p>INVESTIMENTO:<br />
3 x R$55 ou quase 10% de desconto à vista com pagamento por depósito ou transferência bancária R$150,00</p>
<p>Para se inscrever, entre em contato conosco pelo e-mail cursos@adalgisaalmeida.com.br<br />
ou pela central de inscrições no telefone (31)3344-8373 ou pelo Whatsapp (31)9 8878-0836</p>
<p>&nbsp;</p>

<p>Curso de Confeitaria &#8211; Faça e Venda ou Presenteie nesta Páscoa Ana Costa profissional paulistana com 15 anos de experiência na área de confeitaria preparou pra você uma aula voltada para [&hellip;]</p>
