{"id":14785,"date":"2019-04-21T22:34:32","date_gmt":"2019-04-22T01:34:32","guid":{"rendered":"https:\/\/adalgisaalmeida.com.br\/site\/?post_type=tribe_events&#038;p=14785"},"modified":"2019-04-21T22:36:47","modified_gmt":"2019-04-22T01:36:47","slug":"curso-de-confeitaria-masterclass-de-bolos-de-aniversario-classicos-que-vendem-muito","status":"publish","type":"tribe_events","link":"https:\/\/adalgisaalmeida.com.br\/site\/event\/curso-de-confeitaria-masterclass-de-bolos-de-aniversario-classicos-que-vendem-muito\/","title":{"rendered":"Curso de Confeitaria &#8211; Masterclass de Bolos de Anivers\u00e1rio Cl\u00e1ssicos que vendem muito"},"content":{"rendered":"<h1>Curso de Confeitaria &#8211; Masterclass de Bolos de Anivers\u00e1rio Cl\u00e1ssicos que vendem muito<\/h1>\n<p>A Chef Ana Costa preparou um curso especial que em 7 horas de aula traz t\u00e9cnicas fundamentais para voc\u00ea fazer Bolos Cl\u00e1ssicos e mais vendidos para festas de anivers\u00e1rio.<\/p>\n<p>O curso \u00e9 presencial, demonstrativo, com apostila em cores e certificado.<\/p>\n<h1><span style=\"color: #000000;\"><span style=\"font-family: 'Arial Narrow', sans-serif;\"><span style=\"font-size: medium;\">CONTE\u00daDO:<\/span><\/span><\/span><\/h1>\n<p>Preparo em sala de aula de:<\/p>\n<ul>\n<li>Bolo Brigadeiro Casadinho (coberto com Ganache)<\/li>\n<li>Bolo Cocada Mole com Abacaxi (coberto com marshmallow)<\/li>\n<li>Bolo 5 leites com Morangos (com chantilly de Danoninho)<\/li>\n<li>Bolo Ninho com Nutella (coberto com Chantininho de chocolate)<\/li>\n<li>V\u00e1rios Recheios diferentes e super cremosos e nada enjoativos<\/li>\n<li>Coberturas com Ganache, marshmallow perfeito sem cheiro de ovo, Chantininho, chantilly saborizado e muitas dicas<\/li>\n<\/ul>\n<p>T\u00e9cnicas atuais de decora\u00e7\u00e3o<\/p>\n<p>Como calcular o pre\u00e7o<\/p>\n<p>Durabilidade<\/p>\n<p>Dicas de embalagem e comercializa\u00e7\u00e3o<\/p>\n<p><span style=\"font-family: 'Times New Roman', serif;\"><span style=\"font-size: medium;\"><span style=\"color: #1d2129;\"><span style=\"font-family: 'Arial Narrow', sans-serif;\"><b>METODOLOGIA:<\/b><\/span><\/span><\/span><\/span><\/p>\n<p><span style=\"font-family: 'Times New Roman', serif;\"><span style=\"font-size: medium;\"><span style=\"color: #1d2129;\"><span style=\"font-family: 'Arial Narrow', sans-serif;\">O curso \u00e9 demonstrativo em todas as suas etapas, e se alterna entre a demonstra\u00e7\u00e3o da professora e fundamenta\u00e7\u00e3o te\u00f3rica. Os alunos ser\u00e3o orientados de forma din\u00e2mica nas etapas das aulas, com o objetivo de, ao final do curso, terem aprendido o passo a passo da confec\u00e7\u00e3o, acabamento, decora\u00e7\u00e3o, conserva\u00e7\u00e3o, durabilidade\u00a0 e todas as t\u00e9cnicas que envolvem a capacita\u00e7\u00e3o para tal.<\/span><\/span><\/span><\/span><\/p>\n<p><span style=\"font-family: 'Times New Roman', serif;\"><span style=\"font-size: medium;\"><span style=\"color: #1d2129;\"><span style=\"font-family: 'Arial Narrow', sans-serif;\">Cada aluno degustar\u00e1 uma fatia de cada bolo feito em sala de aula.<\/span><\/span><\/span><\/span><\/p>\n<p><strong><span style=\"color: #000000;\"><span style=\"font-family: 'Arial Narrow', sans-serif;\"><span style=\"font-size: medium;\">INFORMA\u00c7\u00d5ES GERAIS:<\/span><\/span><\/span><\/strong><\/p>\n<p><span style=\"color: #000000;\"><span style=\"font-family: 'Arial Narrow', sans-serif;\"><span style=\"font-size: medium;\">Requisito: idade m\u00ednima de 14 anos<span style=\"color: #1d2129;\">, ter no\u00e7\u00f5es b\u00e1sicas de confeitaria.<br \/>\n<\/span>Carga Hor\u00e1ria: 7 horas.<br \/>\nN\u00famero de vagas: 18<br \/>\nP\u00fablico alvo: p\u00fablico geral interessado. <span style=\"font-family: 'Times New Roman', serif;\"><span style=\"color: #1d2129;\">Quem deseja aprender a fazer bolos de anivers\u00e1rio cl\u00e1ssicos.<\/span><\/span><br \/>\nProfessora: Ana Costa<br \/>\nRealiza\u00e7\u00e3o: dia 08 de maio de 2019, de 09:30 hs \u00e0s 17:30 hs com intervalo para o almo\u00e7o<\/span><\/span><\/span><\/p>\n<p><span style=\"font-family: 'Times New Roman', serif;\"><span style=\"font-size: medium;\"><span style=\"color: #1d2129;\"><span style=\"font-family: 'Arial Narrow', sans-serif;\"><b>INVESTIMENTO: <\/b><\/span><\/span><\/span><\/span><\/p>\n<p><span style=\"color: #1d2129; font-family: 'Arial Narrow', sans-serif; font-size: medium;\">3 X R$92,00 no cart\u00e3o de cr\u00e9dito ou<br \/>\nR$250,00 \u00e0 vista transfer\u00eancia ou dep\u00f3sito banc\u00e1rio<\/span><\/p>\n<p><span style=\"font-family: 'Times New Roman', serif;\"><span style=\"font-size: medium;\"><span style=\"color: #000000;\"><span style=\"font-family: 'Arial Narrow', sans-serif;\">Para se inscrever, entre em contato conosco pelo e-mail <a href=\"mailto:cursos@adalgisaalmeida.com.br\" target=\"_blank\" rel=\"noopener\">cursos@adalgisaalmeida.com.br<\/a><br \/>\nou pela central de inscri\u00e7\u00f5es no telefone (31)3344-8373 ou pelo Whatsapp (31)9 8878-0836 ou (11)98882-5155<\/span><\/span><\/span><\/span><\/p>\n","protected":false},"excerpt":{"rendered":"<p>Curso de Confeitaria &#8211; Masterclass de Bolos de Anivers\u00e1rio Cl\u00e1ssicos que vendem muito A Chef Ana Costa preparou um curso especial que em 7 horas de aula traz t\u00e9cnicas fundamentais [&hellip;]<\/p>\n","protected":false},"author":4,"featured_media":14788,"comment_status":"closed","ping_status":"closed","template":"","meta":{"_tribe_events_status":"","_tribe_events_status_reason":"","footnotes":""},"tags":[],"tribe_events_cat":[],"class_list":["post-14785","tribe_events","type-tribe_events","status-publish","hentry"],"_links":{"self":[{"href":"https:\/\/adalgisaalmeida.com.br\/site\/wp-json\/wp\/v2\/tribe_events\/14785","targetHints":{"allow":["GET"]}}],"collection":[{"href":"https:\/\/adalgisaalmeida.com.br\/site\/wp-json\/wp\/v2\/tribe_events"}],"about":[{"href":"https:\/\/adalgisaalmeida.com.br\/site\/wp-json\/wp\/v2\/types\/tribe_events"}],"author":[{"embeddable":true,"href":"https:\/\/adalgisaalmeida.com.br\/site\/wp-json\/wp\/v2\/users\/4"}],"replies":[{"embeddable":true,"href":"https:\/\/adalgisaalmeida.com.br\/site\/wp-json\/wp\/v2\/comments?post=14785"}],"version-history":[{"count":3,"href":"https:\/\/adalgisaalmeida.com.br\/site\/wp-json\/wp\/v2\/tribe_events\/14785\/revisions"}],"predecessor-version":[{"id":14795,"href":"https:\/\/adalgisaalmeida.com.br\/site\/wp-json\/wp\/v2\/tribe_events\/14785\/revisions\/14795"}],"wp:featuredmedia":[{"embeddable":true,"href":"https:\/\/adalgisaalmeida.com.br\/site\/wp-json\/wp\/v2\/media\/14788"}],"wp:attachment":[{"href":"https:\/\/adalgisaalmeida.com.br\/site\/wp-json\/wp\/v2\/media?parent=14785"}],"wp:term":[{"taxonomy":"post_tag","embeddable":true,"href":"https:\/\/adalgisaalmeida.com.br\/site\/wp-json\/wp\/v2\/tags?post=14785"},{"taxonomy":"tribe_events_cat","embeddable":true,"href":"https:\/\/adalgisaalmeida.com.br\/site\/wp-json\/wp\/v2\/tribe_events_cat?post=14785"}],"curies":[{"name":"wp","href":"https:\/\/api.w.org\/{rel}","templated":true}]}}

Curso de Confeitaria &#8211; Masterclass de Bolos de Aniversário Clássicos que vendem muito

<h1>Curso de Confeitaria &#8211; Masterclass de Bolos de Aniversário Clássicos que vendem muito</h1>
<p>A Chef Ana Costa preparou um curso especial que em 7 horas de aula traz técnicas fundamentais para você fazer Bolos Clássicos e mais vendidos para festas de aniversário.</p>
<p>O curso é presencial, demonstrativo, com apostila em cores e certificado.</p>
<h1><span style="color: #000000;"><span style="font-family: 'Arial Narrow', sans-serif;"><span style="font-size: medium;">CONTEÚDO:</span></span></span></h1>
<p>Preparo em sala de aula de:</p>
<ul>
<li>Bolo Brigadeiro Casadinho (coberto com Ganache)</li>
<li>Bolo Cocada Mole com Abacaxi (coberto com marshmallow)</li>
<li>Bolo 5 leites com Morangos (com chantilly de Danoninho)</li>
<li>Bolo Ninho com Nutella (coberto com Chantininho de chocolate)</li>
<li>Vários Recheios diferentes e super cremosos e nada enjoativos</li>
<li>Coberturas com Ganache, marshmallow perfeito sem cheiro de ovo, Chantininho, chantilly saborizado e muitas dicas</li>
</ul>
<p>Técnicas atuais de decoração</p>
<p>Como calcular o preço</p>
<p>Durabilidade</p>
<p>Dicas de embalagem e comercialização</p>
<p><span style="font-family: 'Times New Roman', serif;"><span style="font-size: medium;"><span style="color: #1d2129;"><span style="font-family: 'Arial Narrow', sans-serif;"><b>METODOLOGIA:</b></span></span></span></span></p>
<p><span style="font-family: 'Times New Roman', serif;"><span style="font-size: medium;"><span style="color: #1d2129;"><span style="font-family: 'Arial Narrow', sans-serif;">O curso é demonstrativo em todas as suas etapas, e se alterna entre a demonstração da professora e fundamentação teórica. Os alunos serão orientados de forma dinâmica nas etapas das aulas, com o objetivo de, ao final do curso, terem aprendido o passo a passo da confecção, acabamento, decoração, conservação, durabilidade  e todas as técnicas que envolvem a capacitação para tal.</span></span></span></span></p>
<p><span style="font-family: 'Times New Roman', serif;"><span style="font-size: medium;"><span style="color: #1d2129;"><span style="font-family: 'Arial Narrow', sans-serif;">Cada aluno degustará uma fatia de cada bolo feito em sala de aula.</span></span></span></span></p>
<p><strong><span style="color: #000000;"><span style="font-family: 'Arial Narrow', sans-serif;"><span style="font-size: medium;">INFORMAÇÕES GERAIS:</span></span></span></strong></p>
<p><span style="color: #000000;"><span style="font-family: 'Arial Narrow', sans-serif;"><span style="font-size: medium;">Requisito: idade mínima de 14 anos<span style="color: #1d2129;">, ter noções básicas de confeitaria.<br />
</span>Carga Horária: 7 horas.<br />
Número de vagas: 18<br />
Público alvo: público geral interessado. <span style="font-family: 'Times New Roman', serif;"><span style="color: #1d2129;">Quem deseja aprender a fazer bolos de aniversário clássicos.</span></span><br />
Professora: Ana Costa<br />
Realização: dia 08 de maio de 2019, de 09:30 hs às 17:30 hs com intervalo para o almoço</span></span></span></p>
<p><span style="font-family: 'Times New Roman', serif;"><span style="font-size: medium;"><span style="color: #1d2129;"><span style="font-family: 'Arial Narrow', sans-serif;"><b>INVESTIMENTO: </b></span></span></span></span></p>
<p><span style="color: #1d2129; font-family: 'Arial Narrow', sans-serif; font-size: medium;">3 X R$92,00 no cartão de crédito ou<br />
R$250,00 à vista transferência ou depósito bancário</span></p>
<p><span style="font-family: 'Times New Roman', serif;"><span style="font-size: medium;"><span style="color: #000000;"><span style="font-family: 'Arial Narrow', sans-serif;">Para se inscrever, entre em contato conosco pelo e-mail <a href="mailto:cursos@adalgisaalmeida.com.br" target="_blank" rel="noopener">cursos@adalgisaalmeida.com.br</a><br />
ou pela central de inscrições no telefone (31)3344-8373 ou pelo Whatsapp (31)9 8878-0836 ou (11)98882-5155</span></span></span></span></p>

<p>Curso de Confeitaria &#8211; Masterclass de Bolos de Aniversário Clássicos que vendem muito A Chef Ana Costa preparou um curso especial que em 7 horas de aula traz técnicas fundamentais [&hellip;]</p>
