{"id":14700,"date":"2019-02-12T21:37:30","date_gmt":"2019-02-13T00:37:30","guid":{"rendered":"https:\/\/adalgisaalmeida.com.br\/site\/?post_type=tribe_events&#038;p=14700"},"modified":"2020-01-19T11:46:15","modified_gmt":"2020-01-19T14:46:15","slug":"curso-jardim-encantado-fernanda-jessica-doce-regalia","status":"publish","type":"tribe_events","link":"https:\/\/adalgisaalmeida.com.br\/site\/event\/curso-jardim-encantado-fernanda-jessica-doce-regalia\/","title":{"rendered":"Curso Jardim Encantado Fernanda J\u00e9ssica (Doce Regalia)"},"content":{"rendered":"<h1>Curso Jardim Encantado<\/h1>\n<p>Fernanda J\u00e9ssica preparou um curso especial que em 9 horas de aula traz t\u00e9cnicas fundamentais para a arte em doces para festas.<\/p>\n<p>O Curso \u00e9 presencial, totalmente pr\u00e1tico, inclui todo o material disponibilizado para a pr\u00e1tica, apostila, certificado e b\u00f4nus de dois modelos de doces.<\/p>\n<p>CONTE\u00daDO:<\/p>\n<p>&#8211; Rosa Modelada<br \/>\n&#8211; Modelagens 2D e 3D<br \/>\n&#8211; Estrutura\u00e7\u00e3o e fixa\u00e7\u00e3o das pe\u00e7as<br \/>\n&#8211; Doces Cen\u00e1rios<br \/>\n&#8211; Dicas para precifica\u00e7\u00e3o, armazenamento e transporte.<br \/>\n&#8211; T\u00e9cnica do Babado com boleador<br \/>\n&#8211; Acabamento artesanal<br \/>\n&#8211; T\u00e9cnica da colagem invis\u00edvel.<br \/>\n&#8211; Manuseio do chocolate de forma art\u00edstica<\/p>\n<p>METODOLOGIA:<\/p>\n<p>O curso \u00e9 pr\u00e1tico com momentos alternados entre a demonstra\u00e7\u00e3o da professora e a fundamenta\u00e7\u00e3o te\u00f3rica. Os alunos ser\u00e3o orientados dinamicamente nas etapas das aulas, com o objetivo de ao final do curso terem aprendido o passo a passo desde o preparo do doce at\u00e9 sua finaliza\u00e7\u00e3o.<\/p>\n<p>Cada aluno decorar\u00e1 e levar\u00e1 para casa seus doces conforme a foto.<\/p>\n<p>INFORMA\u00c7\u00d5ES GERAIS:<\/p>\n<p>Requisito: idade m\u00ednima de 16 anos.<br \/>\nCarga Hor\u00e1ria: 9 horas.<br \/>\nN\u00famero de vagas: 09<br \/>\nP\u00fablico alvo: p\u00fablico geral interessado.<br \/>\nProfessora: Fernanda J\u00e9ssica<br \/>\nRealiza\u00e7\u00e3o: dia 14 de mar\u00e7o de 2019, de 9h \u00e0s 19hs com intervalo para almo\u00e7o<\/p>\n<p>INVESTIMENTO:<\/p>\n<p>R$680,00 em at\u00e9 12x no cart\u00e3o de cr\u00e9dito, COMBO dos dois cursos com desconto super especial por R$1200,00<\/p>\n<p>Para se inscrever, entre em contato pelo Whatsapp (33) 99934-6586<\/p>\n","protected":false},"excerpt":{"rendered":"<p>Curso Jardim Encantado Fernanda J\u00e9ssica preparou um curso especial que em 9 horas de aula traz t\u00e9cnicas fundamentais para a arte em doces para festas. O Curso \u00e9 presencial, totalmente [&hellip;]<\/p>\n","protected":false},"author":4,"featured_media":15025,"comment_status":"closed","ping_status":"closed","template":"","meta":{"_tribe_events_status":"","_tribe_events_status_reason":"","footnotes":""},"tags":[],"tribe_events_cat":[],"class_list":["post-14700","tribe_events","type-tribe_events","status-publish","hentry"],"_links":{"self":[{"href":"https:\/\/adalgisaalmeida.com.br\/site\/wp-json\/wp\/v2\/tribe_events\/14700","targetHints":{"allow":["GET"]}}],"collection":[{"href":"https:\/\/adalgisaalmeida.com.br\/site\/wp-json\/wp\/v2\/tribe_events"}],"about":[{"href":"https:\/\/adalgisaalmeida.com.br\/site\/wp-json\/wp\/v2\/types\/tribe_events"}],"author":[{"embeddable":true,"href":"https:\/\/adalgisaalmeida.com.br\/site\/wp-json\/wp\/v2\/users\/4"}],"replies":[{"embeddable":true,"href":"https:\/\/adalgisaalmeida.com.br\/site\/wp-json\/wp\/v2\/comments?post=14700"}],"version-history":[{"count":7,"href":"https:\/\/adalgisaalmeida.com.br\/site\/wp-json\/wp\/v2\/tribe_events\/14700\/revisions"}],"predecessor-version":[{"id":15027,"href":"https:\/\/adalgisaalmeida.com.br\/site\/wp-json\/wp\/v2\/tribe_events\/14700\/revisions\/15027"}],"wp:featuredmedia":[{"embeddable":true,"href":"https:\/\/adalgisaalmeida.com.br\/site\/wp-json\/wp\/v2\/media\/15025"}],"wp:attachment":[{"href":"https:\/\/adalgisaalmeida.com.br\/site\/wp-json\/wp\/v2\/media?parent=14700"}],"wp:term":[{"taxonomy":"post_tag","embeddable":true,"href":"https:\/\/adalgisaalmeida.com.br\/site\/wp-json\/wp\/v2\/tags?post=14700"},{"taxonomy":"tribe_events_cat","embeddable":true,"href":"https:\/\/adalgisaalmeida.com.br\/site\/wp-json\/wp\/v2\/tribe_events_cat?post=14700"}],"curies":[{"name":"wp","href":"https:\/\/api.w.org\/{rel}","templated":true}]}}

Curso Jardim Encantado Fernanda Jéssica (Doce Regalia)

<h1>Curso Jardim Encantado</h1>
<p>Fernanda Jéssica preparou um curso especial que em 9 horas de aula traz técnicas fundamentais para a arte em doces para festas.</p>
<p>O Curso é presencial, totalmente prático, inclui todo o material disponibilizado para a prática, apostila, certificado e bônus de dois modelos de doces.</p>
<p>CONTEÚDO:</p>
<p>&#8211; Rosa Modelada<br />
&#8211; Modelagens 2D e 3D<br />
&#8211; Estruturação e fixação das peças<br />
&#8211; Doces Cenários<br />
&#8211; Dicas para precificação, armazenamento e transporte.<br />
&#8211; Técnica do Babado com boleador<br />
&#8211; Acabamento artesanal<br />
&#8211; Técnica da colagem invisível.<br />
&#8211; Manuseio do chocolate de forma artística</p>
<p>METODOLOGIA:</p>
<p>O curso é prático com momentos alternados entre a demonstração da professora e a fundamentação teórica. Os alunos serão orientados dinamicamente nas etapas das aulas, com o objetivo de ao final do curso terem aprendido o passo a passo desde o preparo do doce até sua finalização.</p>
<p>Cada aluno decorará e levará para casa seus doces conforme a foto.</p>
<p>INFORMAÇÕES GERAIS:</p>
<p>Requisito: idade mínima de 16 anos.<br />
Carga Horária: 9 horas.<br />
Número de vagas: 09<br />
Público alvo: público geral interessado.<br />
Professora: Fernanda Jéssica<br />
Realização: dia 14 de março de 2019, de 9h às 19hs com intervalo para almoço</p>
<p>INVESTIMENTO:</p>
<p>R$680,00 em até 12x no cartão de crédito, COMBO dos dois cursos com desconto super especial por R$1200,00</p>
<p>Para se inscrever, entre em contato pelo Whatsapp (33) 99934-6586</p>

<p>Curso Jardim Encantado Fernanda Jéssica preparou um curso especial que em 9 horas de aula traz técnicas fundamentais para a arte em doces para festas. O Curso é presencial, totalmente [&hellip;]</p>
