{"id":14693,"date":"2019-02-05T02:05:20","date_gmt":"2019-02-05T05:05:20","guid":{"rendered":"https:\/\/adalgisaalmeida.com.br\/site\/?post_type=tribe_events&#038;p=14693"},"modified":"2019-02-05T02:07:22","modified_gmt":"2019-02-05T05:07:22","slug":"curso-de-decoracao-com-chantilly-e-flores-maravilhosas-bolo-cesta-13-03-20189","status":"publish","type":"tribe_events","link":"https:\/\/adalgisaalmeida.com.br\/site\/event\/curso-de-decoracao-com-chantilly-e-flores-maravilhosas-bolo-cesta-13-03-20189\/","title":{"rendered":"CURSO DE DECORA\u00c7\u00c3O COM CHANTILLY E FLORES MARAVILHOSAS &#8211; BOLO CESTA &#8211; 13\/03\/2019"},"content":{"rendered":"<h1><span style=\"color: #000000;\"><span style=\"font-family: 'Arial Narrow', sans-serif;\"><span style=\"font-size: medium;\"><b>CURSO DE DECORA\u00c7\u00c3O COM CHANTILLY E FLORES MARAVILHOSAS<\/b><\/span><\/span><\/span><\/h1>\n<p><span style=\"color: #000000;\"><span style=\"font-family: 'Arial Narrow', sans-serif;\"><span style=\"font-size: medium;\">Tathi preparou este curso especial, que em 1 dia de aula, traz conceitos b\u00e1sicos e t\u00e9cnicas fundamentais de forma\u00e7\u00e3o em confeitaria para aqueles que desejam aprender a bater e aplicar o chantilly no bolo. <\/span><\/span><\/span><\/p>\n<p><span style=\"color: #000000;\"><span style=\"font-family: 'Arial Narrow', sans-serif;\"><span style=\"font-size: medium;\">O Curso presencial inclui material disponibilizado para a pr\u00e1tica, apostila e certificado.<\/span><\/span><\/span><\/p>\n<h2><span style=\"color: #000000;\"><span style=\"font-family: 'Arial Narrow', sans-serif;\"><span style=\"font-size: medium;\">CONTE\u00daDO DO CURSO:<\/span><\/span><\/span><\/h2>\n<p><span style=\"color: #000000;\"><span style=\"font-family: 'Arial Narrow', sans-serif;\"><span style=\"font-size: medium;\">&#8211; T\u00e9cnicas de preparo de massa quadriculada<\/span><\/span><\/span><\/p>\n<p><span style=\"color: #000000;\"><span style=\"font-family: 'Arial Narrow', sans-serif;\"><span style=\"font-size: medium;\">&#8211; Preparo de recheio super vers\u00e1til e t\u00e9cnicas para rechear<\/span><\/span><\/span><\/p>\n<p><span style=\"color: #000000;\"><span style=\"font-family: 'Arial Narrow', sans-serif;\"><span style=\"font-size: medium;\">&#8211; T\u00e9cnica de aplica\u00e7\u00e3o do Chantilly<\/span><\/span><\/span><\/p>\n<p><span style=\"color: #000000;\"><span style=\"font-family: 'Arial Narrow', sans-serif;\"><span style=\"font-size: medium;\">&#8211; Treino com bicos<\/span><\/span><\/span><\/p>\n<p><span style=\"color: #000000;\"><span style=\"font-family: 'Arial Narrow', sans-serif;\"><span style=\"font-size: medium;\">&#8211; T\u00e9cnicas de preparo, colora\u00e7\u00e3o, conserva\u00e7\u00e3o Chantily<\/span><\/span><\/span><\/p>\n<p><span style=\"color: #000000;\"><span style=\"font-family: 'Arial Narrow', sans-serif;\"><span style=\"font-size: medium;\">&#8211; Pontos e utiliza\u00e7\u00e3o do Chantilly<\/span><\/span><\/span><\/p>\n<p><span style=\"color: #000000;\"><span style=\"font-family: 'Arial Narrow', sans-serif;\"><span style=\"font-size: medium;\">&#8211; Dicas de tamanho ideal para festas, transporte, c\u00e1lculo de pre\u00e7o.<\/span><\/span><\/span><\/p>\n<h2><span style=\"color: #000000;\"><span style=\"font-family: 'Arial Narrow', sans-serif;\"><span style=\"font-size: medium;\">METODOLOGIA:<\/span><\/span><\/span><\/h2>\n<p><span style=\"color: #000000;\"><span style=\"font-family: 'Arial Narrow', sans-serif;\"><span style=\"font-size: medium;\">O curso \u00e9 pr\u00e1tico com momentos alternados entre a demonstra\u00e7\u00e3o da professora e fundamenta\u00e7\u00e3o te\u00f3rica. Os alunos ser\u00e3o orientados dinamicamente nas etapas das aulas, com o objetivo de ao final do curso terem aprendido o passo a passo desde o preparo da massa, aplica\u00e7\u00e3o do recheio, preparo do bolo e t\u00e9cnicas de trabalho com bicos.<\/span><\/span><\/span><\/p>\n<p><span style=\"color: #000000;\"><span style=\"font-family: 'Arial Narrow', sans-serif;\"><span style=\"font-size: medium;\">Cada aluno produzir\u00e1 e decorar\u00e1 seu bolo conforme a foto e o levar\u00e1 para casa.<\/span><\/span><\/span><\/p>\n<p><span style=\"color: #000000;\"><span style=\"font-family: 'Arial Narrow', sans-serif;\"><span style=\"font-size: medium;\">INFORMA\u00c7\u00d5ES GERAIS:<\/span><\/span><\/span><\/p>\n<p><span style=\"color: #000000;\"><span style=\"font-family: 'Arial Narrow', sans-serif;\"><span style=\"font-size: medium;\">Requisito: idade m\u00ednima de 16 anos.<br \/>\nCarga Hor\u00e1ria: 8 horas.<br \/>\nN\u00famero de vagas: 09<br \/>\nP\u00fablico alvo: p\u00fablico geral interessado.<br \/>\nProfessora: Tathi<br \/>\nRealiza\u00e7\u00e3o: 13\/03\/2019<\/span><\/span><\/span><\/p>\n<h2><span style=\"color: #000000;\"><span style=\"font-family: 'Arial Narrow', sans-serif;\"><span style=\"font-size: medium;\">INFORMA\u00c7\u00d5ES<\/span><\/span><\/span><\/h2>\n<h2><em><strong><span style=\"font-family: 'Times New Roman', serif;\"><span style=\"font-size: medium;\"><span style=\"color: #000000;\"><span style=\"font-family: 'Arial Narrow', sans-serif;\">Para se inscrever, entre em contato conosco\u00a0pelo Whatsapp (11)\u00a073722200\u00a0<\/span><\/span><\/span><\/span><\/strong><\/em><\/h2>\n<p><img loading=\"lazy\" decoding=\"async\" class=\"alignnone size-medium wp-image-14689\" src=\"https:\/\/adalgisaalmeida.com.br\/site\/wp-content\/uploads\/2018\/04\/WhatsApp-Image-2019-02-02-at-11.23.15-169x300.jpeg\" alt=\"\" width=\"169\" height=\"300\" srcset=\"https:\/\/adalgisaalmeida.com.br\/site\/wp-content\/uploads\/2018\/04\/WhatsApp-Image-2019-02-02-at-11.23.15-169x300.jpeg 169w, https:\/\/adalgisaalmeida.com.br\/site\/wp-content\/uploads\/2018\/04\/WhatsApp-Image-2019-02-02-at-11.23.15-576x1024.jpeg 576w, https:\/\/adalgisaalmeida.com.br\/site\/wp-content\/uploads\/2018\/04\/WhatsApp-Image-2019-02-02-at-11.23.15-82x146.jpeg 82w, https:\/\/adalgisaalmeida.com.br\/site\/wp-content\/uploads\/2018\/04\/WhatsApp-Image-2019-02-02-at-11.23.15-28x50.jpeg 28w, https:\/\/adalgisaalmeida.com.br\/site\/wp-content\/uploads\/2018\/04\/WhatsApp-Image-2019-02-02-at-11.23.15-42x75.jpeg 42w, https:\/\/adalgisaalmeida.com.br\/site\/wp-content\/uploads\/2018\/04\/WhatsApp-Image-2019-02-02-at-11.23.15.jpeg 720w\" sizes=\"auto, (max-width: 169px) 100vw, 169px\" \/><\/p>\n","protected":false},"excerpt":{"rendered":"<p>CURSO DE DECORA\u00c7\u00c3O COM CHANTILLY E FLORES MARAVILHOSAS Tathi preparou este curso especial, que em 1 dia de aula, traz conceitos b\u00e1sicos e t\u00e9cnicas fundamentais de forma\u00e7\u00e3o em confeitaria para [&hellip;]<\/p>\n","protected":false},"author":4,"featured_media":14694,"comment_status":"closed","ping_status":"closed","template":"","meta":{"_tribe_events_status":"","_tribe_events_status_reason":"","footnotes":""},"tags":[],"tribe_events_cat":[],"class_list":["post-14693","tribe_events","type-tribe_events","status-publish","hentry"],"_links":{"self":[{"href":"https:\/\/adalgisaalmeida.com.br\/site\/wp-json\/wp\/v2\/tribe_events\/14693","targetHints":{"allow":["GET"]}}],"collection":[{"href":"https:\/\/adalgisaalmeida.com.br\/site\/wp-json\/wp\/v2\/tribe_events"}],"about":[{"href":"https:\/\/adalgisaalmeida.com.br\/site\/wp-json\/wp\/v2\/types\/tribe_events"}],"author":[{"embeddable":true,"href":"https:\/\/adalgisaalmeida.com.br\/site\/wp-json\/wp\/v2\/users\/4"}],"replies":[{"embeddable":true,"href":"https:\/\/adalgisaalmeida.com.br\/site\/wp-json\/wp\/v2\/comments?post=14693"}],"version-history":[{"count":2,"href":"https:\/\/adalgisaalmeida.com.br\/site\/wp-json\/wp\/v2\/tribe_events\/14693\/revisions"}],"predecessor-version":[{"id":14696,"href":"https:\/\/adalgisaalmeida.com.br\/site\/wp-json\/wp\/v2\/tribe_events\/14693\/revisions\/14696"}],"wp:featuredmedia":[{"embeddable":true,"href":"https:\/\/adalgisaalmeida.com.br\/site\/wp-json\/wp\/v2\/media\/14694"}],"wp:attachment":[{"href":"https:\/\/adalgisaalmeida.com.br\/site\/wp-json\/wp\/v2\/media?parent=14693"}],"wp:term":[{"taxonomy":"post_tag","embeddable":true,"href":"https:\/\/adalgisaalmeida.com.br\/site\/wp-json\/wp\/v2\/tags?post=14693"},{"taxonomy":"tribe_events_cat","embeddable":true,"href":"https:\/\/adalgisaalmeida.com.br\/site\/wp-json\/wp\/v2\/tribe_events_cat?post=14693"}],"curies":[{"name":"wp","href":"https:\/\/api.w.org\/{rel}","templated":true}]}}

CURSO DE DECORAÇÃO COM CHANTILLY E FLORES MARAVILHOSAS &#8211; BOLO CESTA &#8211; 13/03/2019

<h1><span style="color: #000000;"><span style="font-family: 'Arial Narrow', sans-serif;"><span style="font-size: medium;"><b>CURSO DE DECORAÇÃO COM CHANTILLY E FLORES MARAVILHOSAS</b></span></span></span></h1>
<p><span style="color: #000000;"><span style="font-family: 'Arial Narrow', sans-serif;"><span style="font-size: medium;">Tathi preparou este curso especial, que em 1 dia de aula, traz conceitos básicos e técnicas fundamentais de formação em confeitaria para aqueles que desejam aprender a bater e aplicar o chantilly no bolo. </span></span></span></p>
<p><span style="color: #000000;"><span style="font-family: 'Arial Narrow', sans-serif;"><span style="font-size: medium;">O Curso presencial inclui material disponibilizado para a prática, apostila e certificado.</span></span></span></p>
<h2><span style="color: #000000;"><span style="font-family: 'Arial Narrow', sans-serif;"><span style="font-size: medium;">CONTEÚDO DO CURSO:</span></span></span></h2>
<p><span style="color: #000000;"><span style="font-family: 'Arial Narrow', sans-serif;"><span style="font-size: medium;">&#8211; Técnicas de preparo de massa quadriculada</span></span></span></p>
<p><span style="color: #000000;"><span style="font-family: 'Arial Narrow', sans-serif;"><span style="font-size: medium;">&#8211; Preparo de recheio super versátil e técnicas para rechear</span></span></span></p>
<p><span style="color: #000000;"><span style="font-family: 'Arial Narrow', sans-serif;"><span style="font-size: medium;">&#8211; Técnica de aplicação do Chantilly</span></span></span></p>
<p><span style="color: #000000;"><span style="font-family: 'Arial Narrow', sans-serif;"><span style="font-size: medium;">&#8211; Treino com bicos</span></span></span></p>
<p><span style="color: #000000;"><span style="font-family: 'Arial Narrow', sans-serif;"><span style="font-size: medium;">&#8211; Técnicas de preparo, coloração, conservação Chantily</span></span></span></p>
<p><span style="color: #000000;"><span style="font-family: 'Arial Narrow', sans-serif;"><span style="font-size: medium;">&#8211; Pontos e utilização do Chantilly</span></span></span></p>
<p><span style="color: #000000;"><span style="font-family: 'Arial Narrow', sans-serif;"><span style="font-size: medium;">&#8211; Dicas de tamanho ideal para festas, transporte, cálculo de preço.</span></span></span></p>
<h2><span style="color: #000000;"><span style="font-family: 'Arial Narrow', sans-serif;"><span style="font-size: medium;">METODOLOGIA:</span></span></span></h2>
<p><span style="color: #000000;"><span style="font-family: 'Arial Narrow', sans-serif;"><span style="font-size: medium;">O curso é prático com momentos alternados entre a demonstração da professora e fundamentação teórica. Os alunos serão orientados dinamicamente nas etapas das aulas, com o objetivo de ao final do curso terem aprendido o passo a passo desde o preparo da massa, aplicação do recheio, preparo do bolo e técnicas de trabalho com bicos.</span></span></span></p>
<p><span style="color: #000000;"><span style="font-family: 'Arial Narrow', sans-serif;"><span style="font-size: medium;">Cada aluno produzirá e decorará seu bolo conforme a foto e o levará para casa.</span></span></span></p>
<p><span style="color: #000000;"><span style="font-family: 'Arial Narrow', sans-serif;"><span style="font-size: medium;">INFORMAÇÕES GERAIS:</span></span></span></p>
<p><span style="color: #000000;"><span style="font-family: 'Arial Narrow', sans-serif;"><span style="font-size: medium;">Requisito: idade mínima de 16 anos.<br />
Carga Horária: 8 horas.<br />
Número de vagas: 09<br />
Público alvo: público geral interessado.<br />
Professora: Tathi<br />
Realização: 13/03/2019</span></span></span></p>
<h2><span style="color: #000000;"><span style="font-family: 'Arial Narrow', sans-serif;"><span style="font-size: medium;">INFORMAÇÕES</span></span></span></h2>
<h2><em><strong><span style="font-family: 'Times New Roman', serif;"><span style="font-size: medium;"><span style="color: #000000;"><span style="font-family: 'Arial Narrow', sans-serif;">Para se inscrever, entre em contato conosco pelo Whatsapp (11) 73722200 </span></span></span></span></strong></em></h2>
<p><img loading="lazy" decoding="async" class="alignnone size-medium wp-image-14689" src="https://adalgisaalmeida.com.br/site/wp-content/uploads/2018/04/WhatsApp-Image-2019-02-02-at-11.23.15-169x300.jpeg" alt="" width="169" height="300" srcset="https://adalgisaalmeida.com.br/site/wp-content/uploads/2018/04/WhatsApp-Image-2019-02-02-at-11.23.15-169x300.jpeg 169w, https://adalgisaalmeida.com.br/site/wp-content/uploads/2018/04/WhatsApp-Image-2019-02-02-at-11.23.15-576x1024.jpeg 576w, https://adalgisaalmeida.com.br/site/wp-content/uploads/2018/04/WhatsApp-Image-2019-02-02-at-11.23.15-82x146.jpeg 82w, https://adalgisaalmeida.com.br/site/wp-content/uploads/2018/04/WhatsApp-Image-2019-02-02-at-11.23.15-28x50.jpeg 28w, https://adalgisaalmeida.com.br/site/wp-content/uploads/2018/04/WhatsApp-Image-2019-02-02-at-11.23.15-42x75.jpeg 42w, https://adalgisaalmeida.com.br/site/wp-content/uploads/2018/04/WhatsApp-Image-2019-02-02-at-11.23.15.jpeg 720w" sizes="auto, (max-width: 169px) 100vw, 169px" /></p>

<p>CURSO DE DECORAÇÃO COM CHANTILLY E FLORES MARAVILHOSAS Tathi preparou este curso especial, que em 1 dia de aula, traz conceitos básicos e técnicas fundamentais de formação em confeitaria para [&hellip;]</p>
