{"id":14626,"date":"2018-08-08T14:46:50","date_gmt":"2018-08-08T17:46:50","guid":{"rendered":"https:\/\/adalgisaalmeida.com.br\/site\/?post_type=tribe_events&#038;p=14626"},"modified":"2019-09-26T01:23:14","modified_gmt":"2019-09-26T04:23:14","slug":"alfajores-com-rafael-barros","status":"publish","type":"tribe_events","link":"https:\/\/adalgisaalmeida.com.br\/site\/event\/alfajores-com-rafael-barros\/","title":{"rendered":"Cursos de Confeitaria &#8211; Alfajores com Rafael Barros"},"content":{"rendered":"<p><span style=\"color: #222222;\"><span style=\"font-family: 'Arial Narrow', sans-serif;\"><span style=\"font-size: medium;\"><b>T\u00e9cnicas de Confeitaria &#8211; Alfajores<\/b><\/span><\/span><\/span><\/p>\n<p><span style=\"color: #222222;\"><span style=\"font-family: 'Arial Narrow', sans-serif;\"><span style=\"font-size: medium;\">Neste curso o Chef Rafael traz\u00a0<\/span><\/span><\/span>os melhores alfajores da regi\u00e3o de Mar del Plata. Os alfajores s\u00e3o uma boa op\u00e7\u00e3o para vender, presentear ou oferecer como lembran\u00e7a em qualquer ocasi\u00e3o.<\/p>\n<div>Alfajores de Chocolate meio amargo, chocolate branco ou chocolate ao leite, recheados de doce de leite ou damasco.<\/div>\n<div>Nas vers\u00f5es cl\u00e1ssicas, chocolate ou nozes.<\/div>\n<div>Aprenda ainda a banhar os alfajores em uma fina camada de chocolate e o delicioso alfajor de merengue &#8211; uma t\u00e9cnica que vai deixar seu alfajor ainda mais saboroso.<\/div>\n<pre><span style=\"color: #222222;\"><span style=\"font-family: 'Arial Narrow', sans-serif;\"><span style=\"font-size: medium;\"><span style=\"color: #000000;\"><b>Outras Informa\u00e7\u00f5es<\/b><\/span><span style=\"color: #000000;\">\r\n Realiza\u00e7\u00e3o:22\/<\/span><span style=\"color: #000000;\">10<\/span><span style=\"color: #000000;\">\/201<\/span><span style=\"color: #000000;\">9<\/span><span style=\"color: #000000;\"> das 14:00 \u00e0s 18:00<\/span><span style=\"color: #000000;\">\r\n Requisito: Idade m\u00ednima de 16 anos. Curso Demonstrativo.\r\n Carga Hor\u00e1ria: 4 <\/span><span style=\"color: #000000;\">horas<\/span><span style=\"color: #000000;\">.\r\n Professor: <\/span><span style=\"color: #000000;\">Rafael Barros<\/span><\/span><\/span><\/span><\/pre>\n<p><span style=\"color: #000000;\"><span style=\"font-family: 'Arial Narrow', sans-serif;\"><span style=\"font-size: medium;\"><b>Investimento:<\/b><\/span><\/span><\/span><span style=\"color: #000000;\"><span style=\"font-family: 'Arial Narrow', sans-serif;\"><span style=\"font-size: medium;\"><br \/>\nR$132 em at\u00e9 3x no cart\u00e3o ou<br \/>\nR$120 (valor com 10% de desconto para pagamento em dinheiro, por dep\u00f3sito ou transfer\u00eancia banc\u00e1ria )<br \/>\n<\/span><\/span><\/span><\/p>\n<p><span style=\"font-family: 'Arial Narrow', sans-serif;\"><span style=\"font-size: medium;\">Para se inscrever, entre em contato com a central de inscri\u00e7\u00f5es no telefone (31) 9 8878-0836 (Whatsapp)<\/span><\/span><\/p>\n<p>&nbsp;<\/p>\n<p><img loading=\"lazy\" decoding=\"async\" class=\"aligncenter size-thumbnail wp-image-14966\" src=\"https:\/\/adalgisaalmeida.com.br\/site\/wp-content\/uploads\/2018\/08\/WhatsApp-Image-2019-09-23-at-20.02.01-150x150.jpeg\" alt=\"\" width=\"150\" height=\"150\" srcset=\"https:\/\/adalgisaalmeida.com.br\/site\/wp-content\/uploads\/2018\/08\/WhatsApp-Image-2019-09-23-at-20.02.01-150x150.jpeg 150w, https:\/\/adalgisaalmeida.com.br\/site\/wp-content\/uploads\/2018\/08\/WhatsApp-Image-2019-09-23-at-20.02.01-80x80.jpeg 80w, https:\/\/adalgisaalmeida.com.br\/site\/wp-content\/uploads\/2018\/08\/WhatsApp-Image-2019-09-23-at-20.02.01-85x85.jpeg 85w\" sizes=\"auto, (max-width: 150px) 100vw, 150px\" \/> <img loading=\"lazy\" decoding=\"async\" class=\"aligncenter size-thumbnail wp-image-14967\" src=\"https:\/\/adalgisaalmeida.com.br\/site\/wp-content\/uploads\/2018\/08\/WhatsApp-Image-2019-09-23-at-20.02.00-2-150x150.jpeg\" alt=\"\" width=\"150\" height=\"150\" srcset=\"https:\/\/adalgisaalmeida.com.br\/site\/wp-content\/uploads\/2018\/08\/WhatsApp-Image-2019-09-23-at-20.02.00-2-150x150.jpeg 150w, https:\/\/adalgisaalmeida.com.br\/site\/wp-content\/uploads\/2018\/08\/WhatsApp-Image-2019-09-23-at-20.02.00-2-80x80.jpeg 80w, https:\/\/adalgisaalmeida.com.br\/site\/wp-content\/uploads\/2018\/08\/WhatsApp-Image-2019-09-23-at-20.02.00-2-85x85.jpeg 85w\" sizes=\"auto, (max-width: 150px) 100vw, 150px\" \/> <img loading=\"lazy\" decoding=\"async\" class=\"aligncenter size-thumbnail wp-image-14968\" src=\"https:\/\/adalgisaalmeida.com.br\/site\/wp-content\/uploads\/2018\/08\/WhatsApp-Image-2019-09-23-at-20.02.00-1-150x150.jpeg\" alt=\"\" width=\"150\" height=\"150\" srcset=\"https:\/\/adalgisaalmeida.com.br\/site\/wp-content\/uploads\/2018\/08\/WhatsApp-Image-2019-09-23-at-20.02.00-1-150x150.jpeg 150w, https:\/\/adalgisaalmeida.com.br\/site\/wp-content\/uploads\/2018\/08\/WhatsApp-Image-2019-09-23-at-20.02.00-1-80x80.jpeg 80w, https:\/\/adalgisaalmeida.com.br\/site\/wp-content\/uploads\/2018\/08\/WhatsApp-Image-2019-09-23-at-20.02.00-1-85x85.jpeg 85w\" sizes=\"auto, (max-width: 150px) 100vw, 150px\" \/><\/p>\n","protected":false},"excerpt":{"rendered":"<p>T\u00e9cnicas de Confeitaria &#8211; Alfajores Neste curso o Chef Rafael traz\u00a0os melhores alfajores da regi\u00e3o de Mar del Plata. Os alfajores s\u00e3o uma boa op\u00e7\u00e3o para vender, presentear ou oferecer [&hellip;]<\/p>\n","protected":false},"author":4,"featured_media":14950,"comment_status":"closed","ping_status":"closed","template":"","meta":{"_tribe_events_status":"","_tribe_events_status_reason":"","footnotes":""},"tags":[],"tribe_events_cat":[],"class_list":["post-14626","tribe_events","type-tribe_events","status-publish","hentry"],"_links":{"self":[{"href":"https:\/\/adalgisaalmeida.com.br\/site\/wp-json\/wp\/v2\/tribe_events\/14626","targetHints":{"allow":["GET"]}}],"collection":[{"href":"https:\/\/adalgisaalmeida.com.br\/site\/wp-json\/wp\/v2\/tribe_events"}],"about":[{"href":"https:\/\/adalgisaalmeida.com.br\/site\/wp-json\/wp\/v2\/types\/tribe_events"}],"author":[{"embeddable":true,"href":"https:\/\/adalgisaalmeida.com.br\/site\/wp-json\/wp\/v2\/users\/4"}],"replies":[{"embeddable":true,"href":"https:\/\/adalgisaalmeida.com.br\/site\/wp-json\/wp\/v2\/comments?post=14626"}],"version-history":[{"count":5,"href":"https:\/\/adalgisaalmeida.com.br\/site\/wp-json\/wp\/v2\/tribe_events\/14626\/revisions"}],"predecessor-version":[{"id":14969,"href":"https:\/\/adalgisaalmeida.com.br\/site\/wp-json\/wp\/v2\/tribe_events\/14626\/revisions\/14969"}],"wp:featuredmedia":[{"embeddable":true,"href":"https:\/\/adalgisaalmeida.com.br\/site\/wp-json\/wp\/v2\/media\/14950"}],"wp:attachment":[{"href":"https:\/\/adalgisaalmeida.com.br\/site\/wp-json\/wp\/v2\/media?parent=14626"}],"wp:term":[{"taxonomy":"post_tag","embeddable":true,"href":"https:\/\/adalgisaalmeida.com.br\/site\/wp-json\/wp\/v2\/tags?post=14626"},{"taxonomy":"tribe_events_cat","embeddable":true,"href":"https:\/\/adalgisaalmeida.com.br\/site\/wp-json\/wp\/v2\/tribe_events_cat?post=14626"}],"curies":[{"name":"wp","href":"https:\/\/api.w.org\/{rel}","templated":true}]}}

<p><span style="color: #222222;"><span style="font-family: 'Arial Narrow', sans-serif;"><span style="font-size: medium;"><b>Técnicas de Confeitaria &#8211; Alfajores</b></span></span></span></p>
<p><span style="color: #222222;"><span style="font-family: 'Arial Narrow', sans-serif;"><span style="font-size: medium;">Neste curso o Chef Rafael traz </span></span></span>os melhores alfajores da região de Mar del Plata. Os alfajores são uma boa opção para vender, presentear ou oferecer como lembrança em qualquer ocasião.</p>
<div>Alfajores de Chocolate meio amargo, chocolate branco ou chocolate ao leite, recheados de doce de leite ou damasco.</div>
<div>Nas versões clássicas, chocolate ou nozes.</div>
<div>Aprenda ainda a banhar os alfajores em uma fina camada de chocolate e o delicioso alfajor de merengue &#8211; uma técnica que vai deixar seu alfajor ainda mais saboroso.</div>
<pre><span style="color: #222222;"><span style="font-family: 'Arial Narrow', sans-serif;"><span style="font-size: medium;"><span style="color: #000000;"><b>Outras Informações</b></span><span style="color: #000000;">
 Realização:22/</span><span style="color: #000000;">10</span><span style="color: #000000;">/201</span><span style="color: #000000;">9</span><span style="color: #000000;"> das 14:00 às 18:00</span><span style="color: #000000;">
 Requisito: Idade mínima de 16 anos. Curso Demonstrativo.
 Carga Horária: 4 </span><span style="color: #000000;">horas</span><span style="color: #000000;">.
 Professor: </span><span style="color: #000000;">Rafael Barros</span></span></span></span></pre>
<p><span style="color: #000000;"><span style="font-family: 'Arial Narrow', sans-serif;"><span style="font-size: medium;"><b>Investimento:</b></span></span></span><span style="color: #000000;"><span style="font-family: 'Arial Narrow', sans-serif;"><span style="font-size: medium;"><br />
R$132 em até 3x no cartão ou<br />
R$120 (valor com 10% de desconto para pagamento em dinheiro, por depósito ou transferência bancária )<br />
</span></span></span></p>
<p><span style="font-family: 'Arial Narrow', sans-serif;"><span style="font-size: medium;">Para se inscrever, entre em contato com a central de inscrições no telefone (31) 9 8878-0836 (Whatsapp)</span></span></p>
<p>&nbsp;</p>
<p><img loading="lazy" decoding="async" class="aligncenter size-thumbnail wp-image-14966" src="https://adalgisaalmeida.com.br/site/wp-content/uploads/2018/08/WhatsApp-Image-2019-09-23-at-20.02.01-150x150.jpeg" alt="" width="150" height="150" srcset="https://adalgisaalmeida.com.br/site/wp-content/uploads/2018/08/WhatsApp-Image-2019-09-23-at-20.02.01-150x150.jpeg 150w, https://adalgisaalmeida.com.br/site/wp-content/uploads/2018/08/WhatsApp-Image-2019-09-23-at-20.02.01-80x80.jpeg 80w, https://adalgisaalmeida.com.br/site/wp-content/uploads/2018/08/WhatsApp-Image-2019-09-23-at-20.02.01-85x85.jpeg 85w" sizes="auto, (max-width: 150px) 100vw, 150px" /> <img loading="lazy" decoding="async" class="aligncenter size-thumbnail wp-image-14967" src="https://adalgisaalmeida.com.br/site/wp-content/uploads/2018/08/WhatsApp-Image-2019-09-23-at-20.02.00-2-150x150.jpeg" alt="" width="150" height="150" srcset="https://adalgisaalmeida.com.br/site/wp-content/uploads/2018/08/WhatsApp-Image-2019-09-23-at-20.02.00-2-150x150.jpeg 150w, https://adalgisaalmeida.com.br/site/wp-content/uploads/2018/08/WhatsApp-Image-2019-09-23-at-20.02.00-2-80x80.jpeg 80w, https://adalgisaalmeida.com.br/site/wp-content/uploads/2018/08/WhatsApp-Image-2019-09-23-at-20.02.00-2-85x85.jpeg 85w" sizes="auto, (max-width: 150px) 100vw, 150px" /> <img loading="lazy" decoding="async" class="aligncenter size-thumbnail wp-image-14968" src="https://adalgisaalmeida.com.br/site/wp-content/uploads/2018/08/WhatsApp-Image-2019-09-23-at-20.02.00-1-150x150.jpeg" alt="" width="150" height="150" srcset="https://adalgisaalmeida.com.br/site/wp-content/uploads/2018/08/WhatsApp-Image-2019-09-23-at-20.02.00-1-150x150.jpeg 150w, https://adalgisaalmeida.com.br/site/wp-content/uploads/2018/08/WhatsApp-Image-2019-09-23-at-20.02.00-1-80x80.jpeg 80w, https://adalgisaalmeida.com.br/site/wp-content/uploads/2018/08/WhatsApp-Image-2019-09-23-at-20.02.00-1-85x85.jpeg 85w" sizes="auto, (max-width: 150px) 100vw, 150px" /></p>

<p>Técnicas de Confeitaria &#8211; Alfajores Neste curso o Chef Rafael traz os melhores alfajores da região de Mar del Plata. Os alfajores são uma boa opção para vender, presentear ou oferecer [&hellip;]</p>
