{"id":14538,"date":"2018-06-01T16:41:39","date_gmt":"2018-06-01T19:41:39","guid":{"rendered":"https:\/\/adalgisaalmeida.com.br\/site\/?post_type=tribe_events&#038;p=14538"},"modified":"2019-09-26T01:57:22","modified_gmt":"2019-09-26T04:57:22","slug":"bala-de-coco-recheada-com-rafael-barros","status":"publish","type":"tribe_events","link":"https:\/\/adalgisaalmeida.com.br\/site\/event\/bala-de-coco-recheada-com-rafael-barros\/","title":{"rendered":"T\u00e9cnicas de Confeitaria &#8211; Bala de Coco Recheada com Rafael Barros [aula demonstrativa]"},"content":{"rendered":"<p><span style=\"color: #222222;\"><span style=\"font-family: 'Arial Narrow', sans-serif;\"><span style=\"font-size: medium;\"><b>T\u00e9cnicas de Confeitaria &#8211; Bala de Coco Recheada<\/b><\/span><\/span><\/span><\/p>\n<div>Venha aprender a transformar ingredientes simples como a\u00e7\u00facar e leite de coco em deliciosas balas recheadas.<\/div>\n<div>Nesta aula voc\u00ea ir\u00e1 aprender a t\u00e9cnica de bala de coco simples, gelada e ainda aprender a fazer balas recheadas de camafeu, brigadeiro e outros recheios divinos (formula\u00e7\u00f5es de recheios incluso).<\/div>\n<p><span style=\"color: #222222;\"><span style=\"font-family: 'Arial Narrow', sans-serif;\"><span style=\"font-size: medium;\"><span style=\"color: #000000;\"><b>Outras Informa\u00e7\u00f5es<\/b><\/span><span style=\"color: #000000;\"><br \/>\nRealiza\u00e7\u00e3o:21<\/span><span style=\"color: #000000;\">\/10<\/span><span style=\"color: #000000;\">\/201<\/span><span style=\"color: #000000;\">9<\/span><span style=\"color: #000000;\"> das 9:00 \u00e0s 12:00 horas<\/span><span style=\"color: #000000;\"><br \/>\nRequisito: Idade m\u00ednima de 16 anos. Curso Demonstrativo.<br \/>\nCarga Hor\u00e1ria: <\/span><span style=\"color: #000000;\">3<\/span> <span style=\"color: #000000;\">horas<\/span><span style=\"color: #000000;\">.<br \/>\nProfessor: <\/span><span style=\"color: #000000;\">Rafael Barros<\/span><\/span><\/span><\/span><\/p>\n<p><span style=\"color: #000000;\"><span style=\"font-family: 'Arial Narrow', sans-serif;\"><span style=\"font-size: medium;\"><b>Investimento:<\/b><\/span><\/span><\/span><span style=\"color: #000000;\"><span style=\"font-family: 'Arial Narrow', sans-serif;\"><span style=\"font-size: medium;\"><br \/>\nR$100 em at\u00e9 3x no cart\u00e3o ou<br \/>\nR$90 (valor com 10% de desconto para pagamento em dinheiro, por dep\u00f3sito ou transfer\u00eancia banc\u00e1ria )<br \/>\n<\/span><\/span><\/span><\/p>\n<p><span style=\"font-family: 'Arial Narrow', sans-serif;\"><span style=\"font-size: medium;\">Para se inscrever, entre em contato com a central de inscri\u00e7\u00f5es no telefone (31) 9 8878-0836 (Whatsapp)<\/span><\/span><\/p>\n<p><img loading=\"lazy\" decoding=\"async\" class=\"aligncenter size-thumbnail wp-image-14970\" src=\"https:\/\/adalgisaalmeida.com.br\/site\/wp-content\/uploads\/2018\/06\/WhatsApp-Image-2019-09-23-at-20.02.00-150x150.jpeg\" alt=\"\" width=\"150\" height=\"150\" srcset=\"https:\/\/adalgisaalmeida.com.br\/site\/wp-content\/uploads\/2018\/06\/WhatsApp-Image-2019-09-23-at-20.02.00-150x150.jpeg 150w, https:\/\/adalgisaalmeida.com.br\/site\/wp-content\/uploads\/2018\/06\/WhatsApp-Image-2019-09-23-at-20.02.00-80x80.jpeg 80w, https:\/\/adalgisaalmeida.com.br\/site\/wp-content\/uploads\/2018\/06\/WhatsApp-Image-2019-09-23-at-20.02.00-85x85.jpeg 85w\" sizes=\"auto, (max-width: 150px) 100vw, 150px\" \/> <img loading=\"lazy\" decoding=\"async\" class=\"aligncenter size-thumbnail wp-image-14971\" src=\"https:\/\/adalgisaalmeida.com.br\/site\/wp-content\/uploads\/2018\/06\/WhatsApp-Image-2019-09-23-at-20.01.59-3-150x150.jpeg\" alt=\"\" width=\"150\" height=\"150\" srcset=\"https:\/\/adalgisaalmeida.com.br\/site\/wp-content\/uploads\/2018\/06\/WhatsApp-Image-2019-09-23-at-20.01.59-3-150x150.jpeg 150w, https:\/\/adalgisaalmeida.com.br\/site\/wp-content\/uploads\/2018\/06\/WhatsApp-Image-2019-09-23-at-20.01.59-3-80x80.jpeg 80w, https:\/\/adalgisaalmeida.com.br\/site\/wp-content\/uploads\/2018\/06\/WhatsApp-Image-2019-09-23-at-20.01.59-3-85x85.jpeg 85w\" sizes=\"auto, (max-width: 150px) 100vw, 150px\" \/> <img loading=\"lazy\" decoding=\"async\" class=\"aligncenter size-thumbnail wp-image-14972\" src=\"https:\/\/adalgisaalmeida.com.br\/site\/wp-content\/uploads\/2018\/06\/WhatsApp-Image-2019-09-23-at-20.01.59-2-150x150.jpeg\" alt=\"\" width=\"150\" height=\"150\" srcset=\"https:\/\/adalgisaalmeida.com.br\/site\/wp-content\/uploads\/2018\/06\/WhatsApp-Image-2019-09-23-at-20.01.59-2-150x150.jpeg 150w, https:\/\/adalgisaalmeida.com.br\/site\/wp-content\/uploads\/2018\/06\/WhatsApp-Image-2019-09-23-at-20.01.59-2-80x80.jpeg 80w, https:\/\/adalgisaalmeida.com.br\/site\/wp-content\/uploads\/2018\/06\/WhatsApp-Image-2019-09-23-at-20.01.59-2-85x85.jpeg 85w\" sizes=\"auto, (max-width: 150px) 100vw, 150px\" \/> <img loading=\"lazy\" decoding=\"async\" class=\"aligncenter size-thumbnail wp-image-14973\" src=\"https:\/\/adalgisaalmeida.com.br\/site\/wp-content\/uploads\/2018\/06\/WhatsApp-Image-2019-09-23-at-20.01.59-1-150x150.jpeg\" alt=\"\" width=\"150\" height=\"150\" srcset=\"https:\/\/adalgisaalmeida.com.br\/site\/wp-content\/uploads\/2018\/06\/WhatsApp-Image-2019-09-23-at-20.01.59-1-150x150.jpeg 150w, https:\/\/adalgisaalmeida.com.br\/site\/wp-content\/uploads\/2018\/06\/WhatsApp-Image-2019-09-23-at-20.01.59-1-80x80.jpeg 80w, https:\/\/adalgisaalmeida.com.br\/site\/wp-content\/uploads\/2018\/06\/WhatsApp-Image-2019-09-23-at-20.01.59-1-85x85.jpeg 85w\" sizes=\"auto, (max-width: 150px) 100vw, 150px\" \/> <img loading=\"lazy\" decoding=\"async\" class=\"aligncenter size-thumbnail wp-image-14974\" src=\"https:\/\/adalgisaalmeida.com.br\/site\/wp-content\/uploads\/2018\/06\/WhatsApp-Image-2019-09-23-at-20.01.59-150x150.jpeg\" alt=\"\" width=\"150\" height=\"150\" srcset=\"https:\/\/adalgisaalmeida.com.br\/site\/wp-content\/uploads\/2018\/06\/WhatsApp-Image-2019-09-23-at-20.01.59-150x150.jpeg 150w, https:\/\/adalgisaalmeida.com.br\/site\/wp-content\/uploads\/2018\/06\/WhatsApp-Image-2019-09-23-at-20.01.59-80x80.jpeg 80w, https:\/\/adalgisaalmeida.com.br\/site\/wp-content\/uploads\/2018\/06\/WhatsApp-Image-2019-09-23-at-20.01.59-85x85.jpeg 85w\" sizes=\"auto, (max-width: 150px) 100vw, 150px\" \/><\/p>\n","protected":false},"excerpt":{"rendered":"<p>T\u00e9cnicas de Confeitaria &#8211; Bala de Coco Recheada Venha aprender a transformar ingredientes simples como a\u00e7\u00facar e leite de coco em deliciosas balas recheadas. Nesta aula voc\u00ea ir\u00e1 aprender a [&hellip;]<\/p>\n","protected":false},"author":4,"featured_media":14952,"comment_status":"closed","ping_status":"closed","template":"","meta":{"_tribe_events_status":"","_tribe_events_status_reason":"","footnotes":""},"tags":[],"tribe_events_cat":[],"class_list":["post-14538","tribe_events","type-tribe_events","status-publish","hentry"],"_links":{"self":[{"href":"https:\/\/adalgisaalmeida.com.br\/site\/wp-json\/wp\/v2\/tribe_events\/14538","targetHints":{"allow":["GET"]}}],"collection":[{"href":"https:\/\/adalgisaalmeida.com.br\/site\/wp-json\/wp\/v2\/tribe_events"}],"about":[{"href":"https:\/\/adalgisaalmeida.com.br\/site\/wp-json\/wp\/v2\/types\/tribe_events"}],"author":[{"embeddable":true,"href":"https:\/\/adalgisaalmeida.com.br\/site\/wp-json\/wp\/v2\/users\/4"}],"replies":[{"embeddable":true,"href":"https:\/\/adalgisaalmeida.com.br\/site\/wp-json\/wp\/v2\/comments?post=14538"}],"version-history":[{"count":11,"href":"https:\/\/adalgisaalmeida.com.br\/site\/wp-json\/wp\/v2\/tribe_events\/14538\/revisions"}],"predecessor-version":[{"id":14975,"href":"https:\/\/adalgisaalmeida.com.br\/site\/wp-json\/wp\/v2\/tribe_events\/14538\/revisions\/14975"}],"wp:featuredmedia":[{"embeddable":true,"href":"https:\/\/adalgisaalmeida.com.br\/site\/wp-json\/wp\/v2\/media\/14952"}],"wp:attachment":[{"href":"https:\/\/adalgisaalmeida.com.br\/site\/wp-json\/wp\/v2\/media?parent=14538"}],"wp:term":[{"taxonomy":"post_tag","embeddable":true,"href":"https:\/\/adalgisaalmeida.com.br\/site\/wp-json\/wp\/v2\/tags?post=14538"},{"taxonomy":"tribe_events_cat","embeddable":true,"href":"https:\/\/adalgisaalmeida.com.br\/site\/wp-json\/wp\/v2\/tribe_events_cat?post=14538"}],"curies":[{"name":"wp","href":"https:\/\/api.w.org\/{rel}","templated":true}]}}

Técnicas de Confeitaria &#8211; Bala de Coco Recheada com Rafael Barros [aula demonstrativa]

<p><span style="color: #222222;"><span style="font-family: 'Arial Narrow', sans-serif;"><span style="font-size: medium;"><b>Técnicas de Confeitaria &#8211; Bala de Coco Recheada</b></span></span></span></p>
<div>Venha aprender a transformar ingredientes simples como açúcar e leite de coco em deliciosas balas recheadas.</div>
<div>Nesta aula você irá aprender a técnica de bala de coco simples, gelada e ainda aprender a fazer balas recheadas de camafeu, brigadeiro e outros recheios divinos (formulações de recheios incluso).</div>
<p><span style="color: #222222;"><span style="font-family: 'Arial Narrow', sans-serif;"><span style="font-size: medium;"><span style="color: #000000;"><b>Outras Informações</b></span><span style="color: #000000;"><br />
Realização:21</span><span style="color: #000000;">/10</span><span style="color: #000000;">/201</span><span style="color: #000000;">9</span><span style="color: #000000;"> das 9:00 às 12:00 horas</span><span style="color: #000000;"><br />
Requisito: Idade mínima de 16 anos. Curso Demonstrativo.<br />
Carga Horária: </span><span style="color: #000000;">3</span> <span style="color: #000000;">horas</span><span style="color: #000000;">.<br />
Professor: </span><span style="color: #000000;">Rafael Barros</span></span></span></span></p>
<p><span style="color: #000000;"><span style="font-family: 'Arial Narrow', sans-serif;"><span style="font-size: medium;"><b>Investimento:</b></span></span></span><span style="color: #000000;"><span style="font-family: 'Arial Narrow', sans-serif;"><span style="font-size: medium;"><br />
R$100 em até 3x no cartão ou<br />
R$90 (valor com 10% de desconto para pagamento em dinheiro, por depósito ou transferência bancária )<br />
</span></span></span></p>
<p><span style="font-family: 'Arial Narrow', sans-serif;"><span style="font-size: medium;">Para se inscrever, entre em contato com a central de inscrições no telefone (31) 9 8878-0836 (Whatsapp)</span></span></p>
<p><img loading="lazy" decoding="async" class="aligncenter size-thumbnail wp-image-14970" src="https://adalgisaalmeida.com.br/site/wp-content/uploads/2018/06/WhatsApp-Image-2019-09-23-at-20.02.00-150x150.jpeg" alt="" width="150" height="150" srcset="https://adalgisaalmeida.com.br/site/wp-content/uploads/2018/06/WhatsApp-Image-2019-09-23-at-20.02.00-150x150.jpeg 150w, https://adalgisaalmeida.com.br/site/wp-content/uploads/2018/06/WhatsApp-Image-2019-09-23-at-20.02.00-80x80.jpeg 80w, https://adalgisaalmeida.com.br/site/wp-content/uploads/2018/06/WhatsApp-Image-2019-09-23-at-20.02.00-85x85.jpeg 85w" sizes="auto, (max-width: 150px) 100vw, 150px" /> <img loading="lazy" decoding="async" class="aligncenter size-thumbnail wp-image-14971" src="https://adalgisaalmeida.com.br/site/wp-content/uploads/2018/06/WhatsApp-Image-2019-09-23-at-20.01.59-3-150x150.jpeg" alt="" width="150" height="150" srcset="https://adalgisaalmeida.com.br/site/wp-content/uploads/2018/06/WhatsApp-Image-2019-09-23-at-20.01.59-3-150x150.jpeg 150w, https://adalgisaalmeida.com.br/site/wp-content/uploads/2018/06/WhatsApp-Image-2019-09-23-at-20.01.59-3-80x80.jpeg 80w, https://adalgisaalmeida.com.br/site/wp-content/uploads/2018/06/WhatsApp-Image-2019-09-23-at-20.01.59-3-85x85.jpeg 85w" sizes="auto, (max-width: 150px) 100vw, 150px" /> <img loading="lazy" decoding="async" class="aligncenter size-thumbnail wp-image-14972" src="https://adalgisaalmeida.com.br/site/wp-content/uploads/2018/06/WhatsApp-Image-2019-09-23-at-20.01.59-2-150x150.jpeg" alt="" width="150" height="150" srcset="https://adalgisaalmeida.com.br/site/wp-content/uploads/2018/06/WhatsApp-Image-2019-09-23-at-20.01.59-2-150x150.jpeg 150w, https://adalgisaalmeida.com.br/site/wp-content/uploads/2018/06/WhatsApp-Image-2019-09-23-at-20.01.59-2-80x80.jpeg 80w, https://adalgisaalmeida.com.br/site/wp-content/uploads/2018/06/WhatsApp-Image-2019-09-23-at-20.01.59-2-85x85.jpeg 85w" sizes="auto, (max-width: 150px) 100vw, 150px" /> <img loading="lazy" decoding="async" class="aligncenter size-thumbnail wp-image-14973" src="https://adalgisaalmeida.com.br/site/wp-content/uploads/2018/06/WhatsApp-Image-2019-09-23-at-20.01.59-1-150x150.jpeg" alt="" width="150" height="150" srcset="https://adalgisaalmeida.com.br/site/wp-content/uploads/2018/06/WhatsApp-Image-2019-09-23-at-20.01.59-1-150x150.jpeg 150w, https://adalgisaalmeida.com.br/site/wp-content/uploads/2018/06/WhatsApp-Image-2019-09-23-at-20.01.59-1-80x80.jpeg 80w, https://adalgisaalmeida.com.br/site/wp-content/uploads/2018/06/WhatsApp-Image-2019-09-23-at-20.01.59-1-85x85.jpeg 85w" sizes="auto, (max-width: 150px) 100vw, 150px" /> <img loading="lazy" decoding="async" class="aligncenter size-thumbnail wp-image-14974" src="https://adalgisaalmeida.com.br/site/wp-content/uploads/2018/06/WhatsApp-Image-2019-09-23-at-20.01.59-150x150.jpeg" alt="" width="150" height="150" srcset="https://adalgisaalmeida.com.br/site/wp-content/uploads/2018/06/WhatsApp-Image-2019-09-23-at-20.01.59-150x150.jpeg 150w, https://adalgisaalmeida.com.br/site/wp-content/uploads/2018/06/WhatsApp-Image-2019-09-23-at-20.01.59-80x80.jpeg 80w, https://adalgisaalmeida.com.br/site/wp-content/uploads/2018/06/WhatsApp-Image-2019-09-23-at-20.01.59-85x85.jpeg 85w" sizes="auto, (max-width: 150px) 100vw, 150px" /></p>

<p>Técnicas de Confeitaria &#8211; Bala de Coco Recheada Venha aprender a transformar ingredientes simples como açúcar e leite de coco em deliciosas balas recheadas. Nesta aula você irá aprender a [&hellip;]</p>
