{"id":14536,"date":"2018-06-01T16:39:42","date_gmt":"2018-06-01T19:39:42","guid":{"rendered":"https:\/\/adalgisaalmeida.com.br\/site\/?post_type=tribe_events&#038;p=14536"},"modified":"2019-09-26T01:53:42","modified_gmt":"2019-09-26T04:53:42","slug":"donuts-e-sonhos-com-rafael-barros","status":"publish","type":"tribe_events","link":"https:\/\/adalgisaalmeida.com.br\/site\/event\/donuts-e-sonhos-com-rafael-barros\/","title":{"rendered":"T\u00e9cnicas de Confeitaria &#8211; Donuts e Sonhos com Rafael Barros [aula demonstrativa]"},"content":{"rendered":"<p><span style=\"color: #222222;\"><span style=\"font-family: 'Arial Narrow', sans-serif;\"><span style=\"font-size: medium;\"><b>T\u00e9cnicas de Confeitaria &#8211; Donuts e Sonhos<\/b><\/span><\/span><\/span><\/p>\n<p><span style=\"color: #222222;\"><span style=\"font-family: 'Arial Narrow', sans-serif;\"><span style=\"font-size: medium;\">Neste curso o Chef Rafael\u00a0<\/span><\/span><\/span>ir\u00e1 abordar a massa cl\u00e1ssica de Donuts e diversas t\u00e9cnicas para recheios e coberturas.<\/p>\n<p>Diferentes tipos de a\u00e7\u00facar, coberturas com fondant, glazed, ganache e chocolate.<\/p>\n<p>Recheios de Creme Bavarian, gel\u00e9ias, ganaches e doce de leite.<\/p>\n<p>T\u00e9cnicas para a Fritura ideal e ainda os mini Donuts<\/p>\n<pre><span style=\"color: #222222;\"><span style=\"font-family: 'Arial Narrow', sans-serif;\"><span style=\"font-size: medium;\"><span style=\"color: #000000;\"><b>Outras Informa\u00e7\u00f5es<\/b><\/span><span style=\"color: #000000;\">\r\n Realiza\u00e7\u00e3o:21<\/span><span style=\"color: #000000;\">\/10<\/span><span style=\"color: #000000;\">\/201<\/span><span style=\"color: #000000;\">9<\/span><span style=\"color: #000000;\"> das 14:00 \u00e0s 18:00<\/span><span style=\"color: #000000;\">\r\n Requisito: Idade m\u00ednima de 16 anos. Curso Demonstrativo.\r\n Carga Hor\u00e1ria: 4 <\/span><span style=\"color: #000000;\">horas<\/span><span style=\"color: #000000;\">.\r\n Professor: <\/span><span style=\"color: #000000;\">Rafael Barros<\/span><\/span><\/span><\/span><\/pre>\n<p><span style=\"color: #000000;\"><span style=\"font-family: 'Arial Narrow', sans-serif;\"><span style=\"font-size: medium;\"><b>Investimento:<\/b><\/span><\/span><\/span><span style=\"color: #000000;\"><span style=\"font-family: 'Arial Narrow', sans-serif;\"><span style=\"font-size: medium;\"><br \/>\nR$132 em at\u00e9 3x no cart\u00e3o ou<br \/>\nR$120 (valor com 10% de desconto para pagamento em dinheiro, por dep\u00f3sito ou transfer\u00eancia banc\u00e1ria )<br \/>\n<\/span><\/span><\/span><\/p>\n<p><span style=\"font-family: 'Arial Narrow', sans-serif;\"><span style=\"font-size: medium;\">Para se inscrever, entre em contato com a central de inscri\u00e7\u00f5es no telefone (31) 9 8878-0836 (Whatsapp)<\/span><\/span><\/p>\n<p><img loading=\"lazy\" decoding=\"async\" class=\"aligncenter size-thumbnail wp-image-14976\" src=\"https:\/\/adalgisaalmeida.com.br\/site\/wp-content\/uploads\/2018\/06\/WhatsApp-Image-2019-09-23-at-20.04.12-1-150x150.jpeg\" alt=\"\" width=\"150\" height=\"150\" srcset=\"https:\/\/adalgisaalmeida.com.br\/site\/wp-content\/uploads\/2018\/06\/WhatsApp-Image-2019-09-23-at-20.04.12-1-150x150.jpeg 150w, https:\/\/adalgisaalmeida.com.br\/site\/wp-content\/uploads\/2018\/06\/WhatsApp-Image-2019-09-23-at-20.04.12-1-80x80.jpeg 80w, https:\/\/adalgisaalmeida.com.br\/site\/wp-content\/uploads\/2018\/06\/WhatsApp-Image-2019-09-23-at-20.04.12-1-85x85.jpeg 85w\" sizes=\"auto, (max-width: 150px) 100vw, 150px\" \/> <img loading=\"lazy\" decoding=\"async\" class=\"aligncenter size-thumbnail wp-image-14977\" src=\"https:\/\/adalgisaalmeida.com.br\/site\/wp-content\/uploads\/2018\/06\/WhatsApp-Image-2019-09-23-at-20.04.12-150x150.jpeg\" alt=\"\" width=\"150\" height=\"150\" srcset=\"https:\/\/adalgisaalmeida.com.br\/site\/wp-content\/uploads\/2018\/06\/WhatsApp-Image-2019-09-23-at-20.04.12-150x150.jpeg 150w, https:\/\/adalgisaalmeida.com.br\/site\/wp-content\/uploads\/2018\/06\/WhatsApp-Image-2019-09-23-at-20.04.12-80x80.jpeg 80w, https:\/\/adalgisaalmeida.com.br\/site\/wp-content\/uploads\/2018\/06\/WhatsApp-Image-2019-09-23-at-20.04.12-85x85.jpeg 85w\" sizes=\"auto, (max-width: 150px) 100vw, 150px\" \/> <img loading=\"lazy\" decoding=\"async\" class=\"aligncenter size-thumbnail wp-image-14978\" src=\"https:\/\/adalgisaalmeida.com.br\/site\/wp-content\/uploads\/2018\/06\/WhatsApp-Image-2019-09-23-at-20.04.11-150x150.jpeg\" alt=\"\" width=\"150\" height=\"150\" srcset=\"https:\/\/adalgisaalmeida.com.br\/site\/wp-content\/uploads\/2018\/06\/WhatsApp-Image-2019-09-23-at-20.04.11-150x150.jpeg 150w, https:\/\/adalgisaalmeida.com.br\/site\/wp-content\/uploads\/2018\/06\/WhatsApp-Image-2019-09-23-at-20.04.11-80x80.jpeg 80w, https:\/\/adalgisaalmeida.com.br\/site\/wp-content\/uploads\/2018\/06\/WhatsApp-Image-2019-09-23-at-20.04.11-85x85.jpeg 85w\" sizes=\"auto, (max-width: 150px) 100vw, 150px\" \/><\/p>\n","protected":false},"excerpt":{"rendered":"<p>T\u00e9cnicas de Confeitaria &#8211; Donuts e Sonhos Neste curso o Chef Rafael\u00a0ir\u00e1 abordar a massa cl\u00e1ssica de Donuts e diversas t\u00e9cnicas para recheios e coberturas. Diferentes tipos de a\u00e7\u00facar, coberturas [&hellip;]<\/p>\n","protected":false},"author":4,"featured_media":14949,"comment_status":"closed","ping_status":"closed","template":"","meta":{"_tribe_events_status":"","_tribe_events_status_reason":"","footnotes":""},"tags":[],"tribe_events_cat":[],"class_list":["post-14536","tribe_events","type-tribe_events","status-publish","hentry"],"_links":{"self":[{"href":"https:\/\/adalgisaalmeida.com.br\/site\/wp-json\/wp\/v2\/tribe_events\/14536","targetHints":{"allow":["GET"]}}],"collection":[{"href":"https:\/\/adalgisaalmeida.com.br\/site\/wp-json\/wp\/v2\/tribe_events"}],"about":[{"href":"https:\/\/adalgisaalmeida.com.br\/site\/wp-json\/wp\/v2\/types\/tribe_events"}],"author":[{"embeddable":true,"href":"https:\/\/adalgisaalmeida.com.br\/site\/wp-json\/wp\/v2\/users\/4"}],"replies":[{"embeddable":true,"href":"https:\/\/adalgisaalmeida.com.br\/site\/wp-json\/wp\/v2\/comments?post=14536"}],"version-history":[{"count":12,"href":"https:\/\/adalgisaalmeida.com.br\/site\/wp-json\/wp\/v2\/tribe_events\/14536\/revisions"}],"predecessor-version":[{"id":14979,"href":"https:\/\/adalgisaalmeida.com.br\/site\/wp-json\/wp\/v2\/tribe_events\/14536\/revisions\/14979"}],"wp:featuredmedia":[{"embeddable":true,"href":"https:\/\/adalgisaalmeida.com.br\/site\/wp-json\/wp\/v2\/media\/14949"}],"wp:attachment":[{"href":"https:\/\/adalgisaalmeida.com.br\/site\/wp-json\/wp\/v2\/media?parent=14536"}],"wp:term":[{"taxonomy":"post_tag","embeddable":true,"href":"https:\/\/adalgisaalmeida.com.br\/site\/wp-json\/wp\/v2\/tags?post=14536"},{"taxonomy":"tribe_events_cat","embeddable":true,"href":"https:\/\/adalgisaalmeida.com.br\/site\/wp-json\/wp\/v2\/tribe_events_cat?post=14536"}],"curies":[{"name":"wp","href":"https:\/\/api.w.org\/{rel}","templated":true}]}}

Técnicas de Confeitaria &#8211; Donuts e Sonhos com Rafael Barros [aula demonstrativa]

<p><span style="color: #222222;"><span style="font-family: 'Arial Narrow', sans-serif;"><span style="font-size: medium;"><b>Técnicas de Confeitaria &#8211; Donuts e Sonhos</b></span></span></span></p>
<p><span style="color: #222222;"><span style="font-family: 'Arial Narrow', sans-serif;"><span style="font-size: medium;">Neste curso o Chef Rafael </span></span></span>irá abordar a massa clássica de Donuts e diversas técnicas para recheios e coberturas.</p>
<p>Diferentes tipos de açúcar, coberturas com fondant, glazed, ganache e chocolate.</p>
<p>Recheios de Creme Bavarian, geléias, ganaches e doce de leite.</p>
<p>Técnicas para a Fritura ideal e ainda os mini Donuts</p>
<pre><span style="color: #222222;"><span style="font-family: 'Arial Narrow', sans-serif;"><span style="font-size: medium;"><span style="color: #000000;"><b>Outras Informações</b></span><span style="color: #000000;">
 Realização:21</span><span style="color: #000000;">/10</span><span style="color: #000000;">/201</span><span style="color: #000000;">9</span><span style="color: #000000;"> das 14:00 às 18:00</span><span style="color: #000000;">
 Requisito: Idade mínima de 16 anos. Curso Demonstrativo.
 Carga Horária: 4 </span><span style="color: #000000;">horas</span><span style="color: #000000;">.
 Professor: </span><span style="color: #000000;">Rafael Barros</span></span></span></span></pre>
<p><span style="color: #000000;"><span style="font-family: 'Arial Narrow', sans-serif;"><span style="font-size: medium;"><b>Investimento:</b></span></span></span><span style="color: #000000;"><span style="font-family: 'Arial Narrow', sans-serif;"><span style="font-size: medium;"><br />
R$132 em até 3x no cartão ou<br />
R$120 (valor com 10% de desconto para pagamento em dinheiro, por depósito ou transferência bancária )<br />
</span></span></span></p>
<p><span style="font-family: 'Arial Narrow', sans-serif;"><span style="font-size: medium;">Para se inscrever, entre em contato com a central de inscrições no telefone (31) 9 8878-0836 (Whatsapp)</span></span></p>
<p><img loading="lazy" decoding="async" class="aligncenter size-thumbnail wp-image-14976" src="https://adalgisaalmeida.com.br/site/wp-content/uploads/2018/06/WhatsApp-Image-2019-09-23-at-20.04.12-1-150x150.jpeg" alt="" width="150" height="150" srcset="https://adalgisaalmeida.com.br/site/wp-content/uploads/2018/06/WhatsApp-Image-2019-09-23-at-20.04.12-1-150x150.jpeg 150w, https://adalgisaalmeida.com.br/site/wp-content/uploads/2018/06/WhatsApp-Image-2019-09-23-at-20.04.12-1-80x80.jpeg 80w, https://adalgisaalmeida.com.br/site/wp-content/uploads/2018/06/WhatsApp-Image-2019-09-23-at-20.04.12-1-85x85.jpeg 85w" sizes="auto, (max-width: 150px) 100vw, 150px" /> <img loading="lazy" decoding="async" class="aligncenter size-thumbnail wp-image-14977" src="https://adalgisaalmeida.com.br/site/wp-content/uploads/2018/06/WhatsApp-Image-2019-09-23-at-20.04.12-150x150.jpeg" alt="" width="150" height="150" srcset="https://adalgisaalmeida.com.br/site/wp-content/uploads/2018/06/WhatsApp-Image-2019-09-23-at-20.04.12-150x150.jpeg 150w, https://adalgisaalmeida.com.br/site/wp-content/uploads/2018/06/WhatsApp-Image-2019-09-23-at-20.04.12-80x80.jpeg 80w, https://adalgisaalmeida.com.br/site/wp-content/uploads/2018/06/WhatsApp-Image-2019-09-23-at-20.04.12-85x85.jpeg 85w" sizes="auto, (max-width: 150px) 100vw, 150px" /> <img loading="lazy" decoding="async" class="aligncenter size-thumbnail wp-image-14978" src="https://adalgisaalmeida.com.br/site/wp-content/uploads/2018/06/WhatsApp-Image-2019-09-23-at-20.04.11-150x150.jpeg" alt="" width="150" height="150" srcset="https://adalgisaalmeida.com.br/site/wp-content/uploads/2018/06/WhatsApp-Image-2019-09-23-at-20.04.11-150x150.jpeg 150w, https://adalgisaalmeida.com.br/site/wp-content/uploads/2018/06/WhatsApp-Image-2019-09-23-at-20.04.11-80x80.jpeg 80w, https://adalgisaalmeida.com.br/site/wp-content/uploads/2018/06/WhatsApp-Image-2019-09-23-at-20.04.11-85x85.jpeg 85w" sizes="auto, (max-width: 150px) 100vw, 150px" /></p>

<p>Técnicas de Confeitaria &#8211; Donuts e Sonhos Neste curso o Chef Rafael irá abordar a massa clássica de Donuts e diversas técnicas para recheios e coberturas. Diferentes tipos de açúcar, coberturas [&hellip;]</p>
