{"id":14530,"date":"2018-06-01T16:37:44","date_gmt":"2018-06-01T19:37:44","guid":{"rendered":"https:\/\/adalgisaalmeida.com.br\/site\/?post_type=tribe_events&#038;p=14530"},"modified":"2019-09-26T00:26:16","modified_gmt":"2019-09-26T03:26:16","slug":"tecnicas-de-confeitaria-macarons-classicos-com-rafael-barros-aula-demonstrativa","status":"publish","type":"tribe_events","link":"https:\/\/adalgisaalmeida.com.br\/site\/event\/tecnicas-de-confeitaria-macarons-classicos-com-rafael-barros-aula-demonstrativa\/","title":{"rendered":"T\u00e9cnicas de Confeitaria &#8211; Macarons Cl\u00e1ssicos com Rafael Barros [aula demonstrativa]"},"content":{"rendered":"<p><span style=\"font-family: 'arial black', sans-serif;\"><u><b>T\u00e9cnicas de Confeitaria &#8211; Macarons Cl\u00e1ssicos<\/b><\/u><\/span><\/p>\n<p>O grande carro chefe da Opera Ganache \u201cMacarons&#8221; com um bom twist brasileiro<br \/>\nVoc\u00ea ser\u00e1 capaz de preparar a massa do macarons, modelar, assar, rechear e ainda como armazena-los.<\/p>\n<div>Receita cl\u00e1ssica de ganache e creme manteiga (buttercream) e dicas preciosas para comercializar os macarons e ter muito sucesso.<br \/>\nTodas as informa\u00e7\u00f5es necess\u00e1rias para incluir este produto no seu card\u00e1pio e deixar seus clientes encantados.<\/div>\n<pre><span style=\"color: #222222;\"><span style=\"font-family: 'Arial Narrow', sans-serif;\"><span style=\"font-size: medium;\"><span style=\"color: #000000;\"><b>Outras Informa\u00e7\u00f5es<\/b><\/span><span style=\"color: #000000;\">\r\n Realiza\u00e7\u00e3o:22<\/span><span style=\"color: #000000;\">\/10<\/span><span style=\"color: #000000;\">\/201<\/span><span style=\"color: #000000;\">9<\/span><span style=\"color: #000000;\"> das 9:00 \u00e0s 12:00<\/span><span style=\"color: #000000;\">\r\n Requisito: Idade m\u00ednima de 16 anos. Curso Demonstrativo.\r\n Carga Hor\u00e1ria: 3 <\/span><span style=\"color: #000000;\">horas<\/span><span style=\"color: #000000;\">.\r\n Professor: <\/span><span style=\"color: #000000;\">Rafael Barros<\/span><\/span><\/span><\/span><\/pre>\n<p><span style=\"color: #000000;\"><span style=\"font-family: 'Arial Narrow', sans-serif;\"><span style=\"font-size: medium;\"><b>Investimento:<\/b><\/span><\/span><\/span><span style=\"color: #000000;\"><span style=\"font-family: 'Arial Narrow', sans-serif;\"><span style=\"font-size: medium;\"><br \/>\nR$165 em at\u00e9 3x no cart\u00e3o ou<br \/>\nR$150 (valor com 10% de desconto para pagamento em dinheiro, por dep\u00f3sito ou transfer\u00eancia banc\u00e1ria )<br \/>\n<\/span><\/span><\/span><\/p>\n<p><span style=\"font-family: 'Arial Narrow', sans-serif;\"><span style=\"font-size: medium;\">Para se inscrever, entre em contato com a central de inscri\u00e7\u00f5es no telefone (31) 9 8878-0836 (Whatsapp)<\/span><\/span><\/p>\n<p>&nbsp;<\/p>\n<p><img loading=\"lazy\" decoding=\"async\" class=\"aligncenter size-thumbnail wp-image-14953\" src=\"https:\/\/adalgisaalmeida.com.br\/site\/wp-content\/uploads\/2018\/06\/WhatsApp-Image-2019-09-23-at-20.01.58-2-150x150.jpeg\" alt=\"\" width=\"150\" height=\"150\" srcset=\"https:\/\/adalgisaalmeida.com.br\/site\/wp-content\/uploads\/2018\/06\/WhatsApp-Image-2019-09-23-at-20.01.58-2-150x150.jpeg 150w, https:\/\/adalgisaalmeida.com.br\/site\/wp-content\/uploads\/2018\/06\/WhatsApp-Image-2019-09-23-at-20.01.58-2-80x80.jpeg 80w, https:\/\/adalgisaalmeida.com.br\/site\/wp-content\/uploads\/2018\/06\/WhatsApp-Image-2019-09-23-at-20.01.58-2-85x85.jpeg 85w\" sizes=\"auto, (max-width: 150px) 100vw, 150px\" \/> <img loading=\"lazy\" decoding=\"async\" class=\"aligncenter size-thumbnail wp-image-14954\" src=\"https:\/\/adalgisaalmeida.com.br\/site\/wp-content\/uploads\/2018\/06\/WhatsApp-Image-2019-09-23-at-20.01.58-1-150x150.jpeg\" alt=\"\" width=\"150\" height=\"150\" srcset=\"https:\/\/adalgisaalmeida.com.br\/site\/wp-content\/uploads\/2018\/06\/WhatsApp-Image-2019-09-23-at-20.01.58-1-150x150.jpeg 150w, https:\/\/adalgisaalmeida.com.br\/site\/wp-content\/uploads\/2018\/06\/WhatsApp-Image-2019-09-23-at-20.01.58-1-80x80.jpeg 80w, https:\/\/adalgisaalmeida.com.br\/site\/wp-content\/uploads\/2018\/06\/WhatsApp-Image-2019-09-23-at-20.01.58-1-85x85.jpeg 85w\" sizes=\"auto, (max-width: 150px) 100vw, 150px\" \/> <img loading=\"lazy\" decoding=\"async\" class=\"aligncenter size-thumbnail wp-image-14955\" src=\"https:\/\/adalgisaalmeida.com.br\/site\/wp-content\/uploads\/2018\/06\/WhatsApp-Image-2019-09-23-at-20.01.58-150x150.jpeg\" alt=\"\" width=\"150\" height=\"150\" srcset=\"https:\/\/adalgisaalmeida.com.br\/site\/wp-content\/uploads\/2018\/06\/WhatsApp-Image-2019-09-23-at-20.01.58-150x150.jpeg 150w, https:\/\/adalgisaalmeida.com.br\/site\/wp-content\/uploads\/2018\/06\/WhatsApp-Image-2019-09-23-at-20.01.58-80x80.jpeg 80w, https:\/\/adalgisaalmeida.com.br\/site\/wp-content\/uploads\/2018\/06\/WhatsApp-Image-2019-09-23-at-20.01.58-85x85.jpeg 85w\" sizes=\"auto, (max-width: 150px) 100vw, 150px\" \/><\/p>\n","protected":false},"excerpt":{"rendered":"<p>T\u00e9cnicas de Confeitaria &#8211; Macarons Cl\u00e1ssicos O grande carro chefe da Opera Ganache \u201cMacarons&#8221; com um bom twist brasileiro Voc\u00ea ser\u00e1 capaz de preparar a massa do macarons, modelar, assar, [&hellip;]<\/p>\n","protected":false},"author":4,"featured_media":14947,"comment_status":"closed","ping_status":"closed","template":"","meta":{"_tribe_events_status":"","_tribe_events_status_reason":"","footnotes":""},"tags":[],"tribe_events_cat":[],"class_list":["post-14530","tribe_events","type-tribe_events","status-publish","hentry"],"_links":{"self":[{"href":"https:\/\/adalgisaalmeida.com.br\/site\/wp-json\/wp\/v2\/tribe_events\/14530","targetHints":{"allow":["GET"]}}],"collection":[{"href":"https:\/\/adalgisaalmeida.com.br\/site\/wp-json\/wp\/v2\/tribe_events"}],"about":[{"href":"https:\/\/adalgisaalmeida.com.br\/site\/wp-json\/wp\/v2\/types\/tribe_events"}],"author":[{"embeddable":true,"href":"https:\/\/adalgisaalmeida.com.br\/site\/wp-json\/wp\/v2\/users\/4"}],"replies":[{"embeddable":true,"href":"https:\/\/adalgisaalmeida.com.br\/site\/wp-json\/wp\/v2\/comments?post=14530"}],"version-history":[{"count":13,"href":"https:\/\/adalgisaalmeida.com.br\/site\/wp-json\/wp\/v2\/tribe_events\/14530\/revisions"}],"predecessor-version":[{"id":14956,"href":"https:\/\/adalgisaalmeida.com.br\/site\/wp-json\/wp\/v2\/tribe_events\/14530\/revisions\/14956"}],"wp:featuredmedia":[{"embeddable":true,"href":"https:\/\/adalgisaalmeida.com.br\/site\/wp-json\/wp\/v2\/media\/14947"}],"wp:attachment":[{"href":"https:\/\/adalgisaalmeida.com.br\/site\/wp-json\/wp\/v2\/media?parent=14530"}],"wp:term":[{"taxonomy":"post_tag","embeddable":true,"href":"https:\/\/adalgisaalmeida.com.br\/site\/wp-json\/wp\/v2\/tags?post=14530"},{"taxonomy":"tribe_events_cat","embeddable":true,"href":"https:\/\/adalgisaalmeida.com.br\/site\/wp-json\/wp\/v2\/tribe_events_cat?post=14530"}],"curies":[{"name":"wp","href":"https:\/\/api.w.org\/{rel}","templated":true}]}}

Técnicas de Confeitaria &#8211; Macarons Clássicos com Rafael Barros [aula demonstrativa]

<p><span style="font-family: 'arial black', sans-serif;"><u><b>Técnicas de Confeitaria &#8211; Macarons Clássicos</b></u></span></p>
<p>O grande carro chefe da Opera Ganache “Macarons&#8221; com um bom twist brasileiro<br />
Você será capaz de preparar a massa do macarons, modelar, assar, rechear e ainda como armazena-los.</p>
<div>Receita clássica de ganache e creme manteiga (buttercream) e dicas preciosas para comercializar os macarons e ter muito sucesso.<br />
Todas as informações necessárias para incluir este produto no seu cardápio e deixar seus clientes encantados.</div>
<pre><span style="color: #222222;"><span style="font-family: 'Arial Narrow', sans-serif;"><span style="font-size: medium;"><span style="color: #000000;"><b>Outras Informações</b></span><span style="color: #000000;">
 Realização:22</span><span style="color: #000000;">/10</span><span style="color: #000000;">/201</span><span style="color: #000000;">9</span><span style="color: #000000;"> das 9:00 às 12:00</span><span style="color: #000000;">
 Requisito: Idade mínima de 16 anos. Curso Demonstrativo.
 Carga Horária: 3 </span><span style="color: #000000;">horas</span><span style="color: #000000;">.
 Professor: </span><span style="color: #000000;">Rafael Barros</span></span></span></span></pre>
<p><span style="color: #000000;"><span style="font-family: 'Arial Narrow', sans-serif;"><span style="font-size: medium;"><b>Investimento:</b></span></span></span><span style="color: #000000;"><span style="font-family: 'Arial Narrow', sans-serif;"><span style="font-size: medium;"><br />
R$165 em até 3x no cartão ou<br />
R$150 (valor com 10% de desconto para pagamento em dinheiro, por depósito ou transferência bancária )<br />
</span></span></span></p>
<p><span style="font-family: 'Arial Narrow', sans-serif;"><span style="font-size: medium;">Para se inscrever, entre em contato com a central de inscrições no telefone (31) 9 8878-0836 (Whatsapp)</span></span></p>
<p>&nbsp;</p>
<p><img loading="lazy" decoding="async" class="aligncenter size-thumbnail wp-image-14953" src="https://adalgisaalmeida.com.br/site/wp-content/uploads/2018/06/WhatsApp-Image-2019-09-23-at-20.01.58-2-150x150.jpeg" alt="" width="150" height="150" srcset="https://adalgisaalmeida.com.br/site/wp-content/uploads/2018/06/WhatsApp-Image-2019-09-23-at-20.01.58-2-150x150.jpeg 150w, https://adalgisaalmeida.com.br/site/wp-content/uploads/2018/06/WhatsApp-Image-2019-09-23-at-20.01.58-2-80x80.jpeg 80w, https://adalgisaalmeida.com.br/site/wp-content/uploads/2018/06/WhatsApp-Image-2019-09-23-at-20.01.58-2-85x85.jpeg 85w" sizes="auto, (max-width: 150px) 100vw, 150px" /> <img loading="lazy" decoding="async" class="aligncenter size-thumbnail wp-image-14954" src="https://adalgisaalmeida.com.br/site/wp-content/uploads/2018/06/WhatsApp-Image-2019-09-23-at-20.01.58-1-150x150.jpeg" alt="" width="150" height="150" srcset="https://adalgisaalmeida.com.br/site/wp-content/uploads/2018/06/WhatsApp-Image-2019-09-23-at-20.01.58-1-150x150.jpeg 150w, https://adalgisaalmeida.com.br/site/wp-content/uploads/2018/06/WhatsApp-Image-2019-09-23-at-20.01.58-1-80x80.jpeg 80w, https://adalgisaalmeida.com.br/site/wp-content/uploads/2018/06/WhatsApp-Image-2019-09-23-at-20.01.58-1-85x85.jpeg 85w" sizes="auto, (max-width: 150px) 100vw, 150px" /> <img loading="lazy" decoding="async" class="aligncenter size-thumbnail wp-image-14955" src="https://adalgisaalmeida.com.br/site/wp-content/uploads/2018/06/WhatsApp-Image-2019-09-23-at-20.01.58-150x150.jpeg" alt="" width="150" height="150" srcset="https://adalgisaalmeida.com.br/site/wp-content/uploads/2018/06/WhatsApp-Image-2019-09-23-at-20.01.58-150x150.jpeg 150w, https://adalgisaalmeida.com.br/site/wp-content/uploads/2018/06/WhatsApp-Image-2019-09-23-at-20.01.58-80x80.jpeg 80w, https://adalgisaalmeida.com.br/site/wp-content/uploads/2018/06/WhatsApp-Image-2019-09-23-at-20.01.58-85x85.jpeg 85w" sizes="auto, (max-width: 150px) 100vw, 150px" /></p>

<p>Técnicas de Confeitaria &#8211; Macarons Clássicos O grande carro chefe da Opera Ganache “Macarons&#8221; com um bom twist brasileiro Você será capaz de preparar a massa do macarons, modelar, assar, [&hellip;]</p>
