{"id":14231,"date":"2018-02-14T17:26:27","date_gmt":"2018-02-14T20:26:27","guid":{"rendered":"https:\/\/adalgisaalmeida.com.br\/site\/?post_type=tribe_events&#038;p=14231"},"modified":"2018-08-23T11:05:01","modified_gmt":"2018-08-23T14:05:01","slug":"cursos-de-confeitaria-pasta-americana-pratico-17-03-2018","status":"publish","type":"tribe_events","link":"https:\/\/adalgisaalmeida.com.br\/site\/event\/cursos-de-confeitaria-pasta-americana-pratico-17-03-2018\/","title":{"rendered":"Cursos de Confeitaria &#8211; Pastas de A\u00e7\u00facar  11\/09\/2018 [pr\u00e1tico]"},"content":{"rendered":"<p><span style=\"color: #1d2129;\"><span style=\"font-family: 'Arial Narrow', sans-serif;\"><span style=\"font-size: medium;\"><b>Curso Pastas de A\u00e7\u00facar<\/b><\/span><\/span><\/span><\/p>\n<p>&nbsp;<\/p>\n<p><span style=\"color: #1d2129;\"><span style=\"font-family: 'Arial Narrow', sans-serif;\"><span style=\"font-size: medium;\">Adalgisa Almeida preparou um curso especial em 6 horas de aula, trazendo conceitos introdut\u00f3rios e t\u00e9cnicas fundamentais de forma\u00e7\u00e3o em confeitaria para aqueles que desejam produzir as suas pr\u00f3prias pastas de a\u00e7\u00facar.<\/span><\/span><\/span><\/p>\n<p><span style=\"color: #1d2129;\"><span style=\"font-family: 'Arial Narrow', sans-serif;\"><span style=\"font-size: medium;\">O objetivo deste curso \u00e9 capacitar o aluno atrav\u00e9s dos conhecimentos b\u00e1sicos necess\u00e1rios para a produ\u00e7\u00e3o e aplica\u00e7\u00e3o de pasta americana em bolos, produ\u00e7\u00e3o da massa para flores e massa el\u00e1stica.<\/span><\/span><\/span><\/p>\n<p><span style=\"font-family: 'Times New Roman', serif;\"><span style=\"font-size: medium;\"><span style=\"color: #1d2129;\"><span style=\"font-family: 'Arial Narrow', sans-serif;\">A aula inclui todo o material disponibilizado para a pr\u00e1tica, apostila em cores com passo a passo e certificado.<\/span><\/span><\/span><\/span><\/p>\n<div>Conte\u00fado:<\/div>\n<div><\/div>\n<div>A professora vai fazer<\/div>\n<div><\/div>\n<div>&#8211; Produ\u00e7\u00e3o da massa el\u00e1stica caseira<\/div>\n<div>&#8211; Produ\u00e7\u00e3o da massa para flores caseira<\/div>\n<div>&#8211; T\u00e9cnica de Colora\u00e7\u00e3o das pastas de a\u00e7\u00facar<\/div>\n<div>&#8211; T\u00e9cnica de Marmoriza\u00e7\u00e3o de pastas de a\u00e7\u00facar<\/div>\n<div>&#8211; Produ\u00e7\u00e3o de cola de CMC<\/div>\n<div><\/div>\n<div>Todos v\u00e3o fazer<\/div>\n<div><\/div>\n<div>&#8211; Produ\u00e7\u00e3o da pasta americana caseira<\/div>\n<div>&#8211; T\u00e9cnica de sovar e abrir a pasta americana<\/div>\n<div>&#8211; Aplica\u00e7\u00e3o da pasta americana caseira no bolo falso, valorizando as laterais retas e as quinas perfeitas<\/div>\n<div>&#8211; Confec\u00e7\u00e3o de la\u00e7o simples<\/div>\n<p><span style=\"font-family: 'Times New Roman', serif;\"><span style=\"font-size: medium;\"><span style=\"font-family: 'Arial Narrow', sans-serif;\"><b>Metodologia:<\/b><\/span><\/span><\/span><\/p>\n<p><span style=\"font-family: 'Times New Roman', serif;\"><span style=\"font-size: medium;\"><span style=\"color: #1d2129;\"><span style=\"font-family: 'Arial Narrow', sans-serif;\">O curso \u00e9 pr\u00e1tico, com momentos alternados entre a demonstra\u00e7\u00e3o da professora e fundamenta\u00e7\u00e3o te\u00f3rica. Os alunos ser\u00e3o orientados dinamicamente nas etapas das aulas, com o objetivo de, ao final do curso, terem aprendido o passo a passo de como fazer e aplicar a pasta americana no bolo. As pastas para flores, massa el\u00e1stica e outras t\u00e9cnicas ser\u00e3o apenas demonstradas pela professora.<\/span><\/span><\/span><\/span><\/p>\n<p><span style=\"font-family: 'Times New Roman', serif;\"><span style=\"font-size: medium;\"><span style=\"color: #1d2129;\"><span style=\"font-family: 'Arial Narrow', sans-serif;\">Cada aluno cobrir\u00e1 o seu bolo falso com pasta americana e o levar\u00e1 para casa.<\/span><\/span><\/span><\/span><\/p>\n<p><span style=\"font-family: 'Times New Roman', serif;\"><span style=\"font-size: medium;\"><span style=\"color: #1d2129;\"><span style=\"font-family: 'Arial Narrow', sans-serif;\"><b>Informa\u00e7\u00f5es Gerais<\/b><\/span><\/span><\/span><\/span><\/p>\n<p><span style=\"font-family: 'Times New Roman', serif;\"><span style=\"font-size: medium;\"><span style=\"color: #1d2129;\"><span style=\"font-family: 'Arial Narrow', sans-serif;\">Requisito: idade m\u00ednima de 16 anos.<\/span><\/span><\/span><\/span><\/p>\n<p><span style=\"font-family: 'Times New Roman', serif;\"><span style=\"font-size: medium;\"><span style=\"color: #1d2129;\"><span style=\"font-family: 'Arial Narrow', sans-serif;\">Carga Hor\u00e1ria: 6 horas.<\/span><\/span><\/span><\/span><\/p>\n<p><span style=\"font-family: 'Times New Roman', serif;\"><span style=\"font-size: medium;\"><span style=\"color: #1d2129;\"><span style=\"font-family: 'Arial Narrow', sans-serif;\">N\u00famero de vagas: 09<\/span><\/span><\/span><\/span><\/p>\n<p><span style=\"font-family: 'Times New Roman', serif;\"><span style=\"font-size: medium;\"><span style=\"color: #1d2129;\"><span style=\"font-family: 'Arial Narrow', sans-serif;\">P\u00fablico alvo: p\u00fablico geral interessado. Quem deseja aperfei\u00e7oar-se na confeitaria art\u00edstica.<\/span><\/span><\/span><\/span><\/p>\n<p><span style=\"font-family: 'Times New Roman', serif;\"><span style=\"font-size: medium;\"><span style=\"color: #1d2129;\"><span style=\"font-family: 'Arial Narrow', sans-serif;\">Professora: Adalgisa Almeida<\/span><\/span><\/span><\/span><\/p>\n<p><span style=\"font-family: 'Times New Roman', serif;\"><span style=\"font-size: medium;\"><span style=\"color: #1d2129;\"><span style=\"font-family: 'Arial Narrow', sans-serif;\">Realiza\u00e7\u00e3o: dia <\/span><\/span><span style=\"color: #1d2129;\"><span style=\"font-family: 'Arial Narrow', sans-serif;\">11\/09\/2018<\/span><\/span><span style=\"color: #1d2129;\"><span style=\"font-family: 'Arial Narrow', sans-serif;\">, de 09h30 as 17h00<\/span><\/span><\/span><\/span><\/p>\n<p><span style=\"font-family: 'Times New Roman', serif;\"><span style=\"font-size: medium;\"><span style=\"color: #1d2129;\"><span style=\"font-family: 'Arial Narrow', sans-serif;\"><b>Investimento: <\/b><\/span><\/span><\/span><\/span><\/p>\n<p><span style=\"font-family: 'Times New Roman', serif;\"><span style=\"font-size: medium;\"><span style=\"color: #1d2129;\"><span style=\"font-family: 'Arial Narrow', sans-serif;\">R$290\u00a0<\/span><\/span><span style=\"color: #1d2129;\"><span style=\"font-family: 'Arial Narrow', sans-serif;\">em a<\/span><\/span><span style=\"color: #1d2129;\"><span style=\"font-family: 'Arial Narrow', sans-serif;\">t\u00e9 3x sem juros no cart\u00e3o de cr\u00e9dito<\/span><\/span><\/span><\/span><\/p>\n<p><span style=\"font-family: 'Times New Roman', serif;\"><span style=\"font-size: medium;\"><span style=\"color: #1d2129;\"><span style=\"font-family: 'Arial Narrow', sans-serif;\">Desconto de 10% para pagamento \u00e1 vista, via dep\u00f3sito ou transfer\u00eancia banc\u00e1ria: R$261.<\/span><\/span><\/span><\/span><\/p>\n<p>&nbsp;<\/p>\n<p><span style=\"color: #000000;\"><span style=\"font-family: 'Arial Narrow', sans-serif;\"><span style=\"font-size: medium;\">Para se inscrever, entre em contato conosco pelo e-mail <a href=\"mailto:cursos@adalgisaalmeida.com.br\" target=\"_blank\" rel=\"noopener\">cursos@adalgisaalmeida.com.br<\/a><br \/>\nou pela central de inscri\u00e7\u00f5es no telefone (31) 9 97699596 (whatsapp)<\/span><\/span><\/span><\/p>\n","protected":false},"excerpt":{"rendered":"<p>Curso Pastas de A\u00e7\u00facar &nbsp; Adalgisa Almeida preparou um curso especial em 6 horas de aula, trazendo conceitos introdut\u00f3rios e t\u00e9cnicas fundamentais de forma\u00e7\u00e3o em confeitaria para aqueles que desejam [&hellip;]<\/p>\n","protected":false},"author":4,"featured_media":14328,"comment_status":"closed","ping_status":"closed","template":"","meta":{"_tribe_events_status":"","_tribe_events_status_reason":"","footnotes":""},"tags":[],"tribe_events_cat":[],"class_list":["post-14231","tribe_events","type-tribe_events","status-publish","hentry"],"_links":{"self":[{"href":"https:\/\/adalgisaalmeida.com.br\/site\/wp-json\/wp\/v2\/tribe_events\/14231","targetHints":{"allow":["GET"]}}],"collection":[{"href":"https:\/\/adalgisaalmeida.com.br\/site\/wp-json\/wp\/v2\/tribe_events"}],"about":[{"href":"https:\/\/adalgisaalmeida.com.br\/site\/wp-json\/wp\/v2\/types\/tribe_events"}],"author":[{"embeddable":true,"href":"https:\/\/adalgisaalmeida.com.br\/site\/wp-json\/wp\/v2\/users\/4"}],"replies":[{"embeddable":true,"href":"https:\/\/adalgisaalmeida.com.br\/site\/wp-json\/wp\/v2\/comments?post=14231"}],"version-history":[{"count":10,"href":"https:\/\/adalgisaalmeida.com.br\/site\/wp-json\/wp\/v2\/tribe_events\/14231\/revisions"}],"predecessor-version":[{"id":14639,"href":"https:\/\/adalgisaalmeida.com.br\/site\/wp-json\/wp\/v2\/tribe_events\/14231\/revisions\/14639"}],"wp:featuredmedia":[{"embeddable":true,"href":"https:\/\/adalgisaalmeida.com.br\/site\/wp-json\/wp\/v2\/media\/14328"}],"wp:attachment":[{"href":"https:\/\/adalgisaalmeida.com.br\/site\/wp-json\/wp\/v2\/media?parent=14231"}],"wp:term":[{"taxonomy":"post_tag","embeddable":true,"href":"https:\/\/adalgisaalmeida.com.br\/site\/wp-json\/wp\/v2\/tags?post=14231"},{"taxonomy":"tribe_events_cat","embeddable":true,"href":"https:\/\/adalgisaalmeida.com.br\/site\/wp-json\/wp\/v2\/tribe_events_cat?post=14231"}],"curies":[{"name":"wp","href":"https:\/\/api.w.org\/{rel}","templated":true}]}}

Cursos de Confeitaria &#8211; Pastas de Açúcar  11/09/2018 [prático]

<p><span style="color: #1d2129;"><span style="font-family: 'Arial Narrow', sans-serif;"><span style="font-size: medium;"><b>Curso Pastas de Açúcar</b></span></span></span></p>
<p>&nbsp;</p>
<p><span style="color: #1d2129;"><span style="font-family: 'Arial Narrow', sans-serif;"><span style="font-size: medium;">Adalgisa Almeida preparou um curso especial em 6 horas de aula, trazendo conceitos introdutórios e técnicas fundamentais de formação em confeitaria para aqueles que desejam produzir as suas próprias pastas de açúcar.</span></span></span></p>
<p><span style="color: #1d2129;"><span style="font-family: 'Arial Narrow', sans-serif;"><span style="font-size: medium;">O objetivo deste curso é capacitar o aluno através dos conhecimentos básicos necessários para a produção e aplicação de pasta americana em bolos, produção da massa para flores e massa elástica.</span></span></span></p>
<p><span style="font-family: 'Times New Roman', serif;"><span style="font-size: medium;"><span style="color: #1d2129;"><span style="font-family: 'Arial Narrow', sans-serif;">A aula inclui todo o material disponibilizado para a prática, apostila em cores com passo a passo e certificado.</span></span></span></span></p>
<div>Conteúdo:</div>
<div></div>
<div>A professora vai fazer</div>
<div></div>
<div>&#8211; Produção da massa elástica caseira</div>
<div>&#8211; Produção da massa para flores caseira</div>
<div>&#8211; Técnica de Coloração das pastas de açúcar</div>
<div>&#8211; Técnica de Marmorização de pastas de açúcar</div>
<div>&#8211; Produção de cola de CMC</div>
<div></div>
<div>Todos vão fazer</div>
<div></div>
<div>&#8211; Produção da pasta americana caseira</div>
<div>&#8211; Técnica de sovar e abrir a pasta americana</div>
<div>&#8211; Aplicação da pasta americana caseira no bolo falso, valorizando as laterais retas e as quinas perfeitas</div>
<div>&#8211; Confecção de laço simples</div>
<p><span style="font-family: 'Times New Roman', serif;"><span style="font-size: medium;"><span style="font-family: 'Arial Narrow', sans-serif;"><b>Metodologia:</b></span></span></span></p>
<p><span style="font-family: 'Times New Roman', serif;"><span style="font-size: medium;"><span style="color: #1d2129;"><span style="font-family: 'Arial Narrow', sans-serif;">O curso é prático, com momentos alternados entre a demonstração da professora e fundamentação teórica. Os alunos serão orientados dinamicamente nas etapas das aulas, com o objetivo de, ao final do curso, terem aprendido o passo a passo de como fazer e aplicar a pasta americana no bolo. As pastas para flores, massa elástica e outras técnicas serão apenas demonstradas pela professora.</span></span></span></span></p>
<p><span style="font-family: 'Times New Roman', serif;"><span style="font-size: medium;"><span style="color: #1d2129;"><span style="font-family: 'Arial Narrow', sans-serif;">Cada aluno cobrirá o seu bolo falso com pasta americana e o levará para casa.</span></span></span></span></p>
<p><span style="font-family: 'Times New Roman', serif;"><span style="font-size: medium;"><span style="color: #1d2129;"><span style="font-family: 'Arial Narrow', sans-serif;"><b>Informações Gerais</b></span></span></span></span></p>
<p><span style="font-family: 'Times New Roman', serif;"><span style="font-size: medium;"><span style="color: #1d2129;"><span style="font-family: 'Arial Narrow', sans-serif;">Requisito: idade mínima de 16 anos.</span></span></span></span></p>
<p><span style="font-family: 'Times New Roman', serif;"><span style="font-size: medium;"><span style="color: #1d2129;"><span style="font-family: 'Arial Narrow', sans-serif;">Carga Horária: 6 horas.</span></span></span></span></p>
<p><span style="font-family: 'Times New Roman', serif;"><span style="font-size: medium;"><span style="color: #1d2129;"><span style="font-family: 'Arial Narrow', sans-serif;">Número de vagas: 09</span></span></span></span></p>
<p><span style="font-family: 'Times New Roman', serif;"><span style="font-size: medium;"><span style="color: #1d2129;"><span style="font-family: 'Arial Narrow', sans-serif;">Público alvo: público geral interessado. Quem deseja aperfeiçoar-se na confeitaria artística.</span></span></span></span></p>
<p><span style="font-family: 'Times New Roman', serif;"><span style="font-size: medium;"><span style="color: #1d2129;"><span style="font-family: 'Arial Narrow', sans-serif;">Professora: Adalgisa Almeida</span></span></span></span></p>
<p><span style="font-family: 'Times New Roman', serif;"><span style="font-size: medium;"><span style="color: #1d2129;"><span style="font-family: 'Arial Narrow', sans-serif;">Realização: dia </span></span><span style="color: #1d2129;"><span style="font-family: 'Arial Narrow', sans-serif;">11/09/2018</span></span><span style="color: #1d2129;"><span style="font-family: 'Arial Narrow', sans-serif;">, de 09h30 as 17h00</span></span></span></span></p>
<p><span style="font-family: 'Times New Roman', serif;"><span style="font-size: medium;"><span style="color: #1d2129;"><span style="font-family: 'Arial Narrow', sans-serif;"><b>Investimento: </b></span></span></span></span></p>
<p><span style="font-family: 'Times New Roman', serif;"><span style="font-size: medium;"><span style="color: #1d2129;"><span style="font-family: 'Arial Narrow', sans-serif;">R$290 </span></span><span style="color: #1d2129;"><span style="font-family: 'Arial Narrow', sans-serif;">em a</span></span><span style="color: #1d2129;"><span style="font-family: 'Arial Narrow', sans-serif;">té 3x sem juros no cartão de crédito</span></span></span></span></p>
<p><span style="font-family: 'Times New Roman', serif;"><span style="font-size: medium;"><span style="color: #1d2129;"><span style="font-family: 'Arial Narrow', sans-serif;">Desconto de 10% para pagamento á vista, via depósito ou transferência bancária: R$261.</span></span></span></span></p>
<p>&nbsp;</p>
<p><span style="color: #000000;"><span style="font-family: 'Arial Narrow', sans-serif;"><span style="font-size: medium;">Para se inscrever, entre em contato conosco pelo e-mail <a href="mailto:cursos@adalgisaalmeida.com.br" target="_blank" rel="noopener">cursos@adalgisaalmeida.com.br</a><br />
ou pela central de inscrições no telefone (31) 9 97699596 (whatsapp)</span></span></span></p>

<p>Curso Pastas de Açúcar &nbsp; Adalgisa Almeida preparou um curso especial em 6 horas de aula, trazendo conceitos introdutórios e técnicas fundamentais de formação em confeitaria para aqueles que desejam [&hellip;]</p>
