{"id":14228,"date":"2018-02-14T17:07:22","date_gmt":"2018-02-14T20:07:22","guid":{"rendered":"https:\/\/adalgisaalmeida.com.br\/site\/?post_type=tribe_events&#038;p=14228"},"modified":"2018-02-27T12:24:41","modified_gmt":"2018-02-27T15:24:41","slug":"cursos-de-confeitaria-arranjo-de-rosas-simples-23-e-24-04-2018-pratico","status":"publish","type":"tribe_events","link":"https:\/\/adalgisaalmeida.com.br\/site\/event\/cursos-de-confeitaria-arranjo-de-rosas-simples-23-e-24-04-2018-pratico\/","title":{"rendered":"Cursos de Confeitaria &#8211; Arranjo de Rosas Simples &#8211; 17 e 18\/04\/2018 [pr\u00e1tico]"},"content":{"rendered":"<p><span style=\"color: #1d2129;\"><span style=\"font-family: 'Arial Narrow', sans-serif;\"><span style=\"font-size: medium;\"><b>Curso Arranjo de Rosas Simples<\/b><\/span><\/span><\/span><\/p>\n<p><span style=\"color: #1d2129;\"><span style=\"font-family: 'Arial Narrow', sans-serif;\"><span style=\"font-size: medium;\">Adalgisa e Gabriela Almeida prepararam um curso especial em 10 horas de aula, trazendo conceitos introdut\u00f3rios e t\u00e9cnicas fundamentais de forma\u00e7\u00e3o em confeitaria para aqueles que desejam produzir flores de a\u00e7\u00facar. <\/span><\/span><\/span><\/p>\n<p><span style=\"color: #1d2129;\"><span style=\"font-family: 'Arial Narrow', sans-serif;\"><span style=\"font-size: medium;\">O objetivo deste curso \u00e9 capacitar o aluno atrav\u00e9s dos conhecimentos b\u00e1sicos necess\u00e1rios para a produ\u00e7\u00e3o de um arranjo de rosas simples e aplica\u00e7\u00e3o em bolos art\u00edsticos.<\/span><\/span><\/span><\/p>\n<p><span style=\"font-family: 'Times New Roman', serif;\"><span style=\"font-size: medium;\"><span style=\"color: #1d2129;\"><span style=\"font-family: 'Arial Narrow', sans-serif;\">O Curso inclui todo o material disponibilizado para a pr\u00e1tica, apostila em cores com passo a passo e certificado.<\/span><\/span><\/span><\/span><\/p>\n<p><span style=\"font-family: 'Times New Roman', serif;\"><span style=\"font-size: medium;\"><span style=\"color: #1d2129;\"><span style=\"font-family: 'Arial Narrow', sans-serif;\"><b>Conte\u00fado:<\/b><\/span><\/span><\/span><\/span><\/p>\n<p><span style=\"font-family: 'Times New Roman', serif;\"><span style=\"font-size: medium;\"><span style=\"color: #1d2129;\"><span style=\"font-family: 'Arial Narrow', sans-serif;\">Produ\u00e7\u00e3o de uma rosa inteira, dois bot\u00f5es, seis brotos, cinco flores de dedo e cinco folhas aramadas<\/span><\/span><\/span><\/span><\/p>\n<p><span style=\"font-family: 'Times New Roman', serif;\"><span style=\"font-size: medium;\"><span style=\"color: #1d2129;\"><span style=\"font-family: 'Arial Narrow', sans-serif;\">T\u00e9cnica de aramar<\/span><\/span><\/span><\/span><\/p>\n<p><span style=\"font-family: 'Times New Roman', serif;\"><span style=\"font-size: medium;\"><span style=\"color: #1d2129;\"><span style=\"font-family: 'Arial Narrow', sans-serif;\">T\u00e9cnica de uni\u00e3o dos galhos com fita floral<\/span><\/span><\/span><\/span><\/p>\n<p><span style=\"color: #1d2129;\"><span style=\"font-family: 'Arial Narrow', sans-serif;\"><span style=\"font-size: medium;\">Montagem do arranjo de rosas<\/span><\/span><\/span><\/p>\n<p><span style=\"font-family: 'Times New Roman', serif;\"><span style=\"font-size: medium;\"><span style=\"font-family: 'Arial Narrow', sans-serif;\"><b>Metodologia:<\/b><\/span><\/span><\/span><\/p>\n<p><span style=\"font-family: 'Times New Roman', serif;\"><span style=\"font-size: medium;\"><span style=\"color: #1d2129;\"><span style=\"font-family: 'Arial Narrow', sans-serif;\">O curso \u00e9 pr\u00e1tico, com momentos alternados entre a demonstra\u00e7\u00e3o da professora e fundamenta\u00e7\u00e3o te\u00f3rica. Os alunos ser\u00e3o orientados dinamicamente nas etapas das aulas, com o objetivo de, ao final do curso, terem aprendido o passo a passo de como fazer um arranjo de rosas.<\/span><\/span><\/span><\/span><\/p>\n<p><span style=\"font-family: 'Times New Roman', serif;\"><span style=\"font-size: medium;\"><span style=\"color: #1d2129;\"><span style=\"font-family: 'Arial Narrow', sans-serif;\">Cada aluno levar\u00e1 seu arranjo para casa.<\/span><\/span><\/span><\/span><\/p>\n<p><span style=\"font-family: 'Times New Roman', serif;\"><span style=\"font-size: medium;\"><span style=\"color: #1d2129;\"><span style=\"font-family: 'Arial Narrow', sans-serif;\"><b>Informa\u00e7\u00f5es Gerais:<\/b><\/span><\/span><\/span><\/span><\/p>\n<p><span style=\"font-family: 'Times New Roman', serif;\"><span style=\"font-size: medium;\"><span style=\"color: #1d2129;\"><span style=\"font-family: 'Arial Narrow', sans-serif;\">Requisito: idade m\u00ednima de 16 anos.<\/span><\/span><\/span><\/span><\/p>\n<p><span style=\"color: #1d2129;\"><span style=\"font-family: 'Arial Narrow', sans-serif;\"><span style=\"font-size: medium;\">Carga Hor\u00e1ria: 10 horas<\/span><\/span><\/span><\/p>\n<p><span style=\"font-family: 'Times New Roman', serif;\"><span style=\"font-size: medium;\"><span style=\"color: #1d2129;\"><span style=\"font-family: 'Arial Narrow', sans-serif;\">N\u00famero de vagas: 09<\/span><\/span><\/span><\/span><\/p>\n<p><span style=\"font-family: 'Times New Roman', serif;\"><span style=\"font-size: medium;\"><span style=\"color: #1d2129;\"><span style=\"font-family: 'Arial Narrow', sans-serif;\">P\u00fablico alvo: p\u00fablico geral interessado. Quem deseja aperfei\u00e7oar-se na confeitaria art\u00edstica.<\/span><\/span><\/span><\/span><\/p>\n<p><span style=\"font-family: 'Times New Roman', serif;\"><span style=\"font-size: medium;\"><span style=\"color: #1d2129;\"><span style=\"font-family: 'Arial Narrow', sans-serif;\">Professora: Adalgisa Almeida<\/span><\/span><\/span><\/span><\/p>\n<p><span style=\"color: #1d2129;\"><span style=\"font-family: 'Arial Narrow', sans-serif;\"><span style=\"font-size: medium;\">Realiza\u00e7\u00e3o: <\/span><\/span><\/span><\/p>\n<p><span style=\"color: #1d2129;\"><span style=\"font-family: 'Arial Narrow', sans-serif;\"><span style=\"font-size: medium;\">dia 17\/04\/2018 de 9h30 as 13h00 e de 14h00 as 17h30 <\/span><\/span><\/span><\/p>\n<p><span style=\"font-family: 'Times New Roman', serif;\"><span style=\"font-size: medium;\"><span style=\"color: #1d2129;\"><span style=\"font-family: 'Arial Narrow', sans-serif;\">dia 18\/04\/2018 de <\/span><\/span><span style=\"color: #1d2129;\"><span style=\"font-family: 'Arial Narrow', sans-serif;\">9h30 <\/span><\/span><span style=\"color: #1d2129;\"><span style=\"font-family: 'Arial Narrow', sans-serif;\">a<\/span><\/span><span style=\"color: #1d2129;\"><span style=\"font-family: 'Arial Narrow', sans-serif;\">s 12:30<\/span><\/span><\/span><\/span><\/p>\n<p><span style=\"font-family: 'Times New Roman', serif;\"><span style=\"font-size: medium;\"><span style=\"color: #1d2129;\"><span style=\"font-family: 'Arial Narrow', sans-serif;\"><b>Investimento:<\/b><\/span><\/span> <\/span><\/span><\/p>\n<p><span style=\"font-family: 'Times New Roman', serif;\"><span style=\"font-size: medium;\"><span style=\"color: #1d2129;\"><span style=\"font-family: 'Arial Narrow', sans-serif;\">De <\/span><\/span><span style=\"color: #1d2129;\"><span style=\"text-decoration: line-through;\"><span style=\"font-family: 'Arial Narrow', sans-serif;\">R$700,00<\/span><\/span><\/span><span style=\"color: #1d2129;\"><span style=\"font-family: 'Arial Narrow', sans-serif;\"> por R$600,00 <\/span><\/span><span style=\"color: #1d2129;\"><span style=\"font-family: 'Arial Narrow', sans-serif;\">em a<\/span><\/span><span style=\"color: #1d2129;\"><span style=\"font-family: 'Arial Narrow', sans-serif;\">t\u00e9 6x de R$100,00 sem juros no cart\u00e3o de cr\u00e9dito<\/span><\/span><\/span><\/span><\/p>\n<p><span style=\"font-family: 'Times New Roman', serif;\"><span style=\"font-size: medium;\"><span style=\"color: #1d2129;\"><span style=\"font-family: 'Arial Narrow', sans-serif;\">Desconto de 10% para pagamento \u00e1 vista, via dep\u00f3sito ou transfer\u00eancia banc\u00e1ria: R$540,00<\/span><\/span><\/span><\/span><\/p>\n<p>&nbsp;<\/p>\n<p><span style=\"font-family: 'Arial Narrow', sans-serif;\"><span style=\"font-size: medium;\"><span style=\"color: #000000;\">Para se inscrever, entre em contato conosco pelo e-mail <a href=\"mailto:cursos@adalgisaalmeida.com.br\" target=\"_blank\" rel=\"noopener\">cursos@adalgisaalmeida.com.br<\/a><br \/>\nou pela central de inscri\u00e7\u00f5es no telefone (31) 9 97699596 (whatsapp)<\/span> <\/span><\/span><\/p>\n","protected":false},"excerpt":{"rendered":"<p>Curso Arranjo de Rosas Simples Adalgisa e Gabriela Almeida prepararam um curso especial em 10 horas de aula, trazendo conceitos introdut\u00f3rios e t\u00e9cnicas fundamentais de forma\u00e7\u00e3o em confeitaria para aqueles [&hellip;]<\/p>\n","protected":false},"author":4,"featured_media":14230,"comment_status":"closed","ping_status":"closed","template":"","meta":{"_tribe_events_status":"","_tribe_events_status_reason":"","footnotes":""},"tags":[],"tribe_events_cat":[],"class_list":["post-14228","tribe_events","type-tribe_events","status-publish","hentry"],"_links":{"self":[{"href":"https:\/\/adalgisaalmeida.com.br\/site\/wp-json\/wp\/v2\/tribe_events\/14228","targetHints":{"allow":["GET"]}}],"collection":[{"href":"https:\/\/adalgisaalmeida.com.br\/site\/wp-json\/wp\/v2\/tribe_events"}],"about":[{"href":"https:\/\/adalgisaalmeida.com.br\/site\/wp-json\/wp\/v2\/types\/tribe_events"}],"author":[{"embeddable":true,"href":"https:\/\/adalgisaalmeida.com.br\/site\/wp-json\/wp\/v2\/users\/4"}],"replies":[{"embeddable":true,"href":"https:\/\/adalgisaalmeida.com.br\/site\/wp-json\/wp\/v2\/comments?post=14228"}],"version-history":[{"count":2,"href":"https:\/\/adalgisaalmeida.com.br\/site\/wp-json\/wp\/v2\/tribe_events\/14228\/revisions"}],"predecessor-version":[{"id":14291,"href":"https:\/\/adalgisaalmeida.com.br\/site\/wp-json\/wp\/v2\/tribe_events\/14228\/revisions\/14291"}],"wp:featuredmedia":[{"embeddable":true,"href":"https:\/\/adalgisaalmeida.com.br\/site\/wp-json\/wp\/v2\/media\/14230"}],"wp:attachment":[{"href":"https:\/\/adalgisaalmeida.com.br\/site\/wp-json\/wp\/v2\/media?parent=14228"}],"wp:term":[{"taxonomy":"post_tag","embeddable":true,"href":"https:\/\/adalgisaalmeida.com.br\/site\/wp-json\/wp\/v2\/tags?post=14228"},{"taxonomy":"tribe_events_cat","embeddable":true,"href":"https:\/\/adalgisaalmeida.com.br\/site\/wp-json\/wp\/v2\/tribe_events_cat?post=14228"}],"curies":[{"name":"wp","href":"https:\/\/api.w.org\/{rel}","templated":true}]}}

Cursos de Confeitaria &#8211; Arranjo de Rosas Simples &#8211; 17 e 18/04/2018 [prático]

<p><span style="color: #1d2129;"><span style="font-family: 'Arial Narrow', sans-serif;"><span style="font-size: medium;"><b>Curso Arranjo de Rosas Simples</b></span></span></span></p>
<p><span style="color: #1d2129;"><span style="font-family: 'Arial Narrow', sans-serif;"><span style="font-size: medium;">Adalgisa e Gabriela Almeida prepararam um curso especial em 10 horas de aula, trazendo conceitos introdutórios e técnicas fundamentais de formação em confeitaria para aqueles que desejam produzir flores de açúcar. </span></span></span></p>
<p><span style="color: #1d2129;"><span style="font-family: 'Arial Narrow', sans-serif;"><span style="font-size: medium;">O objetivo deste curso é capacitar o aluno através dos conhecimentos básicos necessários para a produção de um arranjo de rosas simples e aplicação em bolos artísticos.</span></span></span></p>
<p><span style="font-family: 'Times New Roman', serif;"><span style="font-size: medium;"><span style="color: #1d2129;"><span style="font-family: 'Arial Narrow', sans-serif;">O Curso inclui todo o material disponibilizado para a prática, apostila em cores com passo a passo e certificado.</span></span></span></span></p>
<p><span style="font-family: 'Times New Roman', serif;"><span style="font-size: medium;"><span style="color: #1d2129;"><span style="font-family: 'Arial Narrow', sans-serif;"><b>Conteúdo:</b></span></span></span></span></p>
<p><span style="font-family: 'Times New Roman', serif;"><span style="font-size: medium;"><span style="color: #1d2129;"><span style="font-family: 'Arial Narrow', sans-serif;">Produção de uma rosa inteira, dois botões, seis brotos, cinco flores de dedo e cinco folhas aramadas</span></span></span></span></p>
<p><span style="font-family: 'Times New Roman', serif;"><span style="font-size: medium;"><span style="color: #1d2129;"><span style="font-family: 'Arial Narrow', sans-serif;">Técnica de aramar</span></span></span></span></p>
<p><span style="font-family: 'Times New Roman', serif;"><span style="font-size: medium;"><span style="color: #1d2129;"><span style="font-family: 'Arial Narrow', sans-serif;">Técnica de união dos galhos com fita floral</span></span></span></span></p>
<p><span style="color: #1d2129;"><span style="font-family: 'Arial Narrow', sans-serif;"><span style="font-size: medium;">Montagem do arranjo de rosas</span></span></span></p>
<p><span style="font-family: 'Times New Roman', serif;"><span style="font-size: medium;"><span style="font-family: 'Arial Narrow', sans-serif;"><b>Metodologia:</b></span></span></span></p>
<p><span style="font-family: 'Times New Roman', serif;"><span style="font-size: medium;"><span style="color: #1d2129;"><span style="font-family: 'Arial Narrow', sans-serif;">O curso é prático, com momentos alternados entre a demonstração da professora e fundamentação teórica. Os alunos serão orientados dinamicamente nas etapas das aulas, com o objetivo de, ao final do curso, terem aprendido o passo a passo de como fazer um arranjo de rosas.</span></span></span></span></p>
<p><span style="font-family: 'Times New Roman', serif;"><span style="font-size: medium;"><span style="color: #1d2129;"><span style="font-family: 'Arial Narrow', sans-serif;">Cada aluno levará seu arranjo para casa.</span></span></span></span></p>
<p><span style="font-family: 'Times New Roman', serif;"><span style="font-size: medium;"><span style="color: #1d2129;"><span style="font-family: 'Arial Narrow', sans-serif;"><b>Informações Gerais:</b></span></span></span></span></p>
<p><span style="font-family: 'Times New Roman', serif;"><span style="font-size: medium;"><span style="color: #1d2129;"><span style="font-family: 'Arial Narrow', sans-serif;">Requisito: idade mínima de 16 anos.</span></span></span></span></p>
<p><span style="color: #1d2129;"><span style="font-family: 'Arial Narrow', sans-serif;"><span style="font-size: medium;">Carga Horária: 10 horas</span></span></span></p>
<p><span style="font-family: 'Times New Roman', serif;"><span style="font-size: medium;"><span style="color: #1d2129;"><span style="font-family: 'Arial Narrow', sans-serif;">Número de vagas: 09</span></span></span></span></p>
<p><span style="font-family: 'Times New Roman', serif;"><span style="font-size: medium;"><span style="color: #1d2129;"><span style="font-family: 'Arial Narrow', sans-serif;">Público alvo: público geral interessado. Quem deseja aperfeiçoar-se na confeitaria artística.</span></span></span></span></p>
<p><span style="font-family: 'Times New Roman', serif;"><span style="font-size: medium;"><span style="color: #1d2129;"><span style="font-family: 'Arial Narrow', sans-serif;">Professora: Adalgisa Almeida</span></span></span></span></p>
<p><span style="color: #1d2129;"><span style="font-family: 'Arial Narrow', sans-serif;"><span style="font-size: medium;">Realização: </span></span></span></p>
<p><span style="color: #1d2129;"><span style="font-family: 'Arial Narrow', sans-serif;"><span style="font-size: medium;">dia 17/04/2018 de 9h30 as 13h00 e de 14h00 as 17h30 </span></span></span></p>
<p><span style="font-family: 'Times New Roman', serif;"><span style="font-size: medium;"><span style="color: #1d2129;"><span style="font-family: 'Arial Narrow', sans-serif;">dia 18/04/2018 de </span></span><span style="color: #1d2129;"><span style="font-family: 'Arial Narrow', sans-serif;">9h30 </span></span><span style="color: #1d2129;"><span style="font-family: 'Arial Narrow', sans-serif;">a</span></span><span style="color: #1d2129;"><span style="font-family: 'Arial Narrow', sans-serif;">s 12:30</span></span></span></span></p>
<p><span style="font-family: 'Times New Roman', serif;"><span style="font-size: medium;"><span style="color: #1d2129;"><span style="font-family: 'Arial Narrow', sans-serif;"><b>Investimento:</b></span></span> </span></span></p>
<p><span style="font-family: 'Times New Roman', serif;"><span style="font-size: medium;"><span style="color: #1d2129;"><span style="font-family: 'Arial Narrow', sans-serif;">De </span></span><span style="color: #1d2129;"><span style="text-decoration: line-through;"><span style="font-family: 'Arial Narrow', sans-serif;">R$700,00</span></span></span><span style="color: #1d2129;"><span style="font-family: 'Arial Narrow', sans-serif;"> por R$600,00 </span></span><span style="color: #1d2129;"><span style="font-family: 'Arial Narrow', sans-serif;">em a</span></span><span style="color: #1d2129;"><span style="font-family: 'Arial Narrow', sans-serif;">té 6x de R$100,00 sem juros no cartão de crédito</span></span></span></span></p>
<p><span style="font-family: 'Times New Roman', serif;"><span style="font-size: medium;"><span style="color: #1d2129;"><span style="font-family: 'Arial Narrow', sans-serif;">Desconto de 10% para pagamento á vista, via depósito ou transferência bancária: R$540,00</span></span></span></span></p>
<p>&nbsp;</p>
<p><span style="font-family: 'Arial Narrow', sans-serif;"><span style="font-size: medium;"><span style="color: #000000;">Para se inscrever, entre em contato conosco pelo e-mail <a href="mailto:cursos@adalgisaalmeida.com.br" target="_blank" rel="noopener">cursos@adalgisaalmeida.com.br</a><br />
ou pela central de inscrições no telefone (31) 9 97699596 (whatsapp)</span> </span></span></p>

<p>Curso Arranjo de Rosas Simples Adalgisa e Gabriela Almeida prepararam um curso especial em 10 horas de aula, trazendo conceitos introdutórios e técnicas fundamentais de formação em confeitaria para aqueles [&hellip;]</p>
