{"id":12981,"date":"2017-08-25T13:07:59","date_gmt":"2017-08-25T16:07:59","guid":{"rendered":"https:\/\/adalgisaalmeida.com.br\/site\/?post_type=tribe_events&#038;p=12981"},"modified":"2017-09-27T13:17:21","modified_gmt":"2017-09-27T16:17:21","slug":"conisugar-congresso-on-line-internacional-de-confeitaria-artistica-de-19-a-25092017","status":"publish","type":"tribe_events","link":"https:\/\/adalgisaalmeida.com.br\/site\/event\/conisugar-congresso-on-line-internacional-de-confeitaria-artistica-de-19-a-25092017\/","title":{"rendered":"Conisugar &#8211; Congresso on line Internacional de Confeitaria Art\u00edstica &#8211; de 19 a 25\/09\/2017"},"content":{"rendered":"<p>Venha com a Escola de Confeitaria Adalgisa Almeida para o maior Congresso Online Internacional de Confeitaria Art\u00edstica com CURSOS GRATUITOS de confeitaria: Conisugar 2017. Cadastre-se: http:\/\/bit.ly\/Confeitaria-Adalgisa-Almeida-no-Conisugar<\/p>\n<p>Voc\u00ea ter\u00e1 acesso \u00e0 varias aulas com v\u00e1rios profissionais do Brasil e do Exterior. Cadastre-se e aguarde, pois em breve voc\u00ea receber\u00e1 e-mails disponibilizando o conte\u00fado, datas e hor\u00e1rios dos cursos.<\/p>\n<p>Consulte &#8220;Perguntas Frequentes&#8221; ao final da p\u00e1gina de cadastro para mais esclarecimentos.<\/p>\n","protected":false},"excerpt":{"rendered":"<p>Venha com a Escola de Confeitaria Adalgisa Almeida para o maior Congresso Online Internacional de Confeitaria Art\u00edstica com CURSOS GRATUITOS de confeitaria: Conisugar 2017. Cadastre-se: http:\/\/bit.ly\/Confeitaria-Adalgisa-Almeida-no-Conisugar Voc\u00ea ter\u00e1 acesso \u00e0 [&hellip;]<\/p>\n","protected":false},"author":4,"featured_media":12982,"comment_status":"closed","ping_status":"closed","template":"","meta":{"_tribe_events_status":"","_tribe_events_status_reason":"","footnotes":""},"tags":[],"tribe_events_cat":[],"class_list":["post-12981","tribe_events","type-tribe_events","status-publish","hentry"],"_links":{"self":[{"href":"https:\/\/adalgisaalmeida.com.br\/site\/wp-json\/wp\/v2\/tribe_events\/12981","targetHints":{"allow":["GET"]}}],"collection":[{"href":"https:\/\/adalgisaalmeida.com.br\/site\/wp-json\/wp\/v2\/tribe_events"}],"about":[{"href":"https:\/\/adalgisaalmeida.com.br\/site\/wp-json\/wp\/v2\/types\/tribe_events"}],"author":[{"embeddable":true,"href":"https:\/\/adalgisaalmeida.com.br\/site\/wp-json\/wp\/v2\/users\/4"}],"replies":[{"embeddable":true,"href":"https:\/\/adalgisaalmeida.com.br\/site\/wp-json\/wp\/v2\/comments?post=12981"}],"version-history":[{"count":0,"href":"https:\/\/adalgisaalmeida.com.br\/site\/wp-json\/wp\/v2\/tribe_events\/12981\/revisions"}],"wp:featuredmedia":[{"embeddable":true,"href":"https:\/\/adalgisaalmeida.com.br\/site\/wp-json\/wp\/v2\/media\/12982"}],"wp:attachment":[{"href":"https:\/\/adalgisaalmeida.com.br\/site\/wp-json\/wp\/v2\/media?parent=12981"}],"wp:term":[{"taxonomy":"post_tag","embeddable":true,"href":"https:\/\/adalgisaalmeida.com.br\/site\/wp-json\/wp\/v2\/tags?post=12981"},{"taxonomy":"tribe_events_cat","embeddable":true,"href":"https:\/\/adalgisaalmeida.com.br\/site\/wp-json\/wp\/v2\/tribe_events_cat?post=12981"}],"curies":[{"name":"wp","href":"https:\/\/api.w.org\/{rel}","templated":true}]}}

Conisugar &#8211; Congresso on line Internacional de Confeitaria Artística &#8211; de 19 a 25/09/2017

<p>Venha com a Escola de Confeitaria Adalgisa Almeida para o maior Congresso Online Internacional de Confeitaria Artística com CURSOS GRATUITOS de confeitaria: Conisugar 2017. Cadastre-se: http://bit.ly/Confeitaria-Adalgisa-Almeida-no-Conisugar</p>
<p>Você terá acesso à varias aulas com vários profissionais do Brasil e do Exterior. Cadastre-se e aguarde, pois em breve você receberá e-mails disponibilizando o conteúdo, datas e horários dos cursos.</p>
<p>Consulte &#8220;Perguntas Frequentes&#8221; ao final da página de cadastro para mais esclarecimentos.</p>

<p>Venha com a Escola de Confeitaria Adalgisa Almeida para o maior Congresso Online Internacional de Confeitaria Artística com CURSOS GRATUITOS de confeitaria: Conisugar 2017. Cadastre-se: http://bit.ly/Confeitaria-Adalgisa-Almeida-no-Conisugar Você terá acesso à [&hellip;]</p>
