{"id":12872,"date":"2017-01-24T13:51:41","date_gmt":"2017-01-24T16:51:41","guid":{"rendered":"https:\/\/adalgisaalmeida.com.br\/site\/?post_type=tribe_events&#038;p=12872"},"modified":"2019-09-30T15:54:22","modified_gmt":"2019-09-30T18:54:22","slug":"curso-de-confeitaria-cricut-cake-oficina-pratica-3101-a-01022017","status":"publish","type":"tribe_events","link":"https:\/\/adalgisaalmeida.com.br\/site\/event\/curso-de-confeitaria-cricut-cake-oficina-pratica-3101-a-01022017\/","title":{"rendered":"Curso de Confeitaria &#8211; Cricut Cake &#8211; PR\u00c1TICO"},"content":{"rendered":"<p class=\"western\" align=\"JUSTIFY\"><span style=\"color: #000000;\"><span style=\"font-family: 'Arial Narrow', sans-serif;\"><span style=\"font-size: medium;\"><b>Curso da Cricut Cake<\/b><\/span><\/span><\/span><\/p>\n<p class=\"western\">Este curso \u00e9 para voc\u00ea que tem a sorte de ter uma Cricut Cake e ainda n\u00e3o domina todas as suas fun\u00e7\u00f5es.<\/p>\n<p class=\"western\">Essa m\u00e1quina revolucionou a confeitaria da Adalgisa Almeida e ela vai te ensinar tudo!!<\/p>\n<p class=\"western\">Desde 2010 Adalgisa Almeida ministra cursos da Cricut Cake com poucos alunos em sala para que todos possam aprender e tamb\u00e9m trabalha com a Cricut Cake todos os dias e tirando o melhor que dessa m\u00e1quina maravilhosa.<\/p>\n<p class=\"western\">Se voc\u00ea tem uma, junte-se a n\u00f3s, porque ela vai revolucionar a produ\u00e7\u00e3o na sua confeitaria assim como revolucionou a produ\u00e7\u00e3o da Confeitaria Adalgisa Almeida!<\/p>\n<p class=\"western\">A <strong>Cricut Cake<\/strong> \u00e9 uma m\u00e1quina de corte para pasta de a\u00e7\u00facar que veio para revolucionar os trabalhos em decora\u00e7\u00e3o de bolos, doces, cupcakes. A m\u00e1quina \u00e9 como uma impressora tradicional, por\u00e9m ao inv\u00e9s de imprimir, ela corta a pasta de a\u00e7\u00facar. Ela possui um painel digital, multifuncional na pr\u00f3pria m\u00e1quina.<br \/>\nEla permite cortar com precis\u00e3o e acabamento perfeito. Permite enorme produtividade para voc\u00ea ou para sua empresa. Ela corta o que voc\u00ea quiser em segundos.<\/p>\n<p class=\"western\"><img loading=\"lazy\" decoding=\"async\" class=\"alignnone size-medium wp-image-12985\" src=\"https:\/\/adalgisaalmeida.com.br\/site\/wp-content\/uploads\/2017\/01\/IMG_7107-300x225.jpg\" alt=\"\" width=\"300\" height=\"225\" srcset=\"https:\/\/adalgisaalmeida.com.br\/site\/wp-content\/uploads\/2017\/01\/IMG_7107-300x225.jpg 300w, https:\/\/adalgisaalmeida.com.br\/site\/wp-content\/uploads\/2017\/01\/IMG_7107-195x146.jpg 195w, https:\/\/adalgisaalmeida.com.br\/site\/wp-content\/uploads\/2017\/01\/IMG_7107-50x38.jpg 50w, https:\/\/adalgisaalmeida.com.br\/site\/wp-content\/uploads\/2017\/01\/IMG_7107.jpg 960w, https:\/\/adalgisaalmeida.com.br\/site\/wp-content\/uploads\/2017\/01\/IMG_7107-100x75.jpg 100w\" sizes=\"auto, (max-width: 300px) 100vw, 300px\" \/><img loading=\"lazy\" decoding=\"async\" class=\"alignnone wp-image-12984 \" src=\"https:\/\/adalgisaalmeida.com.br\/site\/wp-content\/uploads\/2017\/01\/IMG_5790-e1504128922425-225x300.jpg\" alt=\"\" width=\"168\" height=\"224\" srcset=\"https:\/\/adalgisaalmeida.com.br\/site\/wp-content\/uploads\/2017\/01\/IMG_5790-e1504128922425-225x300.jpg 225w, https:\/\/adalgisaalmeida.com.br\/site\/wp-content\/uploads\/2017\/01\/IMG_5790-e1504128922425-110x146.jpg 110w, https:\/\/adalgisaalmeida.com.br\/site\/wp-content\/uploads\/2017\/01\/IMG_5790-e1504128922425-38x50.jpg 38w, https:\/\/adalgisaalmeida.com.br\/site\/wp-content\/uploads\/2017\/01\/IMG_5790-e1504128922425-56x75.jpg 56w, https:\/\/adalgisaalmeida.com.br\/site\/wp-content\/uploads\/2017\/01\/IMG_5790-e1504128922425.jpg 720w\" sizes=\"auto, (max-width: 168px) 100vw, 168px\" \/><img loading=\"lazy\" decoding=\"async\" class=\"alignnone wp-image-12986 size-medium\" src=\"https:\/\/adalgisaalmeida.com.br\/site\/wp-content\/uploads\/2017\/01\/IMG_8185-e1504128979316-300x225.jpg\" alt=\"\" width=\"300\" height=\"225\" srcset=\"https:\/\/adalgisaalmeida.com.br\/site\/wp-content\/uploads\/2017\/01\/IMG_8185-e1504128979316-300x225.jpg 300w, https:\/\/adalgisaalmeida.com.br\/site\/wp-content\/uploads\/2017\/01\/IMG_8185-e1504128979316-195x146.jpg 195w, https:\/\/adalgisaalmeida.com.br\/site\/wp-content\/uploads\/2017\/01\/IMG_8185-e1504128979316-50x38.jpg 50w, https:\/\/adalgisaalmeida.com.br\/site\/wp-content\/uploads\/2017\/01\/IMG_8185-e1504128979316.jpg 960w, https:\/\/adalgisaalmeida.com.br\/site\/wp-content\/uploads\/2017\/01\/IMG_8185-e1504128979316-100x75.jpg 100w\" sizes=\"auto, (max-width: 300px) 100vw, 300px\" \/><\/p>\n<p class=\"western\"><span style=\"color: #000000;\"><span style=\"font-family: 'Arial Narrow', sans-serif;\"><span style=\"font-size: medium;\"><b>Conte\u00fado:<\/b><\/span><\/span><\/span><\/p>\n<p class=\"western\"><span style=\"color: #000000;\"><span style=\"font-family: 'Arial Narrow', sans-serif;\"><span style=\"font-size: medium;\">Neste curso voc\u00ea aprender\u00e1, em uma aula pr\u00e1tica, a cortar figuras em pasta de a\u00e7ucar, podendo cortar logomarcas, bordas, letras, n\u00fameros, estrelas, bolas, personagens, tudo o que sua imagina\u00e7\u00e3o puder criar com rapidez e precis\u00e3o em pasta de a\u00e7\u00facar.<\/span><\/span><\/span><\/p>\n<p class=\"western\"><span style=\"color: #000000;\"><span style=\"font-family: 'Arial Narrow', sans-serif;\"><span style=\"font-size: medium;\"><b>Metodologia:<\/b><\/span><\/span><\/span><\/p>\n<p class=\"western\"><span style=\"color: #000000;\"><span style=\"font-family: 'Arial Narrow', sans-serif;\"><span style=\"font-size: medium;\">Cada aluno receber\u00e1 uma apostila detalhada, ilustrada com passo a passo de todo o conte\u00fado que ser\u00e1 abordado nas aulas, certificado e o material que ir\u00e1 trabalhar.<\/span><\/span><\/span><\/p>\n<p class=\"western\"><span style=\"color: #000000;\"><span style=\"font-family: 'Arial Narrow', sans-serif;\"><span style=\"font-size: medium;\"><b>Informa\u00e7\u00f5es de inscri\u00e7\u00e3o:<\/b><\/span><\/span><\/span><\/p>\n<p class=\"western\"><span style=\"color: #000000;\"><span style=\"font-family: 'Arial Narrow', sans-serif;\"><span style=\"font-size: medium;\">Requisito: Idade m\u00ednima de 16 anos. <\/span><\/span><\/span><\/p>\n<p class=\"western\"><span style=\"color: #000000;\"><span style=\"font-family: 'Arial Narrow', sans-serif;\"><span style=\"font-size: medium;\">Para fazer o curso voc\u00ea precisa ter <strong>NO\u00c7\u00d5ES B\u00c1SICAS DE WINDOWS<\/strong>, ter a sua Cricut Cake e o seu notebook para traz\u00ea-los para o curso, al\u00e9m do cartucho \u201cCake Basics\u201d, mats (tapetes) que acompanham a m\u00e1quina e do cabo que liga a sua Cricut ao computador, que \u00e9 igual a um cabo de impressora.<\/span><\/span><\/span><\/p>\n<p class=\"western\"><span style=\"color: #000000;\"><span style=\"font-family: 'Arial Narrow', sans-serif;\"><span style=\"font-size: medium;\">Realiza\u00e7\u00e3o:\u00a0 das 09h30 as 17h30\u00a0<\/span><\/span><\/span>com intervalo para almo\u00e7o<\/p>\n<p class=\"western\"><span style=\"color: #000000;\"><span style=\"font-family: 'Arial Narrow', sans-serif;\"><span style=\"font-size: medium;\">Carga Hor\u00e1ria:\u00a014 horas<br \/>\nProfessora: Adalgisa Almeida<\/span><\/span><\/span><\/p>\n<p class=\"western\"><span style=\"color: #000000;\"><span style=\"font-family: 'Arial Narrow', sans-serif;\"><span style=\"font-size: medium;\"><b>Investimento<\/b><b>:<\/b><\/span><\/span><\/span><\/p>\n<p>6x de R$295 sem juros no cart\u00e3o de cr\u00e9dito<\/p>\n<p>ou desconto de 10% para pagamento \u00e0 vista, via dep\u00f3sito ou transfer\u00eancia banc\u00e1ria: R$1600<\/p>\n<p>Para se inscrever, entre em contato conosco pelo e-mail <a href=\"mailto:cursos@adalgisaalmeida.com.br\">cursos@adalgisaalmeida.com.br<\/a><br \/>\nou pela central de inscri\u00e7\u00f5es no telefone (31)3344-8373 ou pelo Whatsapp (31)9 8878-0836<\/p>\n","protected":false},"excerpt":{"rendered":"<p>Curso da Cricut Cake Este curso \u00e9 para voc\u00ea que tem a sorte de ter uma Cricut Cake e ainda n\u00e3o domina todas as suas fun\u00e7\u00f5es. Essa m\u00e1quina revolucionou a [&hellip;]<\/p>\n","protected":false},"author":3,"featured_media":12874,"comment_status":"closed","ping_status":"closed","template":"","meta":{"_tribe_events_status":"","_tribe_events_status_reason":"","footnotes":""},"tags":[92,91],"tribe_events_cat":[],"class_list":["post-12872","tribe_events","type-tribe_events","status-publish","hentry","tag-corte-pasta-acucar","tag-cricut-cake"],"_links":{"self":[{"href":"https:\/\/adalgisaalmeida.com.br\/site\/wp-json\/wp\/v2\/tribe_events\/12872","targetHints":{"allow":["GET"]}}],"collection":[{"href":"https:\/\/adalgisaalmeida.com.br\/site\/wp-json\/wp\/v2\/tribe_events"}],"about":[{"href":"https:\/\/adalgisaalmeida.com.br\/site\/wp-json\/wp\/v2\/types\/tribe_events"}],"author":[{"embeddable":true,"href":"https:\/\/adalgisaalmeida.com.br\/site\/wp-json\/wp\/v2\/users\/3"}],"replies":[{"embeddable":true,"href":"https:\/\/adalgisaalmeida.com.br\/site\/wp-json\/wp\/v2\/comments?post=12872"}],"version-history":[{"count":9,"href":"https:\/\/adalgisaalmeida.com.br\/site\/wp-json\/wp\/v2\/tribe_events\/12872\/revisions"}],"predecessor-version":[{"id":14980,"href":"https:\/\/adalgisaalmeida.com.br\/site\/wp-json\/wp\/v2\/tribe_events\/12872\/revisions\/14980"}],"wp:featuredmedia":[{"embeddable":true,"href":"https:\/\/adalgisaalmeida.com.br\/site\/wp-json\/wp\/v2\/media\/12874"}],"wp:attachment":[{"href":"https:\/\/adalgisaalmeida.com.br\/site\/wp-json\/wp\/v2\/media?parent=12872"}],"wp:term":[{"taxonomy":"post_tag","embeddable":true,"href":"https:\/\/adalgisaalmeida.com.br\/site\/wp-json\/wp\/v2\/tags?post=12872"},{"taxonomy":"tribe_events_cat","embeddable":true,"href":"https:\/\/adalgisaalmeida.com.br\/site\/wp-json\/wp\/v2\/tribe_events_cat?post=12872"}],"curies":[{"name":"wp","href":"https:\/\/api.w.org\/{rel}","templated":true}]}}

Curso de Confeitaria &#8211; Cricut Cake &#8211; PRÁTICO

<p class="western" align="JUSTIFY"><span style="color: #000000;"><span style="font-family: 'Arial Narrow', sans-serif;"><span style="font-size: medium;"><b>Curso da Cricut Cake</b></span></span></span></p>
<p class="western">Este curso é para você que tem a sorte de ter uma Cricut Cake e ainda não domina todas as suas funções.</p>
<p class="western">Essa máquina revolucionou a confeitaria da Adalgisa Almeida e ela vai te ensinar tudo!!</p>
<p class="western">Desde 2010 Adalgisa Almeida ministra cursos da Cricut Cake com poucos alunos em sala para que todos possam aprender e também trabalha com a Cricut Cake todos os dias e tirando o melhor que dessa máquina maravilhosa.</p>
<p class="western">Se você tem uma, junte-se a nós, porque ela vai revolucionar a produção na sua confeitaria assim como revolucionou a produção da Confeitaria Adalgisa Almeida!</p>
<p class="western">A <strong>Cricut Cake</strong> é uma máquina de corte para pasta de açúcar que veio para revolucionar os trabalhos em decoração de bolos, doces, cupcakes. A máquina é como uma impressora tradicional, porém ao invés de imprimir, ela corta a pasta de açúcar. Ela possui um painel digital, multifuncional na própria máquina.<br />
Ela permite cortar com precisão e acabamento perfeito. Permite enorme produtividade para você ou para sua empresa. Ela corta o que você quiser em segundos.</p>
<p class="western"><img loading="lazy" decoding="async" class="alignnone size-medium wp-image-12985" src="https://adalgisaalmeida.com.br/site/wp-content/uploads/2017/01/IMG_7107-300x225.jpg" alt="" width="300" height="225" srcset="https://adalgisaalmeida.com.br/site/wp-content/uploads/2017/01/IMG_7107-300x225.jpg 300w, https://adalgisaalmeida.com.br/site/wp-content/uploads/2017/01/IMG_7107-195x146.jpg 195w, https://adalgisaalmeida.com.br/site/wp-content/uploads/2017/01/IMG_7107-50x38.jpg 50w, https://adalgisaalmeida.com.br/site/wp-content/uploads/2017/01/IMG_7107.jpg 960w, https://adalgisaalmeida.com.br/site/wp-content/uploads/2017/01/IMG_7107-100x75.jpg 100w" sizes="auto, (max-width: 300px) 100vw, 300px" /><img loading="lazy" decoding="async" class="alignnone wp-image-12984 " src="https://adalgisaalmeida.com.br/site/wp-content/uploads/2017/01/IMG_5790-e1504128922425-225x300.jpg" alt="" width="168" height="224" srcset="https://adalgisaalmeida.com.br/site/wp-content/uploads/2017/01/IMG_5790-e1504128922425-225x300.jpg 225w, https://adalgisaalmeida.com.br/site/wp-content/uploads/2017/01/IMG_5790-e1504128922425-110x146.jpg 110w, https://adalgisaalmeida.com.br/site/wp-content/uploads/2017/01/IMG_5790-e1504128922425-38x50.jpg 38w, https://adalgisaalmeida.com.br/site/wp-content/uploads/2017/01/IMG_5790-e1504128922425-56x75.jpg 56w, https://adalgisaalmeida.com.br/site/wp-content/uploads/2017/01/IMG_5790-e1504128922425.jpg 720w" sizes="auto, (max-width: 168px) 100vw, 168px" /><img loading="lazy" decoding="async" class="alignnone wp-image-12986 size-medium" src="https://adalgisaalmeida.com.br/site/wp-content/uploads/2017/01/IMG_8185-e1504128979316-300x225.jpg" alt="" width="300" height="225" srcset="https://adalgisaalmeida.com.br/site/wp-content/uploads/2017/01/IMG_8185-e1504128979316-300x225.jpg 300w, https://adalgisaalmeida.com.br/site/wp-content/uploads/2017/01/IMG_8185-e1504128979316-195x146.jpg 195w, https://adalgisaalmeida.com.br/site/wp-content/uploads/2017/01/IMG_8185-e1504128979316-50x38.jpg 50w, https://adalgisaalmeida.com.br/site/wp-content/uploads/2017/01/IMG_8185-e1504128979316.jpg 960w, https://adalgisaalmeida.com.br/site/wp-content/uploads/2017/01/IMG_8185-e1504128979316-100x75.jpg 100w" sizes="auto, (max-width: 300px) 100vw, 300px" /></p>
<p class="western"><span style="color: #000000;"><span style="font-family: 'Arial Narrow', sans-serif;"><span style="font-size: medium;"><b>Conteúdo:</b></span></span></span></p>
<p class="western"><span style="color: #000000;"><span style="font-family: 'Arial Narrow', sans-serif;"><span style="font-size: medium;">Neste curso você aprenderá, em uma aula prática, a cortar figuras em pasta de açucar, podendo cortar logomarcas, bordas, letras, números, estrelas, bolas, personagens, tudo o que sua imaginação puder criar com rapidez e precisão em pasta de açúcar.</span></span></span></p>
<p class="western"><span style="color: #000000;"><span style="font-family: 'Arial Narrow', sans-serif;"><span style="font-size: medium;"><b>Metodologia:</b></span></span></span></p>
<p class="western"><span style="color: #000000;"><span style="font-family: 'Arial Narrow', sans-serif;"><span style="font-size: medium;">Cada aluno receberá uma apostila detalhada, ilustrada com passo a passo de todo o conteúdo que será abordado nas aulas, certificado e o material que irá trabalhar.</span></span></span></p>
<p class="western"><span style="color: #000000;"><span style="font-family: 'Arial Narrow', sans-serif;"><span style="font-size: medium;"><b>Informações de inscrição:</b></span></span></span></p>
<p class="western"><span style="color: #000000;"><span style="font-family: 'Arial Narrow', sans-serif;"><span style="font-size: medium;">Requisito: Idade mínima de 16 anos. </span></span></span></p>
<p class="western"><span style="color: #000000;"><span style="font-family: 'Arial Narrow', sans-serif;"><span style="font-size: medium;">Para fazer o curso você precisa ter <strong>NOÇÕES BÁSICAS DE WINDOWS</strong>, ter a sua Cricut Cake e o seu notebook para trazê-los para o curso, além do cartucho “Cake Basics”, mats (tapetes) que acompanham a máquina e do cabo que liga a sua Cricut ao computador, que é igual a um cabo de impressora.</span></span></span></p>
<p class="western"><span style="color: #000000;"><span style="font-family: 'Arial Narrow', sans-serif;"><span style="font-size: medium;">Realização:  das 09h30 as 17h30 </span></span></span>com intervalo para almoço</p>
<p class="western"><span style="color: #000000;"><span style="font-family: 'Arial Narrow', sans-serif;"><span style="font-size: medium;">Carga Horária: 14 horas<br />
Professora: Adalgisa Almeida</span></span></span></p>
<p class="western"><span style="color: #000000;"><span style="font-family: 'Arial Narrow', sans-serif;"><span style="font-size: medium;"><b>Investimento</b><b>:</b></span></span></span></p>
<p>6x de R$295 sem juros no cartão de crédito</p>
<p>ou desconto de 10% para pagamento à vista, via depósito ou transferência bancária: R$1600</p>
<p>Para se inscrever, entre em contato conosco pelo e-mail <a href="mailto:cursos@adalgisaalmeida.com.br">cursos@adalgisaalmeida.com.br</a><br />
ou pela central de inscrições no telefone (31)3344-8373 ou pelo Whatsapp (31)9 8878-0836</p>

<p>Curso da Cricut Cake Este curso é para você que tem a sorte de ter uma Cricut Cake e ainda não domina todas as suas funções. Essa máquina revolucionou a [&hellip;]</p>
