{"id":12838,"date":"2016-12-23T10:19:13","date_gmt":"2016-12-23T13:19:13","guid":{"rendered":"https:\/\/adalgisaalmeida.com.br\/site\/?post_type=tribe_events&#038;p=12838"},"modified":"2017-01-23T10:04:03","modified_gmt":"2017-01-23T13:04:03","slug":"curso-de-introducao-a-confeitaria-bolos-decorados-com-pasta-americana-15-e-16022017","status":"publish","type":"tribe_events","link":"https:\/\/adalgisaalmeida.com.br\/site\/event\/curso-de-introducao-a-confeitaria-bolos-decorados-com-pasta-americana-15-e-16022017\/","title":{"rendered":"Curso de Introdu\u00e7\u00e3o \u00e0 Confeitaria Art\u00edstica &#8211; 15 e 16\/02\/2017"},"content":{"rendered":"<p><span style=\"font-family: 'Georgia','serif'; color: #333333;\">Adalgisa Almeida preparou um curso especial que em 16 horas de aula, traz conceitos b\u00e1sicos e t\u00e9cnicas fundamentais de forma\u00e7\u00e3o em confeitaria para aqueles que desejam iniciar em sua carreira na confeitaria art\u00edstica. O Curso inclui material disponibilizado para a pr\u00e1tica, apostila em cores com passo a passo e certificado.<\/span><\/p>\n<p style=\"font-variant-ligatures: normal; font-variant-caps: normal; orphans: 2; text-align: start; widows: 2; -webkit-text-stroke-width: 0px; word-spacing: 0px;\"><span style=\"font-family: 'Georgia','serif'; color: #333333;\">A proposta \u00e9 um de curso preliminar criado a partir do curso Forma\u00e7\u00e3o em Cake Designer \u2013 M\u00f3dulo I, ministrado da escola de confeitaria Adalgisa Almeida, diante da procura e demanda por uma forma\u00e7\u00e3o introdut\u00f3ria de linguagem mais simples e acess\u00edvel.<\/span><\/p>\n<p style=\"font-variant-ligatures: normal; font-variant-caps: normal; orphans: 2; text-align: start; widows: 2; -webkit-text-stroke-width: 0px; word-spacing: 0px;\"><span style=\"font-family: 'Georgia','serif'; color: #333333;\">CONTE\u00daDO:<\/span><\/p>\n<p style=\"font-variant-ligatures: normal; font-variant-caps: normal; orphans: 2; text-align: start; widows: 2; -webkit-text-stroke-width: 0px; word-spacing: 0px;\"><span style=\"font-family: 'Georgia','serif'; color: #333333;\">&#8211; T\u00e9cnicas de preparo de massa<\/span><\/p>\n<p style=\"font-variant-ligatures: normal; font-variant-caps: normal; orphans: 2; text-align: start; widows: 2; -webkit-text-stroke-width: 0px; word-spacing: 0px;\"><span style=\"font-family: 'Georgia','serif'; color: #333333;\">&#8211; Preparo de recheios e t\u00e9cnicas para rechear<\/span><\/p>\n<p style=\"font-variant-ligatures: normal; font-variant-caps: normal; orphans: 2; text-align: start; widows: 2; -webkit-text-stroke-width: 0px; word-spacing: 0px;\"><span style=\"font-family: 'Georgia','serif'; color: #333333;\">&#8211; Prepara\u00e7\u00e3o do bolo para a aplica\u00e7\u00e3o de pasta americana<\/span><\/p>\n<p style=\"font-variant-ligatures: normal; font-variant-caps: normal; orphans: 2; text-align: start; widows: 2; -webkit-text-stroke-width: 0px; word-spacing: 0px;\"><span style=\"font-family: 'Georgia','serif'; color: #333333;\">&#8211; T\u00e9cnica de aplica\u00e7\u00e3o da pasta americana<\/span><\/p>\n<p style=\"font-variant-ligatures: normal; font-variant-caps: normal; orphans: 2; text-align: start; widows: 2; -webkit-text-stroke-width: 0px; word-spacing: 0px;\"><span style=\"font-family: 'Georgia','serif'; color: #333333;\">&#8211; Produ\u00e7\u00e3o de la\u00e7os, babados, fitas e tiras para decora\u00e7\u00e3o, bem como utiliza\u00e7\u00e3o de moldes de silicone e stencil<\/span><\/p>\n<p style=\"font-variant-ligatures: normal; font-variant-caps: normal; orphans: 2; text-align: start; widows: 2; -webkit-text-stroke-width: 0px; word-spacing: 0px;\"><span style=\"font-family: 'Georgia','serif'; color: #333333;\">&#8211; T\u00e9cnicas de preparo, colora\u00e7\u00e3o, conserva\u00e7\u00e3o com glac\u00ea real<\/span><\/p>\n<p style=\"font-variant-ligatures: normal; font-variant-caps: normal; orphans: 2; text-align: start; widows: 2; -webkit-text-stroke-width: 0px; word-spacing: 0px;\"><span style=\"font-family: 'Georgia','serif'; color: #333333;\">&#8211; Pontos e utiliza\u00e7\u00e3o do glac\u00ea<\/span><\/p>\n<p style=\"font-variant-ligatures: normal; font-variant-caps: normal; orphans: 2; text-align: start; widows: 2; -webkit-text-stroke-width: 0px; word-spacing: 0px;\"><span style=\"font-family: 'Georgia','serif'; color: #333333;\">&#8211; Preparo, montagem e utiliza\u00e7\u00e3o do saco de confeitar atrav\u00e9s do exerc\u00edcio de aplica\u00e7\u00e3o de efeito concha com bico<\/span><\/p>\n<p style=\"font-variant-ligatures: normal; font-variant-caps: normal; orphans: 2; text-align: start; widows: 2; -webkit-text-stroke-width: 0px; word-spacing: 0px;\"><span style=\"font-family: 'Georgia','serif'; color: #333333;\">&#8211; Dicas de tamanho ideal para festas, transporte, c\u00e1lculo de pre\u00e7o.<br \/>\nMETODOLOGIA:<br \/>\nO curso \u00e9 pr\u00e1tico com momentos alternados entra a demonstra\u00e7\u00e3o da professora e fundamenta\u00e7\u00e3o te\u00f3rica. Os alunos ser\u00e3o orientados dinamicamente nas etapas da aulas, com o objetivo de ao final do curso terem aprendido o passo a passo desde o preparo da massa, aplica\u00e7\u00e3o do recheio, cobertura e decora\u00e7\u00e3o de um bolo art\u00edstico.<\/span><\/p>\n<p style=\"font-variant-ligatures: normal; font-variant-caps: normal; orphans: 2; text-align: start; widows: 2; -webkit-text-stroke-width: 0px; word-spacing: 0px;\"><span style=\"font-family: 'Georgia','serif'; color: #333333;\">O tema de base do bolo \u00e9 um bolo infantil inspirado na personagem Minnie. Cada aluno produzir\u00e1 e decorar\u00e1 seu bolo conforme a foto.<\/span><\/p>\n<p style=\"font-variant-ligatures: normal; font-variant-caps: normal; orphans: 2; text-align: start; widows: 2; -webkit-text-stroke-width: 0px; word-spacing: 0px;\"><span style=\"font-family: 'Georgia','serif'; color: #333333;\">INFORMA\u00c7\u00d5ES T\u00c9CNICAS:<\/span><\/p>\n<p style=\"font-variant-ligatures: normal; font-variant-caps: normal; orphans: 2; text-align: start; widows: 2; -webkit-text-stroke-width: 0px; word-spacing: 0px;\"><span style=\"font-family: 'Georgia','serif'; color: #333333;\">Requisito: idade m\u00ednima de 16 anos.<br \/>\nCarga Hor\u00e1ria: 16 horas.<br \/>\nN\u00famero de vagas: 06<br \/>\nP\u00fablico alvo: p\u00fablico geral interessado. Quem deseja iniciar-se na confeitaria art\u00edstica.<br \/>\nProfessor: Adalgisa Almeida<br \/>\nRealiza\u00e7\u00e3o: dias 15 e 16 de fevereiro, de 9h00 \u00e0s 17h30.<br \/>\nValor: R$1200,00\u00a0<\/span><\/p>\n<p style=\"font-variant-ligatures: normal; font-variant-caps: normal; orphans: 2; text-align: start; widows: 2; -webkit-text-stroke-width: 0px; word-spacing: 0px;\">At\u00e9 3x sem juros no cart\u00e3o de cr\u00e9dito<\/p>\n<p style=\"font-variant-ligatures: normal; font-variant-caps: normal; orphans: 2; text-align: start; widows: 2; -webkit-text-stroke-width: 0px; word-spacing: 0px;\">Desconto de 10% para pagamento \u00e1 vista, via dep\u00f3sito ou transfer\u00eancia banc\u00e1ria: R$1080,00<\/p>\n<p style=\"font-variant-ligatures: normal; font-variant-caps: normal; orphans: 2; text-align: start; widows: 2; -webkit-text-stroke-width: 0px; word-spacing: 0px;\"><span style=\"font-family: 'Georgia','serif'; color: #333333;\">\u00a0<\/span><\/p>\n<p style=\"font-variant-ligatures: normal; font-variant-caps: normal; orphans: 2; text-align: start; widows: 2; -webkit-text-stroke-width: 0px; word-spacing: 0px;\"><span style=\"font-family: 'Georgia','serif'; color: #333333;\">Para se inscrever, entre em contato conosco pelo e-mail<span class=\"apple-converted-space\">\u00a0<\/span><a href=\"mailto:cursos@adalgisaalmeida.com.br\" target=\"_blank\">cursos@adalgisaalmeida.com.br<\/a><br \/>\nou pela central de inscri\u00e7\u00f5es no telefone (31) 9 97699596 (whatsapp)<\/span><\/p>\n","protected":false},"excerpt":{"rendered":"<p>Adalgisa Almeida preparou um curso especial que em 16 horas de aula, traz conceitos b\u00e1sicos e t\u00e9cnicas fundamentais de forma\u00e7\u00e3o em confeitaria para aqueles que desejam iniciar em sua carreira [&hellip;]<\/p>\n","protected":false},"author":3,"featured_media":12764,"comment_status":"closed","ping_status":"closed","template":"","meta":{"_tribe_events_status":"","_tribe_events_status_reason":"","footnotes":""},"tags":[],"tribe_events_cat":[],"class_list":["post-12838","tribe_events","type-tribe_events","status-publish","hentry"],"_links":{"self":[{"href":"https:\/\/adalgisaalmeida.com.br\/site\/wp-json\/wp\/v2\/tribe_events\/12838","targetHints":{"allow":["GET"]}}],"collection":[{"href":"https:\/\/adalgisaalmeida.com.br\/site\/wp-json\/wp\/v2\/tribe_events"}],"about":[{"href":"https:\/\/adalgisaalmeida.com.br\/site\/wp-json\/wp\/v2\/types\/tribe_events"}],"author":[{"embeddable":true,"href":"https:\/\/adalgisaalmeida.com.br\/site\/wp-json\/wp\/v2\/users\/3"}],"replies":[{"embeddable":true,"href":"https:\/\/adalgisaalmeida.com.br\/site\/wp-json\/wp\/v2\/comments?post=12838"}],"version-history":[{"count":1,"href":"https:\/\/adalgisaalmeida.com.br\/site\/wp-json\/wp\/v2\/tribe_events\/12838\/revisions"}],"predecessor-version":[{"id":12926,"href":"https:\/\/adalgisaalmeida.com.br\/site\/wp-json\/wp\/v2\/tribe_events\/12838\/revisions\/12926"}],"wp:featuredmedia":[{"embeddable":true,"href":"https:\/\/adalgisaalmeida.com.br\/site\/wp-json\/wp\/v2\/media\/12764"}],"wp:attachment":[{"href":"https:\/\/adalgisaalmeida.com.br\/site\/wp-json\/wp\/v2\/media?parent=12838"}],"wp:term":[{"taxonomy":"post_tag","embeddable":true,"href":"https:\/\/adalgisaalmeida.com.br\/site\/wp-json\/wp\/v2\/tags?post=12838"},{"taxonomy":"tribe_events_cat","embeddable":true,"href":"https:\/\/adalgisaalmeida.com.br\/site\/wp-json\/wp\/v2\/tribe_events_cat?post=12838"}],"curies":[{"name":"wp","href":"https:\/\/api.w.org\/{rel}","templated":true}]}}

Curso de Introdução à Confeitaria Artística &#8211; 15 e 16/02/2017

<p><span style="font-family: 'Georgia','serif'; color: #333333;">Adalgisa Almeida preparou um curso especial que em 16 horas de aula, traz conceitos básicos e técnicas fundamentais de formação em confeitaria para aqueles que desejam iniciar em sua carreira na confeitaria artística. O Curso inclui material disponibilizado para a prática, apostila em cores com passo a passo e certificado.</span></p>
<p style="font-variant-ligatures: normal; font-variant-caps: normal; orphans: 2; text-align: start; widows: 2; -webkit-text-stroke-width: 0px; word-spacing: 0px;"><span style="font-family: 'Georgia','serif'; color: #333333;">A proposta é um de curso preliminar criado a partir do curso Formação em Cake Designer – Módulo I, ministrado da escola de confeitaria Adalgisa Almeida, diante da procura e demanda por uma formação introdutória de linguagem mais simples e acessível.</span></p>
<p style="font-variant-ligatures: normal; font-variant-caps: normal; orphans: 2; text-align: start; widows: 2; -webkit-text-stroke-width: 0px; word-spacing: 0px;"><span style="font-family: 'Georgia','serif'; color: #333333;">CONTEÚDO:</span></p>
<p style="font-variant-ligatures: normal; font-variant-caps: normal; orphans: 2; text-align: start; widows: 2; -webkit-text-stroke-width: 0px; word-spacing: 0px;"><span style="font-family: 'Georgia','serif'; color: #333333;">&#8211; Técnicas de preparo de massa</span></p>
<p style="font-variant-ligatures: normal; font-variant-caps: normal; orphans: 2; text-align: start; widows: 2; -webkit-text-stroke-width: 0px; word-spacing: 0px;"><span style="font-family: 'Georgia','serif'; color: #333333;">&#8211; Preparo de recheios e técnicas para rechear</span></p>
<p style="font-variant-ligatures: normal; font-variant-caps: normal; orphans: 2; text-align: start; widows: 2; -webkit-text-stroke-width: 0px; word-spacing: 0px;"><span style="font-family: 'Georgia','serif'; color: #333333;">&#8211; Preparação do bolo para a aplicação de pasta americana</span></p>
<p style="font-variant-ligatures: normal; font-variant-caps: normal; orphans: 2; text-align: start; widows: 2; -webkit-text-stroke-width: 0px; word-spacing: 0px;"><span style="font-family: 'Georgia','serif'; color: #333333;">&#8211; Técnica de aplicação da pasta americana</span></p>
<p style="font-variant-ligatures: normal; font-variant-caps: normal; orphans: 2; text-align: start; widows: 2; -webkit-text-stroke-width: 0px; word-spacing: 0px;"><span style="font-family: 'Georgia','serif'; color: #333333;">&#8211; Produção de laços, babados, fitas e tiras para decoração, bem como utilização de moldes de silicone e stencil</span></p>
<p style="font-variant-ligatures: normal; font-variant-caps: normal; orphans: 2; text-align: start; widows: 2; -webkit-text-stroke-width: 0px; word-spacing: 0px;"><span style="font-family: 'Georgia','serif'; color: #333333;">&#8211; Técnicas de preparo, coloração, conservação com glacê real</span></p>
<p style="font-variant-ligatures: normal; font-variant-caps: normal; orphans: 2; text-align: start; widows: 2; -webkit-text-stroke-width: 0px; word-spacing: 0px;"><span style="font-family: 'Georgia','serif'; color: #333333;">&#8211; Pontos e utilização do glacê</span></p>
<p style="font-variant-ligatures: normal; font-variant-caps: normal; orphans: 2; text-align: start; widows: 2; -webkit-text-stroke-width: 0px; word-spacing: 0px;"><span style="font-family: 'Georgia','serif'; color: #333333;">&#8211; Preparo, montagem e utilização do saco de confeitar através do exercício de aplicação de efeito concha com bico</span></p>
<p style="font-variant-ligatures: normal; font-variant-caps: normal; orphans: 2; text-align: start; widows: 2; -webkit-text-stroke-width: 0px; word-spacing: 0px;"><span style="font-family: 'Georgia','serif'; color: #333333;">&#8211; Dicas de tamanho ideal para festas, transporte, cálculo de preço.<br />
METODOLOGIA:<br />
O curso é prático com momentos alternados entra a demonstração da professora e fundamentação teórica. Os alunos serão orientados dinamicamente nas etapas da aulas, com o objetivo de ao final do curso terem aprendido o passo a passo desde o preparo da massa, aplicação do recheio, cobertura e decoração de um bolo artístico.</span></p>
<p style="font-variant-ligatures: normal; font-variant-caps: normal; orphans: 2; text-align: start; widows: 2; -webkit-text-stroke-width: 0px; word-spacing: 0px;"><span style="font-family: 'Georgia','serif'; color: #333333;">O tema de base do bolo é um bolo infantil inspirado na personagem Minnie. Cada aluno produzirá e decorará seu bolo conforme a foto.</span></p>
<p style="font-variant-ligatures: normal; font-variant-caps: normal; orphans: 2; text-align: start; widows: 2; -webkit-text-stroke-width: 0px; word-spacing: 0px;"><span style="font-family: 'Georgia','serif'; color: #333333;">INFORMAÇÕES TÉCNICAS:</span></p>
<p style="font-variant-ligatures: normal; font-variant-caps: normal; orphans: 2; text-align: start; widows: 2; -webkit-text-stroke-width: 0px; word-spacing: 0px;"><span style="font-family: 'Georgia','serif'; color: #333333;">Requisito: idade mínima de 16 anos.<br />
Carga Horária: 16 horas.<br />
Número de vagas: 06<br />
Público alvo: público geral interessado. Quem deseja iniciar-se na confeitaria artística.<br />
Professor: Adalgisa Almeida<br />
Realização: dias 15 e 16 de fevereiro, de 9h00 às 17h30.<br />
Valor: R$1200,00 </span></p>
<p style="font-variant-ligatures: normal; font-variant-caps: normal; orphans: 2; text-align: start; widows: 2; -webkit-text-stroke-width: 0px; word-spacing: 0px;">Até 3x sem juros no cartão de crédito</p>
<p style="font-variant-ligatures: normal; font-variant-caps: normal; orphans: 2; text-align: start; widows: 2; -webkit-text-stroke-width: 0px; word-spacing: 0px;">Desconto de 10% para pagamento á vista, via depósito ou transferência bancária: R$1080,00</p>
<p style="font-variant-ligatures: normal; font-variant-caps: normal; orphans: 2; text-align: start; widows: 2; -webkit-text-stroke-width: 0px; word-spacing: 0px;"><span style="font-family: 'Georgia','serif'; color: #333333;"> </span></p>
<p style="font-variant-ligatures: normal; font-variant-caps: normal; orphans: 2; text-align: start; widows: 2; -webkit-text-stroke-width: 0px; word-spacing: 0px;"><span style="font-family: 'Georgia','serif'; color: #333333;">Para se inscrever, entre em contato conosco pelo e-mail<span class="apple-converted-space"> </span><a href="mailto:cursos@adalgisaalmeida.com.br" target="_blank">cursos@adalgisaalmeida.com.br</a><br />
ou pela central de inscrições no telefone (31) 9 97699596 (whatsapp)</span></p>

<p>Adalgisa Almeida preparou um curso especial que em 16 horas de aula, traz conceitos básicos e técnicas fundamentais de formação em confeitaria para aqueles que desejam iniciar em sua carreira [&hellip;]</p>
