{"id":12787,"date":"2016-10-10T15:51:05","date_gmt":"2016-10-10T18:51:05","guid":{"rendered":"https:\/\/adalgisaalmeida.com.br\/site\/?post_type=tribe_events&#038;p=12787"},"modified":"2016-10-19T21:43:04","modified_gmt":"2016-10-20T00:43:04","slug":"curso-de-mini-bolo-decorado-03112016","status":"publish","type":"tribe_events","link":"https:\/\/adalgisaalmeida.com.br\/site\/event\/curso-de-mini-bolo-decorado-03112016\/","title":{"rendered":"CURSO DE MINI BOLO DECORADO &#8211; 03\/11\/2016"},"content":{"rendered":"<p><span style=\"color: #000000;\"><span style=\"font-family: 'Arial Narrow', sans-serif;\"><span style=\"font-size: medium;\"><b>Curso Mini Bolo Decorado<\/b><\/span><\/span><\/span><\/p>\n<p class=\"western\" align=\"JUSTIFY\"><span style=\"color: #000000;\"><span style=\"font-family: 'Arial Narrow', sans-serif;\"><span style=\"font-size: medium;\">Este curso foi cuidadosamente elaborado para que o aluno aprenda a elaborar mini bolos decorados com pasta americana. Curso em formato de oficina pr\u00e1tica com apostila detalhada e certificado inclusos.<\/span><\/span><\/span><\/p>\n<p class=\"western\"><span style=\"color: #000000;\"><span style=\"font-family: 'Arial Narrow', sans-serif;\"><span style=\"font-size: medium;\"><b>Conte\u00fado:<\/b><\/span><\/span><\/span><\/p>\n<ul>\n<li>\n<p class=\"western\"><span style=\"color: #000000;\"><span style=\"font-family: 'Arial Narrow', sans-serif;\"><span style=\"font-size: medium;\">Elabora\u00e7\u00e3o e preparo da massa de bolo,<\/span><\/span><\/span><\/p>\n<\/li>\n<li>\n<p class=\"western\"><span style=\"color: #000000;\"><span style=\"font-family: 'Arial Narrow', sans-serif;\"><span style=\"font-size: medium;\">Elabora\u00e7\u00e3o dos recheios e t\u00e9cnicas para rechear,<\/span><\/span><\/span><\/p>\n<\/li>\n<li>\n<p class=\"western\"><span style=\"color: #000000;\"><span style=\"font-family: 'Arial Narrow', sans-serif;\"><span style=\"font-size: medium;\">Prepara\u00e7\u00e3o do bolo para recebimento de cobertura (a pasta americana),<\/span><\/span><\/span><\/p>\n<\/li>\n<li>\n<p class=\"western\"><span style=\"color: #000000;\"><span style=\"font-family: 'Arial Narrow', sans-serif;\"><span style=\"font-size: medium;\">Aplica\u00e7\u00e3o da pasta americana,<\/span><\/span><\/span><\/p>\n<\/li>\n<li>\n<p class=\"western\"><span style=\"color: #000000;\"><span style=\"font-family: 'Arial Narrow', sans-serif;\"><span style=\"font-size: medium;\">Especificidades da pasta de a\u00e7\u00facar de acordo com a modelagem,<\/span><\/span><\/span><\/p>\n<\/li>\n<li>\n<p class=\"western\"><span style=\"color: #000000;\"><span style=\"font-family: 'Arial Narrow', sans-serif;\"><span style=\"font-size: medium;\">T\u00e9cnicas de modelagem tema natalino e decora\u00e7\u00e3o do mini bolo.<\/span><\/span><\/span><\/p>\n<\/li>\n<\/ul>\n<p class=\"western\"><span style=\"color: #000000;\"><span style=\"font-family: 'Arial Narrow', sans-serif;\"><span style=\"font-size: medium;\"><b>Metodologia:<\/b><\/span><\/span><\/span><\/p>\n<p class=\"western\" align=\"JUSTIFY\"><span style=\"color: #000000;\"><span style=\"font-family: 'Arial Narrow', sans-serif;\"><span style=\"font-size: medium;\">O curso \u00e9 desenvolvido em torno de conceitos e t\u00e9cnicas de trabalho que permeiam as min\u00facias em decora\u00e7\u00f5es para a produ\u00e7\u00e3o dos mini bolos proporcionando ao aluno e profissional de confeitaria aprimorar-se e oferecer ao seu cliente um produto com qualidade, beleza e sabor.<\/span><\/span><\/span><\/p>\n<p class=\"western\"><span style=\"color: #000000;\"><span style=\"font-family: 'Arial Narrow', sans-serif;\"><span style=\"font-size: medium;\">O aluno aprender\u00e1 a fazer o mini bolo, incluindo as modelagens em pasta de a\u00e7\u00facar.<\/span><\/span><\/span><\/p>\n<p class=\"western\"><span style=\"color: #000000;\"><span style=\"font-family: 'Arial Narrow', sans-serif;\"><span style=\"font-size: medium;\"><b>Informa\u00e7\u00f5es de inscri\u00e7\u00e3o:<\/b><\/span><\/span><\/span><\/p>\n<p class=\"western\"><span style=\"color: #000000;\"><span style=\"font-family: 'Arial Narrow', sans-serif;\"><span style=\"font-size: medium;\">Realiza\u00e7\u00e3o: 03\/11\/2016 das 09:30\u00a0as 17h30<br \/>\nRequisito: Idade m\u00ednima de 16 anos. N\u00e3o \u00e9 necess\u00e1rio trazer nenhum material.<br \/>\nCarga Hor\u00e1ria:\u00a07 hs<br \/>\nProfessora: Gabriela Almeida<\/span><\/span><\/span><\/p>\n<p class=\"western\"><span style=\"color: #000000;\"><span style=\"font-family: 'Arial Narrow', sans-serif;\"><span style=\"font-size: medium;\"><b>Investimento<\/b><b>:<\/b><\/span><\/span><\/span><\/p>\n<p class=\"western\"><span style=\"color: #000000;\"><span style=\"font-family: 'Arial Narrow', sans-serif;\"><span style=\"font-size: medium;\">R$600,00<\/span><\/span><\/span><\/p>\n<p class=\"western\"><span style=\"color: #000000;\"><span style=\"font-family: 'Arial Narrow', sans-serif;\"><span style=\"font-size: medium;\">At\u00e9 3x de <strong>R$<\/strong><strong>200<\/strong><strong>,<\/strong><strong>00 sem juros<\/strong> no cart\u00e3o de cr\u00e9dito.<\/span><\/span><\/span><\/p>\n<p class=\"western\"><span style=\"color: #000000;\"><span style=\"font-family: 'Arial Narrow', sans-serif;\"><span style=\"font-size: medium;\">R$570,00 (5% de desconto para pagamento por dep\u00f3sito ou transfer\u00eancia banc\u00e1ria)<\/span><\/span><\/span><\/p>\n<p>Para se inscrever, entre em contato conosco pelo e-mail <a href=\"mailto:cursos@adalgisaalmeida.com.br\" target=\"_blank\">cursos@adalgisaalmeida.com.br<\/a><br \/>\nou pela central de inscri\u00e7\u00f5es nos telefones (31) 9 97699596 (whatsapp) ou (31) 9 92666924<\/p>\n","protected":false},"excerpt":{"rendered":"<p>Curso Mini Bolo Decorado Este curso foi cuidadosamente elaborado para que o aluno aprenda a elaborar mini bolos decorados com pasta americana. Curso em formato de oficina pr\u00e1tica com apostila [&hellip;]<\/p>\n","protected":false},"author":3,"featured_media":12813,"comment_status":"closed","ping_status":"closed","template":"","meta":{"_tribe_events_status":"","_tribe_events_status_reason":"","footnotes":""},"tags":[],"tribe_events_cat":[],"class_list":["post-12787","tribe_events","type-tribe_events","status-publish","hentry"],"_links":{"self":[{"href":"https:\/\/adalgisaalmeida.com.br\/site\/wp-json\/wp\/v2\/tribe_events\/12787","targetHints":{"allow":["GET"]}}],"collection":[{"href":"https:\/\/adalgisaalmeida.com.br\/site\/wp-json\/wp\/v2\/tribe_events"}],"about":[{"href":"https:\/\/adalgisaalmeida.com.br\/site\/wp-json\/wp\/v2\/types\/tribe_events"}],"author":[{"embeddable":true,"href":"https:\/\/adalgisaalmeida.com.br\/site\/wp-json\/wp\/v2\/users\/3"}],"replies":[{"embeddable":true,"href":"https:\/\/adalgisaalmeida.com.br\/site\/wp-json\/wp\/v2\/comments?post=12787"}],"version-history":[{"count":0,"href":"https:\/\/adalgisaalmeida.com.br\/site\/wp-json\/wp\/v2\/tribe_events\/12787\/revisions"}],"wp:featuredmedia":[{"embeddable":true,"href":"https:\/\/adalgisaalmeida.com.br\/site\/wp-json\/wp\/v2\/media\/12813"}],"wp:attachment":[{"href":"https:\/\/adalgisaalmeida.com.br\/site\/wp-json\/wp\/v2\/media?parent=12787"}],"wp:term":[{"taxonomy":"post_tag","embeddable":true,"href":"https:\/\/adalgisaalmeida.com.br\/site\/wp-json\/wp\/v2\/tags?post=12787"},{"taxonomy":"tribe_events_cat","embeddable":true,"href":"https:\/\/adalgisaalmeida.com.br\/site\/wp-json\/wp\/v2\/tribe_events_cat?post=12787"}],"curies":[{"name":"wp","href":"https:\/\/api.w.org\/{rel}","templated":true}]}}

<p><span style="color: #000000;"><span style="font-family: 'Arial Narrow', sans-serif;"><span style="font-size: medium;"><b>Curso Mini Bolo Decorado</b></span></span></span></p>
<p class="western" align="JUSTIFY"><span style="color: #000000;"><span style="font-family: 'Arial Narrow', sans-serif;"><span style="font-size: medium;">Este curso foi cuidadosamente elaborado para que o aluno aprenda a elaborar mini bolos decorados com pasta americana. Curso em formato de oficina prática com apostila detalhada e certificado inclusos.</span></span></span></p>
<p class="western"><span style="color: #000000;"><span style="font-family: 'Arial Narrow', sans-serif;"><span style="font-size: medium;"><b>Conteúdo:</b></span></span></span></p>
<ul>
<li>
<p class="western"><span style="color: #000000;"><span style="font-family: 'Arial Narrow', sans-serif;"><span style="font-size: medium;">Elaboração e preparo da massa de bolo,</span></span></span></p>
</li>
<li>
<p class="western"><span style="color: #000000;"><span style="font-family: 'Arial Narrow', sans-serif;"><span style="font-size: medium;">Elaboração dos recheios e técnicas para rechear,</span></span></span></p>
</li>
<li>
<p class="western"><span style="color: #000000;"><span style="font-family: 'Arial Narrow', sans-serif;"><span style="font-size: medium;">Preparação do bolo para recebimento de cobertura (a pasta americana),</span></span></span></p>
</li>
<li>
<p class="western"><span style="color: #000000;"><span style="font-family: 'Arial Narrow', sans-serif;"><span style="font-size: medium;">Aplicação da pasta americana,</span></span></span></p>
</li>
<li>
<p class="western"><span style="color: #000000;"><span style="font-family: 'Arial Narrow', sans-serif;"><span style="font-size: medium;">Especificidades da pasta de açúcar de acordo com a modelagem,</span></span></span></p>
</li>
<li>
<p class="western"><span style="color: #000000;"><span style="font-family: 'Arial Narrow', sans-serif;"><span style="font-size: medium;">Técnicas de modelagem tema natalino e decoração do mini bolo.</span></span></span></p>
</li>
</ul>
<p class="western"><span style="color: #000000;"><span style="font-family: 'Arial Narrow', sans-serif;"><span style="font-size: medium;"><b>Metodologia:</b></span></span></span></p>
<p class="western" align="JUSTIFY"><span style="color: #000000;"><span style="font-family: 'Arial Narrow', sans-serif;"><span style="font-size: medium;">O curso é desenvolvido em torno de conceitos e técnicas de trabalho que permeiam as minúcias em decorações para a produção dos mini bolos proporcionando ao aluno e profissional de confeitaria aprimorar-se e oferecer ao seu cliente um produto com qualidade, beleza e sabor.</span></span></span></p>
<p class="western"><span style="color: #000000;"><span style="font-family: 'Arial Narrow', sans-serif;"><span style="font-size: medium;">O aluno aprenderá a fazer o mini bolo, incluindo as modelagens em pasta de açúcar.</span></span></span></p>
<p class="western"><span style="color: #000000;"><span style="font-family: 'Arial Narrow', sans-serif;"><span style="font-size: medium;"><b>Informações de inscrição:</b></span></span></span></p>
<p class="western"><span style="color: #000000;"><span style="font-family: 'Arial Narrow', sans-serif;"><span style="font-size: medium;">Realização: 03/11/2016 das 09:30 as 17h30<br />
Requisito: Idade mínima de 16 anos. Não é necessário trazer nenhum material.<br />
Carga Horária: 7 hs<br />
Professora: Gabriela Almeida</span></span></span></p>
<p class="western"><span style="color: #000000;"><span style="font-family: 'Arial Narrow', sans-serif;"><span style="font-size: medium;"><b>Investimento</b><b>:</b></span></span></span></p>
<p class="western"><span style="color: #000000;"><span style="font-family: 'Arial Narrow', sans-serif;"><span style="font-size: medium;">R$600,00</span></span></span></p>
<p class="western"><span style="color: #000000;"><span style="font-family: 'Arial Narrow', sans-serif;"><span style="font-size: medium;">Até 3x de <strong>R$</strong><strong>200</strong><strong>,</strong><strong>00 sem juros</strong> no cartão de crédito.</span></span></span></p>
<p class="western"><span style="color: #000000;"><span style="font-family: 'Arial Narrow', sans-serif;"><span style="font-size: medium;">R$570,00 (5% de desconto para pagamento por depósito ou transferência bancária)</span></span></span></p>
<p>Para se inscrever, entre em contato conosco pelo e-mail <a href="mailto:cursos@adalgisaalmeida.com.br" target="_blank">cursos@adalgisaalmeida.com.br</a><br />
ou pela central de inscrições nos telefones (31) 9 97699596 (whatsapp) ou (31) 9 92666924</p>

<p>Curso Mini Bolo Decorado Este curso foi cuidadosamente elaborado para que o aluno aprenda a elaborar mini bolos decorados com pasta americana. Curso em formato de oficina prática com apostila [&hellip;]</p>
