{"id":12784,"date":"2016-10-04T10:14:54","date_gmt":"2016-10-04T13:14:54","guid":{"rendered":"https:\/\/adalgisaalmeida.com.br\/site\/?post_type=tribe_events&#038;p=12784"},"modified":"2020-01-05T03:38:59","modified_gmt":"2020-01-05T06:38:59","slug":"ovos-de-colher","status":"publish","type":"tribe_events","link":"https:\/\/adalgisaalmeida.com.br\/site\/event\/ovos-de-colher\/","title":{"rendered":"Curso de Confeitaria &#8211; Ovos de Colher"},"content":{"rendered":"<h1>Curso de Confeitaria &#8211; Ovos de Colher<\/h1>\n<p>Ana Costa profissional paulistana com 15 anos de experi\u00eancia na \u00e1rea de confeitaria preparou\u00a0pra voc\u00ea uma aula voltada para o Fa\u00e7a e Venda mais doce e lucrativo do ano para as<br \/>\nconfeiteiras que \u00e9 a P\u00e1scoa.<br \/>\n. T\u00e9cnicas de Derretimento de chocolate e cobertura;<br \/>\n. Todas as T\u00e9cnicas para uma T\u00eampera perfeita;<br \/>\n. Otimizando sua produ\u00e7\u00e3o: T\u00e9cnica para armazenamento de cascas e recheios;<br \/>\n. T\u00e9cnica de como colorir chocolate e fazer cascas decoradas com manteiga de cacau;<br \/>\n. Preparo de recheios e t\u00e9cnicas para rechear as cascas;<br \/>\n. Dicas de transporte, embalagens simples e personalizadas e c\u00e1lculo de pre\u00e7o.<br \/>\n. Receitas que ser\u00e3o ensinadas em sala de aula:<\/p>\n<ul>\n<li>Nha Benta<\/li>\n<li>Crocante (tipo Chokito ou Charge)<\/li>\n<li>Red Velvet<\/li>\n<li>Brownie de\u00a0Nutella com Ninho<\/li>\n<li>Prest\u00edgio<\/li>\n<li>Brigadeiro DIET<\/li>\n<li>Mais 5 recheios de b\u00f4nus na apostila<\/li>\n<\/ul>\n<p>METODOLOGIA:<br \/>\nO curso ser\u00e1 demonstrativo de forma extremamente did\u00e1tica, para que todos os alunos tenham\u00a0o m\u00e1ximo de aproveitamento.<\/p>\n<p>Os alunos degustar\u00e3o todos os recheios feitos em sala de aula (em\u00a0forma de Bombom) e todos os ovos produzidos ser\u00e3o sorteados ao final da aula.<\/p>\n<p>Requisito: idade m\u00ednima de 16 anos<br \/>\nCarga Hor\u00e1ria: 8 horas<br \/>\nN\u00famero de vagas: 18<br \/>\nP\u00fablico alvo: p\u00fablico geral interessado<br \/>\nProfessora: Ana Costa<br \/>\nRealiza\u00e7\u00e3o: 11 de Fevereiro de 2020, de 9:30 \u00e0s 18 horas, com intervalo para almo\u00e7o<\/p>\n<p>INVESTIMENTO:<br \/>\n3 x R$92 ou quase 10% de desconto para pagamento por dep\u00f3sito ou transfer\u00eancia banc\u00e1ria R$250,00<\/p>\n<p>Para se inscrever, entre em contato conosco pelo e-mail\u00a0cursos@adalgisaalmeida.com.br<br \/>\nou pela central de inscri\u00e7\u00f5es no telefone (31)3344-8373 ou pelo Whatsapp (31)9 8878-0836<\/p>\n","protected":false},"excerpt":{"rendered":"<p>Curso de Confeitaria &#8211; Ovos de Colher Ana Costa profissional paulistana com 15 anos de experi\u00eancia na \u00e1rea de confeitaria preparou\u00a0pra voc\u00ea uma aula voltada para o Fa\u00e7a e Venda [&hellip;]<\/p>\n","protected":false},"author":3,"featured_media":14999,"comment_status":"closed","ping_status":"closed","template":"","meta":{"_tribe_events_status":"","_tribe_events_status_reason":"","footnotes":""},"tags":[],"tribe_events_cat":[],"class_list":["post-12784","tribe_events","type-tribe_events","status-publish","hentry"],"_links":{"self":[{"href":"https:\/\/adalgisaalmeida.com.br\/site\/wp-json\/wp\/v2\/tribe_events\/12784","targetHints":{"allow":["GET"]}}],"collection":[{"href":"https:\/\/adalgisaalmeida.com.br\/site\/wp-json\/wp\/v2\/tribe_events"}],"about":[{"href":"https:\/\/adalgisaalmeida.com.br\/site\/wp-json\/wp\/v2\/types\/tribe_events"}],"author":[{"embeddable":true,"href":"https:\/\/adalgisaalmeida.com.br\/site\/wp-json\/wp\/v2\/users\/3"}],"replies":[{"embeddable":true,"href":"https:\/\/adalgisaalmeida.com.br\/site\/wp-json\/wp\/v2\/comments?post=12784"}],"version-history":[{"count":3,"href":"https:\/\/adalgisaalmeida.com.br\/site\/wp-json\/wp\/v2\/tribe_events\/12784\/revisions"}],"predecessor-version":[{"id":15004,"href":"https:\/\/adalgisaalmeida.com.br\/site\/wp-json\/wp\/v2\/tribe_events\/12784\/revisions\/15004"}],"wp:featuredmedia":[{"embeddable":true,"href":"https:\/\/adalgisaalmeida.com.br\/site\/wp-json\/wp\/v2\/media\/14999"}],"wp:attachment":[{"href":"https:\/\/adalgisaalmeida.com.br\/site\/wp-json\/wp\/v2\/media?parent=12784"}],"wp:term":[{"taxonomy":"post_tag","embeddable":true,"href":"https:\/\/adalgisaalmeida.com.br\/site\/wp-json\/wp\/v2\/tags?post=12784"},{"taxonomy":"tribe_events_cat","embeddable":true,"href":"https:\/\/adalgisaalmeida.com.br\/site\/wp-json\/wp\/v2\/tribe_events_cat?post=12784"}],"curies":[{"name":"wp","href":"https:\/\/api.w.org\/{rel}","templated":true}]}}

<h1>Curso de Confeitaria &#8211; Ovos de Colher</h1>
<p>Ana Costa profissional paulistana com 15 anos de experiência na área de confeitaria preparou pra você uma aula voltada para o Faça e Venda mais doce e lucrativo do ano para as<br />
confeiteiras que é a Páscoa.<br />
. Técnicas de Derretimento de chocolate e cobertura;<br />
. Todas as Técnicas para uma Têmpera perfeita;<br />
. Otimizando sua produção: Técnica para armazenamento de cascas e recheios;<br />
. Técnica de como colorir chocolate e fazer cascas decoradas com manteiga de cacau;<br />
. Preparo de recheios e técnicas para rechear as cascas;<br />
. Dicas de transporte, embalagens simples e personalizadas e cálculo de preço.<br />
. Receitas que serão ensinadas em sala de aula:</p>
<ul>
<li>Nha Benta</li>
<li>Crocante (tipo Chokito ou Charge)</li>
<li>Red Velvet</li>
<li>Brownie de Nutella com Ninho</li>
<li>Prestígio</li>
<li>Brigadeiro DIET</li>
<li>Mais 5 recheios de bônus na apostila</li>
</ul>
<p>METODOLOGIA:<br />
O curso será demonstrativo de forma extremamente didática, para que todos os alunos tenham o máximo de aproveitamento.</p>
<p>Os alunos degustarão todos os recheios feitos em sala de aula (em forma de Bombom) e todos os ovos produzidos serão sorteados ao final da aula.</p>
<p>Requisito: idade mínima de 16 anos<br />
Carga Horária: 8 horas<br />
Número de vagas: 18<br />
Público alvo: público geral interessado<br />
Professora: Ana Costa<br />
Realização: 11 de Fevereiro de 2020, de 9:30 às 18 horas, com intervalo para almoço</p>
<p>INVESTIMENTO:<br />
3 x R$92 ou quase 10% de desconto para pagamento por depósito ou transferência bancária R$250,00</p>
<p>Para se inscrever, entre em contato conosco pelo e-mail cursos@adalgisaalmeida.com.br<br />
ou pela central de inscrições no telefone (31)3344-8373 ou pelo Whatsapp (31)9 8878-0836</p>

<p>Curso de Confeitaria &#8211; Ovos de Colher Ana Costa profissional paulistana com 15 anos de experiência na área de confeitaria preparou pra você uma aula voltada para o Faça e Venda [&hellip;]</p>
