{"id":12726,"date":"2016-08-26T22:32:59","date_gmt":"2016-08-27T01:32:59","guid":{"rendered":"https:\/\/adalgisaalmeida.com.br\/site\/?post_type=tribe_events&#038;p=12726"},"modified":"2016-09-12T10:54:56","modified_gmt":"2016-09-12T13:54:56","slug":"curso-de-introducao-a-confeitaria-artistica-tema-natal","status":"publish","type":"tribe_events","link":"https:\/\/adalgisaalmeida.com.br\/site\/event\/curso-de-introducao-a-confeitaria-artistica-tema-natal\/","title":{"rendered":"CURSO DE INTRODU\u00c7\u00c3O \u00c0 CONFEITARIA ART\u00cdSTICA &#8211;  19 e 20\/09\/2016"},"content":{"rendered":"<p>Adalgisa Almeida preparou um curso especial que em 16 horas de aula, traz conceitos b\u00e1sicos e t\u00e9cnicas fundamentais de forma\u00e7\u00e3o em confeitaria para aqueles que desejam iniciar em sua carreira na confeitaria art\u00edstica. O Curso inclui material disponibilizado para a pr\u00e1tica, apostila em cores com passo a passo e certificado.<\/p>\n<p>A proposta \u00e9 um de curso preliminar criado a partir do curso Forma\u00e7\u00e3o em Cake Designer \u2013 M\u00f3dulo I, ministrado da escola de confeitaria Adalgisa Almeida, diante da procura e demanda por uma forma\u00e7\u00e3o introdut\u00f3ria de linguagem mais simples e acess\u00edvel.<\/p>\n<p>CONTE\u00daDO:<\/p>\n<p>&#8211; T\u00e9cnicas de preparo de massa<\/p>\n<p>&#8211; Preparo de recheios e t\u00e9cnicas para rechear<\/p>\n<p>&#8211; Prepara\u00e7\u00e3o do bolo para a aplica\u00e7\u00e3o de pasta americana<\/p>\n<p>&#8211; T\u00e9cnica de aplica\u00e7\u00e3o da pasta americana<\/p>\n<p>&#8211; Produ\u00e7\u00e3o de la\u00e7os, babados, fitas e tiras para decora\u00e7\u00e3o, bem como utiliza\u00e7\u00e3o de moldes de silicone e stencil<\/p>\n<p>&#8211; T\u00e9cnicas de preparo, colora\u00e7\u00e3o, conserva\u00e7\u00e3o com glac\u00ea real<\/p>\n<p>&#8211; Pontos e utiliza\u00e7\u00e3o do glac\u00ea<\/p>\n<p>&#8211; Preparo, montagem e utiliza\u00e7\u00e3o do saco de confeitar atrav\u00e9s do exerc\u00edcio de aplica\u00e7\u00e3o de efeito concha com bico<\/p>\n<p>&#8211; Dicas de tamanho ideal para festas, transporte, c\u00e1lculo de pre\u00e7o.<br \/>\nMETODOLOGIA:<br \/>\nO curso \u00e9 pr\u00e1tico com momentos alternados entra a demonstra\u00e7\u00e3o da professora e fundamenta\u00e7\u00e3o te\u00f3rica. Os alunos ser\u00e3o orientados dinamicamente nas etapas da aulas, com o objetivo de ao final do curso terem aprendido o passo a passo desde o preparo da massa, aplica\u00e7\u00e3o do recheio, cobertura e decora\u00e7\u00e3o de um bolo art\u00edstico.<\/p>\n<p>O tema de base do bolo \u00e9 um bolo infantil inspirado na personagem Minnie. Cada aluno produzir\u00e1 e decorar\u00e1 seu bolo conforme a foto.<\/p>\n<p>INFORMA\u00c7\u00d5ES T\u00c9CNICAS:<\/p>\n<p>Requisito: idade m\u00ednima de 16 anos.<br \/>\nCarga Hor\u00e1ria: 16 horas.<br \/>\nN\u00famero de vagas: 06<br \/>\nP\u00fablico alvo: p\u00fablico geral interessado. Quem deseja iniciar-se na confeitaria art\u00edstica.<br \/>\nProfessor: Adalgisa Almeida<br \/>\nRealiza\u00e7\u00e3o: dias 19 e 20 de setembro, de 9h00 \u00e0s 17h30.<br \/>\nValor: de ?R?$?1200?,00 por R$800,00 (pre\u00e7o especial de lan\u00e7amento)<\/p>\n<p>&nbsp;<\/p>\n<p>Para se inscrever, entre em contato conosco pelo e-mail <a href=\"mailto:cursos@adalgisaalmeida.com.br\" target=\"_blank\">cursos@adalgisaalmeida.com.br<\/a><br \/>\nou pela central de inscri\u00e7\u00f5es no telefone (31) 9 97699596 (whatsapp)<\/p>\n","protected":false},"excerpt":{"rendered":"<p>Adalgisa Almeida preparou um curso especial que em 16 horas de aula, traz conceitos b\u00e1sicos e t\u00e9cnicas fundamentais de forma\u00e7\u00e3o em confeitaria para aqueles que desejam iniciar em sua carreira [&hellip;]<\/p>\n","protected":false},"author":3,"featured_media":12764,"comment_status":"closed","ping_status":"closed","template":"","meta":{"_tribe_events_status":"","_tribe_events_status_reason":"","footnotes":""},"tags":[],"tribe_events_cat":[],"class_list":["post-12726","tribe_events","type-tribe_events","status-publish","hentry"],"_links":{"self":[{"href":"https:\/\/adalgisaalmeida.com.br\/site\/wp-json\/wp\/v2\/tribe_events\/12726","targetHints":{"allow":["GET"]}}],"collection":[{"href":"https:\/\/adalgisaalmeida.com.br\/site\/wp-json\/wp\/v2\/tribe_events"}],"about":[{"href":"https:\/\/adalgisaalmeida.com.br\/site\/wp-json\/wp\/v2\/types\/tribe_events"}],"author":[{"embeddable":true,"href":"https:\/\/adalgisaalmeida.com.br\/site\/wp-json\/wp\/v2\/users\/3"}],"replies":[{"embeddable":true,"href":"https:\/\/adalgisaalmeida.com.br\/site\/wp-json\/wp\/v2\/comments?post=12726"}],"version-history":[{"count":1,"href":"https:\/\/adalgisaalmeida.com.br\/site\/wp-json\/wp\/v2\/tribe_events\/12726\/revisions"}],"predecessor-version":[{"id":12742,"href":"https:\/\/adalgisaalmeida.com.br\/site\/wp-json\/wp\/v2\/tribe_events\/12726\/revisions\/12742"}],"wp:featuredmedia":[{"embeddable":true,"href":"https:\/\/adalgisaalmeida.com.br\/site\/wp-json\/wp\/v2\/media\/12764"}],"wp:attachment":[{"href":"https:\/\/adalgisaalmeida.com.br\/site\/wp-json\/wp\/v2\/media?parent=12726"}],"wp:term":[{"taxonomy":"post_tag","embeddable":true,"href":"https:\/\/adalgisaalmeida.com.br\/site\/wp-json\/wp\/v2\/tags?post=12726"},{"taxonomy":"tribe_events_cat","embeddable":true,"href":"https:\/\/adalgisaalmeida.com.br\/site\/wp-json\/wp\/v2\/tribe_events_cat?post=12726"}],"curies":[{"name":"wp","href":"https:\/\/api.w.org\/{rel}","templated":true}]}}

CURSO DE INTRODUÇÃO À CONFEITARIA ARTÍSTICA &#8211;  19 e 20/09/2016

<p>Adalgisa Almeida preparou um curso especial que em 16 horas de aula, traz conceitos básicos e técnicas fundamentais de formação em confeitaria para aqueles que desejam iniciar em sua carreira na confeitaria artística. O Curso inclui material disponibilizado para a prática, apostila em cores com passo a passo e certificado.</p>
<p>A proposta é um de curso preliminar criado a partir do curso Formação em Cake Designer – Módulo I, ministrado da escola de confeitaria Adalgisa Almeida, diante da procura e demanda por uma formação introdutória de linguagem mais simples e acessível.</p>
<p>CONTEÚDO:</p>
<p>&#8211; Técnicas de preparo de massa</p>
<p>&#8211; Preparo de recheios e técnicas para rechear</p>
<p>&#8211; Preparação do bolo para a aplicação de pasta americana</p>
<p>&#8211; Técnica de aplicação da pasta americana</p>
<p>&#8211; Produção de laços, babados, fitas e tiras para decoração, bem como utilização de moldes de silicone e stencil</p>
<p>&#8211; Técnicas de preparo, coloração, conservação com glacê real</p>
<p>&#8211; Pontos e utilização do glacê</p>
<p>&#8211; Preparo, montagem e utilização do saco de confeitar através do exercício de aplicação de efeito concha com bico</p>
<p>&#8211; Dicas de tamanho ideal para festas, transporte, cálculo de preço.<br />
METODOLOGIA:<br />
O curso é prático com momentos alternados entra a demonstração da professora e fundamentação teórica. Os alunos serão orientados dinamicamente nas etapas da aulas, com o objetivo de ao final do curso terem aprendido o passo a passo desde o preparo da massa, aplicação do recheio, cobertura e decoração de um bolo artístico.</p>
<p>O tema de base do bolo é um bolo infantil inspirado na personagem Minnie. Cada aluno produzirá e decorará seu bolo conforme a foto.</p>
<p>INFORMAÇÕES TÉCNICAS:</p>
<p>Requisito: idade mínima de 16 anos.<br />
Carga Horária: 16 horas.<br />
Número de vagas: 06<br />
Público alvo: público geral interessado. Quem deseja iniciar-se na confeitaria artística.<br />
Professor: Adalgisa Almeida<br />
Realização: dias 19 e 20 de setembro, de 9h00 às 17h30.<br />
Valor: de ?R?$?1200?,00 por R$800,00 (preço especial de lançamento)</p>
<p>&nbsp;</p>
<p>Para se inscrever, entre em contato conosco pelo e-mail <a href="mailto:cursos@adalgisaalmeida.com.br" target="_blank">cursos@adalgisaalmeida.com.br</a><br />
ou pela central de inscrições no telefone (31) 9 97699596 (whatsapp)</p>

<p>Adalgisa Almeida preparou um curso especial que em 16 horas de aula, traz conceitos básicos e técnicas fundamentais de formação em confeitaria para aqueles que desejam iniciar em sua carreira [&hellip;]</p>
